{"id":30558,"date":"2026-04-16T08:45:06","date_gmt":"2026-04-16T06:45:06","guid":{"rendered":"https:\/\/www.dudelange.lu\/?post_type=avis&#038;p=30558"},"modified":"2026-04-16T08:45:50","modified_gmt":"2026-04-16T06:45:50","slug":"rue-des-genets","status":"publish","type":"avis","link":"https:\/\/www.dudelange.lu\/index.php\/avis\/rue-des-genets\/","title":{"rendered":"Rue des Gen\u00eats"},"content":{"rendered":"<p>Du mercredi 22 avril \u00e0 7h au vendredi 8 mai \u00e0 17h, la rue des Gen\u00eats sera ferm\u00e9e \u00e0 la circulation entre l&rsquo;immeuble no.8 et la route de Zoufftgen pour travaux de terrassement.<\/p>\n<p>Merci de votre compr\u00e9hension.<\/p>\n<p>&#8212;<\/p>\n<p>Von Mittwoch, 22. April, 7 Uhr, bis Freitag, 8. Mai, 17 Uhr, ist die Rue des Gen\u00eats zwischen dem Haus Nr. 8 und der Route de Zoufftgen wegen Erdarbeiten f\u00fcr den Verkehr gesperrt.<\/p>\n<p>Vielen Dank f\u00fcr Ihr Verst\u00e4ndnis.<\/p>\n<p>&nbsp;<\/p>\n","protected":false},"excerpt":{"rendered":"<p>22.4 &#8211; 8.5.2026<\/p>\n","protected":false},"featured_media":17044,"template":"","categories":[141],"class_list":["post-30558","avis","type-avis","status-publish","has-post-thumbnail","hentry","category-info-chantier"],"date_debut_affichage":"0000-00-00 00:00:00","date_fin_affichage":"0000-00-00 00:00:00","description_ecran":"","place_hotel_de_ville":"0","gare_dudelange_ville":"0","lycee_nic_biever":"0","preview":"0","visuel_prepare":false,"ordre_affichage_ecran":"0","picture_url":"https:\/\/sadudelangedata.blob.core.windows.net\/files\/2022\/05\/Info-trafic.png","publishpress_future_action":{"enabled":false,"date":"2026-05-08 03:34:31","action":"change-status","newStatus":"trash","terms":[],"taxonomy":"category","extraData":[]},"publishpress_future_workflow_manual_trigger":{"enabledWorkflows":[]},"_links":{"self":[{"href":"https:\/\/www.dudelange.lu\/index.php\/wp-json\/wp\/v2\/avis\/30558","targetHints":{"allow":["GET"]}}],"collection":[{"href":"https:\/\/www.dudelange.lu\/index.php\/wp-json\/wp\/v2\/avis"}],"about":[{"href":"https:\/\/www.dudelange.lu\/index.php\/wp-json\/wp\/v2\/types\/avis"}],"wp:featuredmedia":[{"embeddable":true,"href":"https:\/\/www.dudelange.lu\/index.php\/wp-json\/wp\/v2\/media\/17044"}],"wp:attachment":[{"href":"https:\/\/www.dudelange.lu\/index.php\/wp-json\/wp\/v2\/media?parent=30558"}],"wp:term":[{"taxonomy":"category","embeddable":true,"href":"https:\/\/www.dudelange.lu\/index.php\/wp-json\/wp\/v2\/categories?post=30558"}],"curies":[{"name":"wp","href":"https:\/\/api.w.org\/{rel}","templated":true}]}}

Rue des Genêts

<p>Du mercredi 22 avril à 7h au vendredi 8 mai à 17h, la rue des Genêts sera fermée à la circulation entre l&rsquo;immeuble no.8 et la route de Zoufftgen pour travaux de terrassement.</p>
<p>Merci de votre compréhension.</p>
<p>&#8212;</p>
<p>Von Mittwoch, 22. April, 7 Uhr, bis Freitag, 8. Mai, 17 Uhr, ist die Rue des Genêts zwischen dem Haus Nr. 8 und der Route de Zoufftgen wegen Erdarbeiten für den Verkehr gesperrt.</p>
<p>Vielen Dank für Ihr Verständnis.</p>
<p>&nbsp;</p>
