{"id":30679,"date":"2026-04-30T08:00:51","date_gmt":"2026-04-30T06:00:51","guid":{"rendered":"https:\/\/www.dudelange.lu\/?post_type=avis&#038;p=30679"},"modified":"2026-04-29T11:14:09","modified_gmt":"2026-04-29T09:14:09","slug":"conseil-communal-du-8-mai-2026","status":"publish","type":"avis","link":"https:\/\/www.dudelange.lu\/index.php\/avis\/conseil-communal-du-8-mai-2026\/","title":{"rendered":"Conseil communal du 8 mai 2026"},"content":{"rendered":"<p>S\u00e9ance du conseil communal du<strong><u> vendredi, 8 mai 2026 \u00e0 8h dans la salle Nic Birtz de l\u2019H\u00f4tel de Ville<\/u><\/strong>.<\/p>\n<p><strong><u>Ordre du jour<\/u><\/strong><\/p>\n<p><strong><u>S\u00e9ance publique<\/u><\/strong><\/p>\n<ol>\n<li>Correspondance<\/li>\n<li>Circulation\n<ul>\n<li>Approbation du r\u00e8glement temporaire de la circulation \u00e0 l\u2019occasion de l\u2019activit\u00e9 \u00ab\u00a0Velosummer 2026\u00a0\u00bb<\/li>\n<li>Approbation d\u2019un r\u00e8glement temporaire de la circulation \u2013 avenue Grande-Duchesse Charlotte<\/li>\n<li>Approbation d\u2019un r\u00e8glement temporaire de la circulation \u00e0 l\u2019occasion de travaux au stade Jos Nosbaum<\/li>\n<\/ul>\n<\/li>\n<li>Pacte Nature\n<ul>\n<li>D\u00e9cision relative aux nouvelles plantations communales en milieu urbain, selon le point 2.7 du catalogue des mesures du Pacte Nature<\/li>\n<li>Cr\u00e9ation d\u2019un jardin communautaire, selon le point 2.15 du catalogue des mesures du Pacte Nature<\/li>\n<li>Approbation du concept de r\u00e9duction de la pollution lumineuse, dans l&rsquo;int\u00e9r\u00eat de la protection de la faune, selon le point 2.17 du catalogue des mesures du Pacte Nature<\/li>\n<li>Approbation du concept de la gestion extensive des accotements des chemins ruraux, selon le point 3.7 du catalogue des mesures du Pacte Nature<\/li>\n<li>Adh\u00e9sion au contrat de rivi\u00e8re du Bassin sup\u00e9rieur de l\u2019Alzette, selon le point 4.12 du catalogue des mesures du Pacte Nature<\/li>\n<li>Approbation d\u2019un plan de r\u00e9silience des for\u00eats communales, selon le point 5.11 du catalogue des mesures du Pacte Nature<\/li>\n<\/ul>\n<\/li>\n<li>Pacte Climat \u2013 Approbation du \u00ab Klimapaktleitbild der Stadt D\u00fcdelingen \u00bb, Version 2026<\/li>\n<li>Approbation de l\u2019organisation scolaire de l\u2019enseignement musical pour l\u2019ann\u00e9e 2026\/2027 \u2013 1<sup>re<\/sup> d\u00e9lib\u00e9ration<\/li>\n<\/ol>\n<ol start=\"6\">\n<li>Finances\n<ul>\n<li>Approbation de la convention de mise \u00e0 disposition de l\u2019immeuble communal d\u00e9nomm\u00e9 \u00ab\u00a0D\u00e9ierenasile Diddeleng\u00a0\u00bb \u00e0 la Soci\u00e9t\u00e9 pour la Protection des Animaux Dudelange a.s.b.l. (SPAD)<\/li>\n<li>Approbation du devis estimatif relatif au remplacement de compteurs intelligents de gaz naturel, cat\u00e9gorie 3 \u2013 gros consommateurs<\/li>\n<li>Approbation du devis estimatif relatif aux travaux d\u2019entretien sur les chemins ruraux pour l\u2019exercice 2026<\/li>\n<li>Approbation du devis estimatif relatif au renouvellement du chemin rural au lieu-dit \u00ab\u00a0Im Wald\u00a0\u00bb<\/li>\n<li>Emprises \u2013 approbation d\u2019actes de vente\n<ul>\n<li>SOFILUX S.\u00e0 r.l. \u2013 route de Burange<\/li>\n<li>H\u00e9ritiers Pauly \u2013 route de Burange<\/li>\n<li>Vincent Zappone Promotions Immobili\u00e8res S.A. \u2013 rue du Ch\u00e2teau Fort<\/li>\n<li>Mesdames Dauffenbach et Siedler \u2013 rue Tattenberg<\/li>\n<\/ul>\n<\/li>\n<li>Approbation du r\u00e8glement communal pour l\u2019allocation de subsides ordinaires aux associations locales<\/li>\n<li>Approbation de d\u00e9comptes<\/li>\n<li>Subsides extraordinaires \u00e0 allouer<\/li>\n<\/ul>\n<\/li>\n<li>Approbation des modifications \u00e0 apporter \u00e0 la composition des commissions consultatives<\/li>\n<li>Personnel\n<ul>\n<li>Conversion d\u2019un poste vacant d\u2019employ\u00e9 communal \u00e0 t\u00e2che compl\u00e8te, relevant du groupe d\u2019indemnit\u00e9 B1, sous-groupe technique en poste d\u2019employ\u00e9 communal \u00e0 t\u00e2che compl\u00e8te, relevant du groupe d\u2019indemnit\u00e9 A2, sous-groupe scientifique et technique (entretien des b\u00e2timents)<\/li>\n<li>Cr\u00e9ation d\u2019un poste de fonctionnaire communal \u00e0 t\u00e2che compl\u00e8te, relevant du groupe de traitement B1, sous-groupe technique (travaux publics)<\/li>\n<li>Cr\u00e9ation d\u2019un poste de fonctionnaire communal \u00e0 t\u00e2che compl\u00e8te, relevant du groupe d\u2019indemnit\u00e9 A2, sous-groupe scientifique et technique (gaz, eau et canalisation)<\/li>\n<\/ul>\n<\/li>\n<li>Questions au coll\u00e8ge des bourgmestre et \u00e9chevins<\/li>\n<\/ol>\n","protected":false},"excerpt":{"rendered":"<p>Ordre du jour<\/p>\n","protected":false},"featured_media":27051,"template":"","categories":[1],"class_list":["post-30679","avis","type-avis","status-publish","has-post-thumbnail","hentry","category-uncategorised"],"date_debut_affichage":"0000-00-00 00:00:00","date_fin_affichage":"0000-00-00 00:00:00","description_ecran":"","place_hotel_de_ville":"0","gare_dudelange_ville":"0","lycee_nic_biever":"0","preview":"0","visuel_prepare":false,"ordre_affichage_ecran":"0","picture_url":"https:\/\/sadudelangedata.blob.core.windows.net\/files\/2025\/03\/Conseil-communal-2025.jpg","publishpress_future_action":{"enabled":false,"date":"2026-05-07 14:41:30","action":"change-status","newStatus":"trash","terms":[],"taxonomy":"category","extraData":[]},"publishpress_future_workflow_manual_trigger":{"enabledWorkflows":[]},"_links":{"self":[{"href":"https:\/\/www.dudelange.lu\/index.php\/wp-json\/wp\/v2\/avis\/30679","targetHints":{"allow":["GET"]}}],"collection":[{"href":"https:\/\/www.dudelange.lu\/index.php\/wp-json\/wp\/v2\/avis"}],"about":[{"href":"https:\/\/www.dudelange.lu\/index.php\/wp-json\/wp\/v2\/types\/avis"}],"wp:featuredmedia":[{"embeddable":true,"href":"https:\/\/www.dudelange.lu\/index.php\/wp-json\/wp\/v2\/media\/27051"}],"wp:attachment":[{"href":"https:\/\/www.dudelange.lu\/index.php\/wp-json\/wp\/v2\/media?parent=30679"}],"wp:term":[{"taxonomy":"category","embeddable":true,"href":"https:\/\/www.dudelange.lu\/index.php\/wp-json\/wp\/v2\/categories?post=30679"}],"curies":[{"name":"wp","href":"https:\/\/api.w.org\/{rel}","templated":true}]}}

<p>Séance du conseil communal du<strong><u> vendredi, 8 mai 2026 à 8h dans la salle Nic Birtz de l’Hôtel de Ville</u></strong>.</p>
<p><strong><u>Ordre du jour</u></strong></p>
<p><strong><u>Séance publique</u></strong></p>
<ol>
<li>Correspondance</li>
<li>Circulation
<ul>
<li>Approbation du règlement temporaire de la circulation à l’occasion de l’activité « Velosummer 2026 »</li>
<li>Approbation d’un règlement temporaire de la circulation – avenue Grande-Duchesse Charlotte</li>
<li>Approbation d’un règlement temporaire de la circulation à l’occasion de travaux au stade Jos Nosbaum</li>
</ul>
</li>
<li>Pacte Nature
<ul>
<li>Décision relative aux nouvelles plantations communales en milieu urbain, selon le point 2.7 du catalogue des mesures du Pacte Nature</li>
<li>Création d’un jardin communautaire, selon le point 2.15 du catalogue des mesures du Pacte Nature</li>
<li>Approbation du concept de réduction de la pollution lumineuse, dans l&rsquo;intérêt de la protection de la faune, selon le point 2.17 du catalogue des mesures du Pacte Nature</li>
<li>Approbation du concept de la gestion extensive des accotements des chemins ruraux, selon le point 3.7 du catalogue des mesures du Pacte Nature</li>
<li>Adhésion au contrat de rivière du Bassin supérieur de l’Alzette, selon le point 4.12 du catalogue des mesures du Pacte Nature</li>
<li>Approbation d’un plan de résilience des forêts communales, selon le point 5.11 du catalogue des mesures du Pacte Nature</li>
</ul>
</li>
<li>Pacte Climat – Approbation du « Klimapaktleitbild der Stadt Düdelingen », Version 2026</li>
<li>Approbation de l’organisation scolaire de l’enseignement musical pour l’année 2026/2027 – 1<sup>re</sup> délibération</li>
</ol>
<ol start="6">
<li>Finances
<ul>
<li>Approbation de la convention de mise à disposition de l’immeuble communal dénommé « Déierenasile Diddeleng » à la Société pour la Protection des Animaux Dudelange a.s.b.l. (SPAD)</li>
<li>Approbation du devis estimatif relatif au remplacement de compteurs intelligents de gaz naturel, catégorie 3 – gros consommateurs</li>
<li>Approbation du devis estimatif relatif aux travaux d’entretien sur les chemins ruraux pour l’exercice 2026</li>
<li>Approbation du devis estimatif relatif au renouvellement du chemin rural au lieu-dit « Im Wald »</li>
<li>Emprises – approbation d’actes de vente
<ul>
<li>SOFILUX S.à r.l. – route de Burange</li>
<li>Héritiers Pauly – route de Burange</li>
<li>Vincent Zappone Promotions Immobilières S.A. – rue du Château Fort</li>
<li>Mesdames Dauffenbach et Siedler – rue Tattenberg</li>
</ul>
</li>
<li>Approbation du règlement communal pour l’allocation de subsides ordinaires aux associations locales</li>
<li>Approbation de décomptes</li>
<li>Subsides extraordinaires à allouer</li>
</ul>
</li>
<li>Approbation des modifications à apporter à la composition des commissions consultatives</li>
<li>Personnel
<ul>
<li>Conversion d’un poste vacant d’employé communal à tâche complète, relevant du groupe d’indemnité B1, sous-groupe technique en poste d’employé communal à tâche complète, relevant du groupe d’indemnité A2, sous-groupe scientifique et technique (entretien des bâtiments)</li>
<li>Création d’un poste de fonctionnaire communal à tâche complète, relevant du groupe de traitement B1, sous-groupe technique (travaux publics)</li>
<li>Création d’un poste de fonctionnaire communal à tâche complète, relevant du groupe d’indemnité A2, sous-groupe scientifique et technique (gaz, eau et canalisation)</li>
</ul>
</li>
<li>Questions au collège des bourgmestre et échevins</li>
</ol>
