{"id":30680,"date":"2026-04-29T14:49:10","date_gmt":"2026-04-29T12:49:10","guid":{"rendered":"https:\/\/www.dudelange.lu\/?post_type=avis&#038;p=30680"},"modified":"2026-04-29T14:49:10","modified_gmt":"2026-04-29T12:49:10","slug":"semaines-fairtrade","status":"publish","type":"avis","link":"https:\/\/www.dudelange.lu\/index.php\/avis\/semaines-fairtrade\/","title":{"rendered":"Semaines Fairtrade"},"content":{"rendered":"<p><span class=\"fontstyle0\">Du 4 au 17 mai 2026<\/span><span class=\"fontstyle2\">, dans le cadre de la campagne \u00ab\u2009Semaines Fairtrade\u2009\u00bb men\u00e9e par Fairtrade L\u00ebtzebuerg, la Ville de Dudelange, en tant que \u00ab\u2009commune Fairtrade\u2009\u00bb, \u0153uvrera pour sensibiliser ses habitant\u00b7es \u00e0 l\u2019importance d\u2019une production et du commerce \u00e9quitables et des produits durables.<\/span><\/p>\n<p><span class=\"fontstyle2\">Pendant les 14 jours de la campagne, des menus et des produits issus du commerce \u00e9quitable vous seront propos\u00e9s. Nous serions heureux\u00b7ses de vous voir profiter des offres du commerce et des \u00e9tablissements locaux et faire un pas en direction d\u2019une consommation \u00e9quitable.<\/span><\/p>\n<p>&#8211;<\/p>\n<p><span class=\"fontstyle0\">Die Stadt D\u00fcdelingen als \u201eFairtrade Gemeng\u201c <\/span><span class=\"fontstyle0\">m\u00f6chte ihre Einwohner*innen im Rahmen der <\/span><span class=\"fontstyle0\">\u201eFairtrade-Wochen\u201c-Kampagne von Fairtrade <\/span><span class=\"fontstyle0\">L\u00ebtzebuerg <\/span><span class=\"fontstyle2\">vom 4. bis zum 17. Mai 2026 <\/span><span class=\"fontstyle0\">auf <\/span><span class=\"fontstyle0\">gerecht produzierte, fair gehandelte und <\/span><span class=\"fontstyle0\">nachhaltige Produkte aufmerksam machen.<\/span><\/p>\n<p><span class=\"fontstyle0\">W\u00e4hrend der vierzehnt\u00e4gigen Sensibilisierungskampagne werden Ihnen Gerichte, Men\u00fcs oder <\/span><span class=\"fontstyle0\">Produkte angeboten, die aus fair gehandelten <\/span><span class=\"fontstyle0\">Produkten hergestellt wurden. Es w\u00fcrde uns <\/span><span class=\"fontstyle0\">freuen, wenn Sie die Angebote der lokalen <\/span><span class=\"fontstyle0\">Gastronomie und des lokalen Handels annehmen <\/span><span class=\"fontstyle0\">und den Schritt zum fairen Produkt machen.<\/span><\/p>\n<p>&nbsp;<\/p>\n<p style=\"text-align: center;\"><strong><span class=\"fontstyle0\">La Ville de Dudelange a le plaisir de compter parmi ses partenaires\u2009:<\/span><\/strong><\/p>\n<p style=\"text-align: center;\"><strong><span class=\"fontstyle0\">Die Stadt D\u00fcdelingen freut sich folgende Partner f\u00fcr diese Kampagne gewonnen zu haben:<\/span><\/strong><\/p>\n<p>&nbsp;<\/p>\n<p style=\"text-align: center;\"><span class=\"fontstyle2\">\u2022 <span style=\"color: #ef4030;\"><a style=\"color: #ef4030;\" href=\"https:\/\/www.amarcord.lu\/\" target=\"_blank\" rel=\"noopener\"><span style=\"text-decoration: underline;\">Amarcord<\/span> <\/a><\/span><\/span><span class=\"fontstyle0\">(1a, rue du Centenaire)<\/span><\/p>\n<p style=\"text-align: center;\"><span class=\"fontstyle2\">\u2022 <span style=\"color: #ef4030;\"><a style=\"color: #ef4030;\" href=\"http:\/\/www.anticabari.com\/\" target=\"_blank\" rel=\"noopener\"><span style=\"text-decoration: underline;\">Antica Bari<\/span> <\/a><\/span><\/span><span class=\"fontstyle0\">(28, rue de la Fontaine)<\/span><\/p>\n<p style=\"text-align: center;\"><span class=\"fontstyle2\">\u2022 <span style=\"color: #ef4030;\"><a style=\"color: #ef4030;\" href=\"https:\/\/www.cafetree.lu\/\" target=\"_blank\" rel=\"noopener\"><span style=\"text-decoration: underline;\">CafeTree<\/span> <\/a><\/span><\/span><span class=\"fontstyle0\">(50, rue Alexandre Fleming)<\/span><\/p>\n<p style=\"text-align: center;\"><span class=\"fontstyle2\">\u2022 <span style=\"color: #ef4030;\"><a style=\"color: #ef4030;\" href=\"https:\/\/www.cottageluxembourg.com\/fr\/\" target=\"_blank\" rel=\"noopener\"><span style=\"text-decoration: underline;\">Cottage<\/span> <\/a><\/span><\/span><span class=\"fontstyle0\">(10, rue Auguste Liesch)<\/span><\/p>\n<p style=\"text-align: center;\"><span class=\"fontstyle2\">\u2022 <span style=\"color: #ef4030;\"><a style=\"color: #ef4030;\" href=\"https:\/\/fischer1913.com\/fr-lu\/nos-salons\/fischer-dudelange\" target=\"_blank\" rel=\"noopener\"><span style=\"text-decoration: underline;\">Fischer<\/span> <\/a><\/span><\/span><span class=\"fontstyle0\">(33, Pl. de l\u2019H\u00f4tel de Ville)<\/span><\/p>\n<p style=\"text-align: center;\"><span class=\"fontstyle2\">\u2022 <span style=\"text-decoration: underline;\"><a href=\"https:\/\/hotel-restaurant-lacharbonnade.lu\/\" target=\"_blank\" rel=\"noopener\"><span style=\"color: #ef4030; text-decoration: underline;\">La Charbonnade<\/span> <\/a><\/span><\/span><span class=\"fontstyle0\">(10, rue du Commerce)<\/span><\/p>\n<p style=\"text-align: center;\"><span class=\"fontstyle2\">\u2022 <span style=\"color: #ef4030;\"><a style=\"color: #ef4030;\" href=\"https:\/\/www.rucolino.lu\/online\/www\/content-nav\/home\/FRE\/index.html\" target=\"_blank\" rel=\"noopener\"><span style=\"text-decoration: underline;\">Rucolino<\/span> <\/a><\/span><\/span><span class=\"fontstyle0\">(15, rue du Commerce)<\/span><\/p>\n<p style=\"text-align: center;\"><span class=\"fontstyle2\">\u2022 <span style=\"color: #ef4030;\"><a style=\"color: #ef4030;\" href=\"https:\/\/www.facebook.com\/p\/Table-du-chef-100064004732151\/\" target=\"_blank\" rel=\"noopener\"><span style=\"text-decoration: underline;\">Table du Chef<\/span> <\/a><\/span><\/span><span class=\"fontstyle0\">(19, rue du Commerce)<\/span><\/p>\n","protected":false},"excerpt":{"rendered":"<p>Du 4 au 17 mai 2026<\/p>\n","protected":false},"featured_media":16829,"template":"","categories":[],"class_list":["post-30680","avis","type-avis","status-publish","has-post-thumbnail","hentry"],"date_debut_affichage":"0000-00-00 00:00:00","date_fin_affichage":"0000-00-00 00:00:00","description_ecran":"","place_hotel_de_ville":"0","gare_dudelange_ville":"0","lycee_nic_biever":"0","preview":"0","visuel_prepare":false,"ordre_affichage_ecran":"0","picture_url":"https:\/\/sadudelangedata.blob.core.windows.net\/files\/2022\/04\/Semaine-FairTrade.png","publishpress_future_action":{"enabled":false,"date":"2026-05-07 05:14:13","action":"change-status","newStatus":"trash","terms":[],"taxonomy":"category","extraData":[]},"publishpress_future_workflow_manual_trigger":{"enabledWorkflows":[]},"_links":{"self":[{"href":"https:\/\/www.dudelange.lu\/index.php\/wp-json\/wp\/v2\/avis\/30680","targetHints":{"allow":["GET"]}}],"collection":[{"href":"https:\/\/www.dudelange.lu\/index.php\/wp-json\/wp\/v2\/avis"}],"about":[{"href":"https:\/\/www.dudelange.lu\/index.php\/wp-json\/wp\/v2\/types\/avis"}],"wp:featuredmedia":[{"embeddable":true,"href":"https:\/\/www.dudelange.lu\/index.php\/wp-json\/wp\/v2\/media\/16829"}],"wp:attachment":[{"href":"https:\/\/www.dudelange.lu\/index.php\/wp-json\/wp\/v2\/media?parent=30680"}],"wp:term":[{"taxonomy":"category","embeddable":true,"href":"https:\/\/www.dudelange.lu\/index.php\/wp-json\/wp\/v2\/categories?post=30680"}],"curies":[{"name":"wp","href":"https:\/\/api.w.org\/{rel}","templated":true}]}}

<p><span class="fontstyle0">Du 4 au 17 mai 2026</span><span class="fontstyle2">, dans le cadre de la campagne « Semaines Fairtrade » menée par Fairtrade Lëtzebuerg, la Ville de Dudelange, en tant que « commune Fairtrade », œuvrera pour sensibiliser ses habitant·es à l’importance d’une production et du commerce équitables et des produits durables.</span></p>
<p><span class="fontstyle2">Pendant les 14 jours de la campagne, des menus et des produits issus du commerce équitable vous seront proposés. Nous serions heureux·ses de vous voir profiter des offres du commerce et des établissements locaux et faire un pas en direction d’une consommation équitable.</span></p>
<p>&#8211;</p>
<p><span class="fontstyle0">Die Stadt Düdelingen als „Fairtrade Gemeng“ </span><span class="fontstyle0">möchte ihre Einwohner*innen im Rahmen der </span><span class="fontstyle0">„Fairtrade-Wochen“-Kampagne von Fairtrade </span><span class="fontstyle0">Lëtzebuerg </span><span class="fontstyle2">vom 4. bis zum 17. Mai 2026 </span><span class="fontstyle0">auf </span><span class="fontstyle0">gerecht produzierte, fair gehandelte und </span><span class="fontstyle0">nachhaltige Produkte aufmerksam machen.</span></p>
<p><span class="fontstyle0">Während der vierzehntägigen Sensibilisierungskampagne werden Ihnen Gerichte, Menüs oder </span><span class="fontstyle0">Produkte angeboten, die aus fair gehandelten </span><span class="fontstyle0">Produkten hergestellt wurden. Es würde uns </span><span class="fontstyle0">freuen, wenn Sie die Angebote der lokalen </span><span class="fontstyle0">Gastronomie und des lokalen Handels annehmen </span><span class="fontstyle0">und den Schritt zum fairen Produkt machen.</span></p>
<p>&nbsp;</p>
<p style="text-align: center;"><strong><span class="fontstyle0">La Ville de Dudelange a le plaisir de compter parmi ses partenaires :</span></strong></p>
<p style="text-align: center;"><strong><span class="fontstyle0">Die Stadt Düdelingen freut sich folgende Partner für diese Kampagne gewonnen zu haben:</span></strong></p>
<p>&nbsp;</p>
<p style="text-align: center;"><span class="fontstyle2">• <span style="color: #ef4030;"><a style="color: #ef4030;" href="https://www.amarcord.lu/" target="_blank" rel="noopener"><span style="text-decoration: underline;">Amarcord</span> </a></span></span><span class="fontstyle0">(1a, rue du Centenaire)</span></p>
<p style="text-align: center;"><span class="fontstyle2">• <span style="color: #ef4030;"><a style="color: #ef4030;" href="http://www.anticabari.com/" target="_blank" rel="noopener"><span style="text-decoration: underline;">Antica Bari</span> </a></span></span><span class="fontstyle0">(28, rue de la Fontaine)</span></p>
<p style="text-align: center;"><span class="fontstyle2">• <span style="color: #ef4030;"><a style="color: #ef4030;" href="https://www.cafetree.lu/" target="_blank" rel="noopener"><span style="text-decoration: underline;">CafeTree</span> </a></span></span><span class="fontstyle0">(50, rue Alexandre Fleming)</span></p>
<p style="text-align: center;"><span class="fontstyle2">• <span style="color: #ef4030;"><a style="color: #ef4030;" href="https://www.cottageluxembourg.com/fr/" target="_blank" rel="noopener"><span style="text-decoration: underline;">Cottage</span> </a></span></span><span class="fontstyle0">(10, rue Auguste Liesch)</span></p>
<p style="text-align: center;"><span class="fontstyle2">• <span style="color: #ef4030;"><a style="color: #ef4030;" href="https://fischer1913.com/fr-lu/nos-salons/fischer-dudelange" target="_blank" rel="noopener"><span style="text-decoration: underline;">Fischer</span> </a></span></span><span class="fontstyle0">(33, Pl. de l’Hôtel de Ville)</span></p>
<p style="text-align: center;"><span class="fontstyle2">• <span style="text-decoration: underline;"><a href="https://hotel-restaurant-lacharbonnade.lu/" target="_blank" rel="noopener"><span style="color: #ef4030; text-decoration: underline;">La Charbonnade</span> </a></span></span><span class="fontstyle0">(10, rue du Commerce)</span></p>
<p style="text-align: center;"><span class="fontstyle2">• <span style="color: #ef4030;"><a style="color: #ef4030;" href="https://www.rucolino.lu/online/www/content-nav/home/FRE/index.html" target="_blank" rel="noopener"><span style="text-decoration: underline;">Rucolino</span> </a></span></span><span class="fontstyle0">(15, rue du Commerce)</span></p>
<p style="text-align: center;"><span class="fontstyle2">• <span style="color: #ef4030;"><a style="color: #ef4030;" href="https://www.facebook.com/p/Table-du-chef-100064004732151/" target="_blank" rel="noopener"><span style="text-decoration: underline;">Table du Chef</span> </a></span></span><span class="fontstyle0">(19, rue du Commerce)</span></p>
