{"id":31699,"date":"2026-08-31T16:35:54","date_gmt":"2026-08-31T14:35:54","guid":{"rendered":"https:\/\/www.dudelange.lu\/?post_type=avis&#038;p=31699"},"modified":"2026-08-31T16:37:24","modified_gmt":"2026-08-31T14:37:24","slug":"changements-lignes-rgtr","status":"publish","type":"avis","link":"https:\/\/www.dudelange.lu\/index.php\/avis\/changements-lignes-rgtr\/","title":{"rendered":"Changements sur certaines lignes RGTR"},"content":{"rendered":"<p>Le minist\u00e8re de la Mobilit\u00e9 et des Transports publics informe qu&rsquo;\u00e0 partir du 13.9 auront lieu certains changements sur les lignes RGTR, notamment :<\/p>\n<ul>\n<li><span class=\"fontstyle0\">507 <\/span><span class=\"fontstyle0\">(F) <\/span><span class=\"fontstyle0\">Volmerange-les-Mines &#8211; Dudelange &#8211; <\/span><span class=\"fontstyle0\">LUX, <\/span><span class=\"fontstyle0\">Kirchberg: a<\/span>jout <span class=\"fontstyle0\">d&rsquo;une <\/span><span class=\"fontstyle0\">interdiction <\/span><span class=\"fontstyle0\">de <\/span><span class=\"fontstyle0\">monter<\/span><span class=\"fontstyle0\">\u00a0<\/span><span class=\"fontstyle0\">aux<\/span><span class=\"fontstyle0\">\u00a0<\/span><span class=\"fontstyle0\">arr\u00eats Luxexpo, Quai <\/span><span class=\"fontstyle0\">5 <\/span><span class=\"fontstyle0\">et <\/span><span class=\"fontstyle0\">Hugo Gernsback en <\/span><span class=\"fontstyle0\">direction <\/span><span class=\"fontstyle0\">du Kirchberg.<\/span><\/li>\n<li>R06 <span class=\"fontstyle0\">Pontpierre <\/span><span class=\"fontstyle0\">&#8211; Dudelange &#8211; <\/span><span class=\"fontstyle0\">Bettembourg &#8211; Mondorf, <\/span><span class=\"fontstyle0\">EIMLB : a<\/span><span class=\"fontstyle0\">daptation <\/span><span class=\"fontstyle0\">de <\/span><span class=\"fontstyle0\">l&rsquo;horaire <\/span><span class=\"fontstyle0\">et de la caract\u00e9ristique des courses suivantes :<br \/>\n<\/span><span class=\"fontstyle0\">c.5471 (ma+je) <\/span><span class=\"fontstyle0\">d\u00e9p. 1<\/span><span class=\"fontstyle0\">2:25 <\/span><span class=\"fontstyle0\">devient c.5381 (ma) d\u00e9p. 12:10<br \/>\n<\/span><span class=\"fontstyle0\">c.6821 <\/span><span class=\"fontstyle0\">(lu, ma, me, ve) d\u00e9p. 12:25 devient c.6821 (lu-je) d\u00e9p. 16:10<\/span><\/li>\n<\/ul>\n<p>&#8212;<\/p>\n<p>Das Ministerium f\u00fcr Mobilit\u00e4t und \u00f6ffentlichen Verkehr teilt mit, dass ab dem 13.9. einige \u00c4nderungen auf den RGTR-Linien stattfinden werden, insbesondere:<\/p>\n<ul>\n<li>507 (F) Volmerange-les-Mines \u2013 Dudelange \u2013 LUX, Kirchberg: Einf\u00fchrung eines Einstiegsverbots an den Haltestellen Luxexpo, Quai 5 und Hugo Gernsback in Richtung Kirchberg.<\/li>\n<li>R06 Pontpierre \u2013 Dudelange \u2013 Bettembourg \u2013 Mondorf, EIMLB: Anpassung des Fahrplans und der Fahrtenmerkmale der folgenden Fahrten:<br \/>\nc.5471 (Di+Do) Abfahrt 12:25 wird zu c.5381 (Di) Abfahrt 12:10<br \/>\nc.6821 (Mo, Di, Mi, Fr) Abfahrt 12:25 wird zu c.6821 (Mo\u2013Do) Abfahrt 16:10<\/li>\n<\/ul>\n","protected":false},"excerpt":{"rendered":"<p>\u00c0 partir du 13.9.2026<\/p>\n","protected":false},"featured_media":18528,"template":"","categories":[],"class_list":["post-31699","avis","type-avis","status-publish","has-post-thumbnail","hentry"],"date_debut_affichage":"0000-00-00 00:00:00","date_fin_affichage":"0000-00-00 00:00:00","description_ecran":"","place_hotel_de_ville":"0","gare_dudelange_ville":"0","lycee_nic_biever":"0","preview":"0","visuel_prepare":false,"ordre_affichage_ecran":"0","picture_url":"https:\/\/sadudelangedata.blob.core.windows.net\/files\/2022\/10\/rgtr-network-bus.jpg","publishpress_future_action":{"enabled":false,"date":"2026-09-07 19:27:05","action":"change-status","newStatus":"trash","terms":[],"taxonomy":"category","extraData":[]},"publishpress_future_workflow_manual_trigger":{"enabledWorkflows":[]},"_links":{"self":[{"href":"https:\/\/www.dudelange.lu\/index.php\/wp-json\/wp\/v2\/avis\/31699","targetHints":{"allow":["GET"]}}],"collection":[{"href":"https:\/\/www.dudelange.lu\/index.php\/wp-json\/wp\/v2\/avis"}],"about":[{"href":"https:\/\/www.dudelange.lu\/index.php\/wp-json\/wp\/v2\/types\/avis"}],"wp:featuredmedia":[{"embeddable":true,"href":"https:\/\/www.dudelange.lu\/index.php\/wp-json\/wp\/v2\/media\/18528"}],"wp:attachment":[{"href":"https:\/\/www.dudelange.lu\/index.php\/wp-json\/wp\/v2\/media?parent=31699"}],"wp:term":[{"taxonomy":"category","embeddable":true,"href":"https:\/\/www.dudelange.lu\/index.php\/wp-json\/wp\/v2\/categories?post=31699"}],"curies":[{"name":"wp","href":"https:\/\/api.w.org\/{rel}","templated":true}]}}

<p>Le ministère de la Mobilité et des Transports publics informe qu&rsquo;à partir du 13.9 auront lieu certains changements sur les lignes RGTR, notamment :</p>
<ul>
<li><span class="fontstyle0">507 </span><span class="fontstyle0">(F) </span><span class="fontstyle0">Volmerange-les-Mines &#8211; Dudelange &#8211; </span><span class="fontstyle0">LUX, </span><span class="fontstyle0">Kirchberg: a</span>jout <span class="fontstyle0">d&rsquo;une </span><span class="fontstyle0">interdiction </span><span class="fontstyle0">de </span><span class="fontstyle0">monter</span><span class="fontstyle0"> </span><span class="fontstyle0">aux</span><span class="fontstyle0"> </span><span class="fontstyle0">arrêts Luxexpo, Quai </span><span class="fontstyle0">5 </span><span class="fontstyle0">et </span><span class="fontstyle0">Hugo Gernsback en </span><span class="fontstyle0">direction </span><span class="fontstyle0">du Kirchberg.</span></li>
<li>R06 <span class="fontstyle0">Pontpierre </span><span class="fontstyle0">&#8211; Dudelange &#8211; </span><span class="fontstyle0">Bettembourg &#8211; Mondorf, </span><span class="fontstyle0">EIMLB : a</span><span class="fontstyle0">daptation </span><span class="fontstyle0">de </span><span class="fontstyle0">l&rsquo;horaire </span><span class="fontstyle0">et de la caractéristique des courses suivantes :<br />
</span><span class="fontstyle0">c.5471 (ma+je) </span><span class="fontstyle0">dép. 1</span><span class="fontstyle0">2:25 </span><span class="fontstyle0">devient c.5381 (ma) dép. 12:10<br />
</span><span class="fontstyle0">c.6821 </span><span class="fontstyle0">(lu, ma, me, ve) dép. 12:25 devient c.6821 (lu-je) dép. 16:10</span></li>
</ul>
<p>&#8212;</p>
<p>Das Ministerium für Mobilität und öffentlichen Verkehr teilt mit, dass ab dem 13.9. einige Änderungen auf den RGTR-Linien stattfinden werden, insbesondere:</p>
<ul>
<li>507 (F) Volmerange-les-Mines – Dudelange – LUX, Kirchberg: Einführung eines Einstiegsverbots an den Haltestellen Luxexpo, Quai 5 und Hugo Gernsback in Richtung Kirchberg.</li>
<li>R06 Pontpierre – Dudelange – Bettembourg – Mondorf, EIMLB: Anpassung des Fahrplans und der Fahrtenmerkmale der folgenden Fahrten:<br />
c.5471 (Di+Do) Abfahrt 12:25 wird zu c.5381 (Di) Abfahrt 12:10<br />
c.6821 (Mo, Di, Mi, Fr) Abfahrt 12:25 wird zu c.6821 (Mo–Do) Abfahrt 16:10</li>
</ul>

<p>À partir du 13.9.2026</p>
