{"id":20229,"date":"2023-04-07T15:39:16","date_gmt":"2023-04-07T13:39:16","guid":{"rendered":"https:\/\/www.dudelange.lu\/?post_type=evenement&#038;p=20229"},"modified":"2023-06-21T17:13:33","modified_gmt":"2023-06-21T15:13:33","slug":"veille-fete-nationale","status":"publish","type":"evenement","link":"https:\/\/www.dudelange.lu\/index.php\/evenement\/veille-fete-nationale\/","title":{"rendered":"Veille f\u00eate nationale au Centre culturel opderschmelz"},"content":{"rendered":"<p><span style=\"color: #ef4030;\"><span style=\"text-decoration: underline;\">ATTENTION: CHANGEMENT DE SITE!!<\/span>\u00a0<\/span><\/p>\n<p>La Ville de Dudelange a le plaisir de vous pr\u00e9senter le programme des festivit\u00e9s qui auront lieu le 22 juin au <span style=\"text-decoration: underline;\"><span style=\"color: #ef4030; text-decoration: underline;\"><strong>Centre culturel opderschmelz<\/strong><\/span><\/span> (1A rue du Centenaire) \u00e0 la veille de la F\u00eate nationale.<\/p>\n<p><strong>Programme:<\/strong><\/p>\n<ul>\n<li><strong>19h45<\/strong><br \/>\n\u2022 Allocution du bourgmestre<br \/>\n\u2022 Heemecht et hymne europ\u00e9en interpr\u00e9t\u00e9s par l\u2019Harmonie Municipale et l\u2019Harmonie Forge du Sud.<br \/>\n\u2022 Soft drinks et bi\u00e8re offerts par la Ville de Dudelange pendant une demi-heure.<\/li>\n<li><strong>21h00<\/strong> ABBA GOLD<\/li>\n<\/ul>\n<p>Restauration sur place.<\/p>\n<p>\u2013<\/p>\n<p><span style=\"text-decoration: underline; color: #ef4030;\">ACHTUNG: STANDORT\u00c4NDERUNG!!<\/span><\/p>\n<p>Die Stadt D\u00fcdelingen freut sich Ihnen das Programm der Festlichkeiten vorzustellen, welche am 22. Juni im <span style=\"text-decoration: underline; color: #ef4030;\"><strong>Kulturzentrum opderschmelz<\/strong><\/span> (1A rue du Centenaire) am Vorabend des Nationalfeiertages stattfinden werden.<\/p>\n<p><strong>Programm:<\/strong><\/p>\n<ul>\n<li><strong>19:45<\/strong><br \/>\n\u2022 Ansprache des B\u00fcrgermeisters<br \/>\n\u2022 Heemecht und Europahymne vorgetragen von der Harmonie Municipale und der Harmonie Forge du Sud.<br \/>\n\u2022 Die Stadt D\u00fcdelingen bietet w\u00e4hrend einer halben Stunde kostenlose Softrinks und Bier an.<\/li>\n<li><strong>21:00<\/strong> ABBA GOLD<\/li>\n<\/ul>\n<p>Restauration vor Ort.<\/p>\n<p>\u2013<\/p>\n<p><strong><span style=\"color: #ef4030;\">Centre culturel opderschmelz<\/span><br \/>\nAcc\u00e8s\/Anreise:<\/strong><\/p>\n<p>City Bus 8 &gt; Centre culturel \/ CNA<br \/>\nRGTR Bus 507 &gt; Centre culturel\/CNA<br \/>\nTrain\/Zug 60A &gt; Dudelange-Centre<br \/>\nV\u00ebl\u2019Ok &gt; Centre culturel \/ CNA<br \/>\n<span style=\"text-decoration: underline;\"><a href=\"http:\/\/www.mobiliteit.lu\">www.mobiliteit.lu<\/a><\/span>\/<a href=\"http:\/\/www.velok.lu\">www.velok.lu<\/a><\/p>\n","protected":false},"featured_media":20230,"template":["Evenement"],"categories":[],"class_list":["post-20229","evenement","type-evenement","status-publish","has-post-thumbnail","hentry"],"date_from":"2023-06-22 19:45:00","date_to":"2023-06-22 23:45:00","jour_entier":"0","date_debut_affichage":"2023-06-09 07:00:00","date_fin_affichage":"2023-06-22 23:45:00","description_ecran":"","organisateur":"www.dudelange.lu > Agenda","place_name":"Centre culturel opderschmelz","address":"","website":"","prix":[],"place_hotel_de_ville":"1","gare_dudelange_ville":"1","lycee_nic_biever":"1","preview":"1","visuel_prepare":false,"latitude":"","longitude":"","ordre_affichage_ecran":"9","import_id":"","export_id":"","picture_url":"https:\/\/sadudelangedata.blob.core.windows.net\/files\/2023\/04\/Veille-Fete-Nationale.jpg","publishpress_future_action":{"enabled":false,"date":"2026-05-09 11:13:43","action":"change-status","newStatus":"trash","terms":[],"taxonomy":"category","extraData":[]},"publishpress_future_workflow_manual_trigger":{"enabledWorkflows":[]},"_links":{"self":[{"href":"https:\/\/www.dudelange.lu\/index.php\/wp-json\/wp\/v2\/evenement\/20229","targetHints":{"allow":["GET"]}}],"collection":[{"href":"https:\/\/www.dudelange.lu\/index.php\/wp-json\/wp\/v2\/evenement"}],"about":[{"href":"https:\/\/www.dudelange.lu\/index.php\/wp-json\/wp\/v2\/types\/evenement"}],"wp:featuredmedia":[{"embeddable":true,"href":"https:\/\/www.dudelange.lu\/index.php\/wp-json\/wp\/v2\/media\/20230"}],"wp:attachment":[{"href":"https:\/\/www.dudelange.lu\/index.php\/wp-json\/wp\/v2\/media?parent=20229"}],"wp:term":[{"taxonomy":"category","embeddable":true,"href":"https:\/\/www.dudelange.lu\/index.php\/wp-json\/wp\/v2\/categories?post=20229"}],"curies":[{"name":"wp","href":"https:\/\/api.w.org\/{rel}","templated":true}]}}

Veille fête nationale au Centre culturel opderschmelz

<p><span style="color: #ef4030;"><span style="text-decoration: underline;">ATTENTION: CHANGEMENT DE SITE!!</span> </span></p>
<p>La Ville de Dudelange a le plaisir de vous présenter le programme des festivités qui auront lieu le 22 juin au <span style="text-decoration: underline;"><span style="color: #ef4030; text-decoration: underline;"><strong>Centre culturel opderschmelz</strong></span></span> (1A rue du Centenaire) à la veille de la Fête nationale.</p>
<p><strong>Programme:</strong></p>
<ul>
<li><strong>19h45</strong><br />
• Allocution du bourgmestre<br />
• Heemecht et hymne européen interprétés par l’Harmonie Municipale et l’Harmonie Forge du Sud.<br />
• Soft drinks et bière offerts par la Ville de Dudelange pendant une demi-heure.</li>
<li><strong>21h00</strong> ABBA GOLD</li>
</ul>
<p>Restauration sur place.</p>
<p>–</p>
<p><span style="text-decoration: underline; color: #ef4030;">ACHTUNG: STANDORTÄNDERUNG!!</span></p>
<p>Die Stadt Düdelingen freut sich Ihnen das Programm der Festlichkeiten vorzustellen, welche am 22. Juni im <span style="text-decoration: underline; color: #ef4030;"><strong>Kulturzentrum opderschmelz</strong></span> (1A rue du Centenaire) am Vorabend des Nationalfeiertages stattfinden werden.</p>
<p><strong>Programm:</strong></p>
<ul>
<li><strong>19:45</strong><br />
• Ansprache des Bürgermeisters<br />
• Heemecht und Europahymne vorgetragen von der Harmonie Municipale und der Harmonie Forge du Sud.<br />
• Die Stadt Düdelingen bietet während einer halben Stunde kostenlose Softrinks und Bier an.</li>
<li><strong>21:00</strong> ABBA GOLD</li>
</ul>
<p>Restauration vor Ort.</p>
<p>–</p>
<p><strong><span style="color: #ef4030;">Centre culturel opderschmelz</span><br />
Accès/Anreise:</strong></p>
<p>City Bus 8 &gt; Centre culturel / CNA<br />
RGTR Bus 507 &gt; Centre culturel/CNA<br />
Train/Zug 60A &gt; Dudelange-Centre<br />
Vël’Ok &gt; Centre culturel / CNA<br />
<span style="text-decoration: underline;"><a href="http://www.mobiliteit.lu">www.mobiliteit.lu</a></span>/<a href="http://www.velok.lu">www.velok.lu</a></p>
