{"id":20231,"date":"2023-04-07T15:44:29","date_gmt":"2023-04-07T13:44:29","guid":{"rendered":"https:\/\/www.dudelange.lu\/?post_type=evenement&#038;p=20231"},"modified":"2023-05-03T17:50:13","modified_gmt":"2023-05-03T15:50:13","slug":"kermesse-dete","status":"publish","type":"evenement","link":"https:\/\/www.dudelange.lu\/index.php\/evenement\/kermesse-dete\/","title":{"rendered":"Kermesse d&rsquo;\u00e9t\u00e9"},"content":{"rendered":"<p>Kermesse d\u2019\u00e9t\u00e9 \u00e0 Dudelange sur la Place Fohrmann du 22 juin au 9 juillet. Venez d\u00e9jeuner \u00e0 partir de 12h00. Jeux et man\u00e8ges ouverts \u00e0 partir de 15h00.<\/p>\n<p>D\u00fcdelinger Sommerkirmes auf dem Fohrmann-Platz vom 22. Juni bis zum 9. Juli. Essst\u00e4nde ge\u00f6ffnet ab 12 Uhr, Fahrgesch\u00e4fte ge\u00f6ffnet ab 15 Uhr.<\/p>\n<p>&#8211;<\/p>\n<p><strong>Acc\u00e8s\/Anreise<\/strong><\/p>\n<ul>\n<li>Bus 4\/5\/8\/9\/10\/631\/Champs-Vall\u00e9e &gt; Gemeng<\/li>\n<li>Bus 8\/9\/10 &gt; Fohrmann<\/li>\n<li>Train\/Zug 60A &gt; Dudelange-Centre<\/li>\n<li>V\u00ebl\u2019Ok &gt; Place de l\u2019H\u00f4tel de Ville<\/li>\n<li><a title=\"Www.mobiliteit.lu\" href=\"http:\/\/www.mobiliteit.lu\/\">www.mobiliteit.lu<\/a>\/<a title=\"Www.velok.lu\" href=\"http:\/\/www.velok.lu\/\">www.velok.lu<\/a><\/li>\n<\/ul>\n","protected":false},"featured_media":17033,"template":["Evenement"],"categories":[],"class_list":["post-20231","evenement","type-evenement","status-publish","has-post-thumbnail","hentry"],"date_from":"2023-06-22 00:00:00","date_to":"2023-07-09 00:00:00","jour_entier":"1","date_debut_affichage":"2023-06-12 07:00:00","date_fin_affichage":"2023-07-09 21:00:00","description_ecran":"","organisateur":"www.dudelange.lu","place_name":"Place Fohrmann","address":"","website":"","prix":[],"place_hotel_de_ville":"1","gare_dudelange_ville":"1","lycee_nic_biever":"1","preview":"1","visuel_prepare":false,"latitude":"","longitude":"","ordre_affichage_ecran":"8","import_id":"","export_id":"","picture_url":"https:\/\/sadudelangedata.blob.core.windows.net\/files\/2022\/05\/Kermesse-Ete.png","publishpress_future_action":{"enabled":false,"date":"2026-05-07 02:12:50","action":"change-status","newStatus":"trash","terms":[],"taxonomy":"category","extraData":[]},"publishpress_future_workflow_manual_trigger":{"enabledWorkflows":[]},"_links":{"self":[{"href":"https:\/\/www.dudelange.lu\/index.php\/wp-json\/wp\/v2\/evenement\/20231","targetHints":{"allow":["GET"]}}],"collection":[{"href":"https:\/\/www.dudelange.lu\/index.php\/wp-json\/wp\/v2\/evenement"}],"about":[{"href":"https:\/\/www.dudelange.lu\/index.php\/wp-json\/wp\/v2\/types\/evenement"}],"wp:featuredmedia":[{"embeddable":true,"href":"https:\/\/www.dudelange.lu\/index.php\/wp-json\/wp\/v2\/media\/17033"}],"wp:attachment":[{"href":"https:\/\/www.dudelange.lu\/index.php\/wp-json\/wp\/v2\/media?parent=20231"}],"wp:term":[{"taxonomy":"category","embeddable":true,"href":"https:\/\/www.dudelange.lu\/index.php\/wp-json\/wp\/v2\/categories?post=20231"}],"curies":[{"name":"wp","href":"https:\/\/api.w.org\/{rel}","templated":true}]}}

Kermesse d&rsquo;été

<p>Kermesse d’été à Dudelange sur la Place Fohrmann du 22 juin au 9 juillet. Venez déjeuner à partir de 12h00. Jeux et manèges ouverts à partir de 15h00.</p>
<p>Düdelinger Sommerkirmes auf dem Fohrmann-Platz vom 22. Juni bis zum 9. Juli. Essstände geöffnet ab 12 Uhr, Fahrgeschäfte geöffnet ab 15 Uhr.</p>
<p>&#8211;</p>
<p><strong>Accès/Anreise</strong></p>
<ul>
<li>Bus 4/5/8/9/10/631/Champs-Vallée &gt; Gemeng</li>
<li>Bus 8/9/10 &gt; Fohrmann</li>
<li>Train/Zug 60A &gt; Dudelange-Centre</li>
<li>Vël’Ok &gt; Place de l’Hôtel de Ville</li>
<li><a title="Www.mobiliteit.lu" href="http://www.mobiliteit.lu/">www.mobiliteit.lu</a>/<a title="Www.velok.lu" href="http://www.velok.lu/">www.velok.lu</a></li>
</ul>
