{"id":20286,"date":"2023-04-17T15:17:24","date_gmt":"2023-04-17T13:17:24","guid":{"rendered":"https:\/\/www.dudelange.lu\/?post_type=evenement&#038;p=20286"},"modified":"2023-04-18T16:02:39","modified_gmt":"2023-04-18T14:02:39","slug":"semaines-fairtrade-a-dudelange","status":"publish","type":"evenement","link":"https:\/\/www.dudelange.lu\/index.php\/evenement\/semaines-fairtrade-a-dudelange\/","title":{"rendered":"Semaines Fairtrade"},"content":{"rendered":"<p>Du 1er au 14 mai 2023, dans le cadre de la campagne \u00ab Semaines Fairtrade \u00bb men\u00e9e par Fairtrade L\u00ebtzebuerg, la Ville de Dudelange, en tant que \u00ab commune Fairtrade \u00bb, oeuvrera pour sensibiliser ses habitants \u00e0 l\u2019importance d\u2019une production respectant le travail des producteurs, du commerce \u00e9quitable et des produits durables.<\/p>\n<p>La Ville de Dudelange a le plaisir de compter parmi ses partenaires :<br \/>\n\u2022 Amarcord (1a, rue du Centenaire)<br \/>\n\u2022 Antica Bari (28, rue de la Fontaine) &#8211; <span style=\"color: #ef4030;\"><a style=\"color: #ef4030;\" href=\"http:\/\/www.anticabari.com\"><span style=\"text-decoration: underline;\">www.anticabari.com<\/span><\/a><\/span><br \/>\n\u2022 Cottage (10, rue Auguste Liesch) &#8211; <a href=\"https:\/\/www.cottageluxembourg.com\/\"><span style=\"text-decoration: underline;\"><span style=\"color: #ef4030; text-decoration: underline;\">www.cottageluxembourg.com<\/span><\/span><\/a><br \/>\n\u2022 Fischer (33, Pl. de l\u2019H\u00f4tel de Ville) &#8211; <a href=\"https:\/\/fischer1913.com\/fr-lu\/nos-salons\/fischer-dudelange\"><span style=\"text-decoration: underline;\"><span style=\"color: #ef4030; text-decoration: underline;\">www.fischer1913.com<\/span><\/span><\/a><br \/>\n\u2022 Garibaldi (59, rue Gaffelt) &#8211; <a href=\"https:\/\/www.restaurantgaribaldi.lu\/\"><span style=\"text-decoration: underline;\"><span style=\"color: #ef4030; text-decoration: underline;\">www.restaurantgaribaldi.lu<\/span><\/span><\/a><br \/>\n\u2022 L\u2019Atelier Gourmand (59, Pl. de l\u2019H\u00f4tel de Ville) &#8211;\u00a0 <a href=\"https:\/\/www.facebook.com\/ateliergourmanddudelange\/\"><span style=\"text-decoration: underline; color: #ef4030;\">Facebook<\/span><\/a><br \/>\n\u2022 La Charbonnade (10, rue du Commerce) &#8211; <a href=\"https:\/\/hotel-restaurant-lacharbonnade.lu\/\"><span style=\"text-decoration: underline;\"><span style=\"color: #ef4030; text-decoration: underline;\">www.hotel-restaurant-lacharbonnade.lu<\/span><\/span><\/a><br \/>\n\u2022 Rucolino (15, rue du Commerce) &#8211; <a href=\"http:\/\/www.rucolino.lu\"><span style=\"text-decoration: underline;\"><span style=\"color: #ef4030; text-decoration: underline;\">www.rucolino.lu<\/span><\/span><\/a><br \/>\n\u2022 Table du Chef (19, rue du Commerce) &#8211; <a href=\"https:\/\/www.facebook.com\/people\/Table-du-chef\/100064004732151\/\"><span style=\"text-decoration: underline;\"><span style=\"color: #ef4030; text-decoration: underline;\">Facebook<\/span><\/span><\/a><\/p>\n<p><strong>Pendant les quatorze jours de la campagne, ces \u00e9tablissements proposeront des plats, des menus et des produits issus du commerce \u00e9quitable.<\/strong> Nous serions heureux de vous voir profiter des offres du commerce et des \u00e9tablissements locaux et faire le premier pas en direction d\u2019une consommation \u00e9quitable.<\/p>\n<p>INFOS: <span style=\"text-decoration: underline; color: #ef4030;\"><a style=\"color: #ef4030; text-decoration: underline;\" href=\"http:\/\/WWW.SEMAINESFAIRTRADE.LU\">WWW.SEMAINESFAIRTRADE.LU<\/a><\/span><\/p>\n<p>&#8211;<\/p>\n<p>Die Stadt D\u00fcdelingen als \u201eFairtrade Gemeng\u201c m\u00f6chte ihre Einwohner im Rahmen der Kampagne \u201eFairtrade-Wochen\u201c von Fairtrade L\u00ebtzebuerg vom 1. bis zum 14. Mai 2023 auf gerecht produzierte, fair gehandelte und nachhaltige Produkte aufmerksam machen.<\/p>\n<p>Die Stadt D\u00fcdelingen freut sich folgende Partner f\u00fcr diese Kampagne gewonnen zu haben:<br \/>\n\u2022 Amarcord (1a, rue du Centenaire)<br \/>\n\u2022 Antica Bari (28, rue de la Fontaine) &#8211; <span style=\"color: #ef4030;\"><a style=\"color: #ef4030;\" href=\"http:\/\/www.anticabari.com\"><span style=\"text-decoration: underline;\">www.anticabari.com<\/span><\/a><\/span><br \/>\n\u2022 Cottage (10, rue Auguste Liesch) &#8211; <a href=\"https:\/\/www.cottageluxembourg.com\/\"><span style=\"text-decoration: underline;\"><span style=\"color: #ef4030; text-decoration: underline;\">www.cottageluxembourg.com<\/span><\/span><\/a><br \/>\n\u2022 Fischer (33, Pl. de l\u2019H\u00f4tel de Ville) &#8211; <a href=\"https:\/\/fischer1913.com\/fr-lu\/nos-salons\/fischer-dudelange\"><span style=\"text-decoration: underline;\"><span style=\"color: #ef4030; text-decoration: underline;\">www.fischer1913.com<\/span><\/span><\/a><br \/>\n\u2022 Garibaldi (59, rue Gaffelt) &#8211; <a href=\"https:\/\/www.restaurantgaribaldi.lu\/\"><span style=\"text-decoration: underline;\"><span style=\"color: #ef4030; text-decoration: underline;\">www.restaurantgaribaldi.lu<\/span><\/span><\/a><br \/>\n\u2022 L\u2019Atelier Gourmand (59, Pl. de l\u2019H\u00f4tel de Ville) &#8211;\u00a0 <a href=\"https:\/\/www.facebook.com\/ateliergourmanddudelange\/\"><span style=\"text-decoration: underline; color: #ef4030;\">Facebook<\/span><\/a><br \/>\n\u2022 La Charbonnade (10, rue du Commerce) &#8211; <a href=\"https:\/\/hotel-restaurant-lacharbonnade.lu\/\"><span style=\"text-decoration: underline;\"><span style=\"color: #ef4030; text-decoration: underline;\">www.hotel-restaurant-lacharbonnade.lu<\/span><\/span><\/a><br \/>\n\u2022 Rucolino (15, rue du Commerce) &#8211; <a href=\"http:\/\/www.rucolino.lu\"><span style=\"text-decoration: underline;\"><span style=\"color: #ef4030; text-decoration: underline;\">www.rucolino.lu<\/span><\/span><\/a><br \/>\n\u2022 Table du Chef (19, rue du Commerce) &#8211; <a href=\"https:\/\/www.facebook.com\/people\/Table-du-chef\/100064004732151\/\"><span style=\"text-decoration: underline;\"><span style=\"color: #ef4030; text-decoration: underline;\">Facebook<\/span><\/span><\/a><\/p>\n<p><strong>Diese Einrichtungen bieten w\u00e4hrend der vierzehnt\u00e4gigen Sensibilisierungskampagne, Gerichte, Men\u00fcs oder Produkte an, die aus fair gehandelten Produkten hergestellt wurden.<\/strong> Es w\u00fcrde uns freuen, wenn Sie die Angebote der lokalen<br \/>\nGastronomie und des lokalen Handels annehmen und den Schritt zum fairen Produkt machen.<\/p>\n<p>INFOS: <span style=\"text-decoration: underline; color: #ef4030;\"><a style=\"color: #ef4030; text-decoration: underline;\" href=\"http:\/\/WWW.SEMAINESFAIRTRADE.LU\">WWW.SEMAINESFAIRTRADE.LU<\/a><\/span><\/p>\n","protected":false},"featured_media":16829,"template":"","categories":[],"class_list":["post-20286","evenement","type-evenement","status-publish","has-post-thumbnail","hentry"],"date_from":"2023-05-01 00:00:00","date_to":"2023-05-14 00:00:00","jour_entier":"1","date_debut_affichage":"0000-00-00 00:00:00","date_fin_affichage":"0000-00-00 00:00:00","description_ecran":"","organisateur":"Restaurants participants: www.dudelange.lu > Agenda","place_name":"","address":"","website":"http:\/\/www.semainesfairtrade.lu","prix":[],"place_hotel_de_ville":"0","gare_dudelange_ville":"0","lycee_nic_biever":"0","preview":"0","visuel_prepare":false,"latitude":"","longitude":"","ordre_affichage_ecran":[],"import_id":"","export_id":"","picture_url":"https:\/\/sadudelangedata.blob.core.windows.net\/files\/2022\/04\/Semaine-FairTrade.png","publishpress_future_action":{"enabled":false,"date":"2026-05-08 20:26:24","action":"change-status","newStatus":"trash","terms":[],"taxonomy":"category","extraData":[]},"publishpress_future_workflow_manual_trigger":{"enabledWorkflows":[]},"_links":{"self":[{"href":"https:\/\/www.dudelange.lu\/index.php\/wp-json\/wp\/v2\/evenement\/20286","targetHints":{"allow":["GET"]}}],"collection":[{"href":"https:\/\/www.dudelange.lu\/index.php\/wp-json\/wp\/v2\/evenement"}],"about":[{"href":"https:\/\/www.dudelange.lu\/index.php\/wp-json\/wp\/v2\/types\/evenement"}],"wp:featuredmedia":[{"embeddable":true,"href":"https:\/\/www.dudelange.lu\/index.php\/wp-json\/wp\/v2\/media\/16829"}],"wp:attachment":[{"href":"https:\/\/www.dudelange.lu\/index.php\/wp-json\/wp\/v2\/media?parent=20286"}],"wp:term":[{"taxonomy":"category","embeddable":true,"href":"https:\/\/www.dudelange.lu\/index.php\/wp-json\/wp\/v2\/categories?post=20286"}],"curies":[{"name":"wp","href":"https:\/\/api.w.org\/{rel}","templated":true}]}}

<p>Du 1er au 14 mai 2023, dans le cadre de la campagne « Semaines Fairtrade » menée par Fairtrade Lëtzebuerg, la Ville de Dudelange, en tant que « commune Fairtrade », oeuvrera pour sensibiliser ses habitants à l’importance d’une production respectant le travail des producteurs, du commerce équitable et des produits durables.</p>
<p>La Ville de Dudelange a le plaisir de compter parmi ses partenaires :<br />
• Amarcord (1a, rue du Centenaire)<br />
• Antica Bari (28, rue de la Fontaine) &#8211; <span style="color: #ef4030;"><a style="color: #ef4030;" href="http://www.anticabari.com"><span style="text-decoration: underline;">www.anticabari.com</span></a></span><br />
• Cottage (10, rue Auguste Liesch) &#8211; <a href="https://www.cottageluxembourg.com/"><span style="text-decoration: underline;"><span style="color: #ef4030; text-decoration: underline;">www.cottageluxembourg.com</span></span></a><br />
• Fischer (33, Pl. de l’Hôtel de Ville) &#8211; <a href="https://fischer1913.com/fr-lu/nos-salons/fischer-dudelange"><span style="text-decoration: underline;"><span style="color: #ef4030; text-decoration: underline;">www.fischer1913.com</span></span></a><br />
• Garibaldi (59, rue Gaffelt) &#8211; <a href="https://www.restaurantgaribaldi.lu/"><span style="text-decoration: underline;"><span style="color: #ef4030; text-decoration: underline;">www.restaurantgaribaldi.lu</span></span></a><br />
• L’Atelier Gourmand (59, Pl. de l’Hôtel de Ville) &#8211;  <a href="https://www.facebook.com/ateliergourmanddudelange/"><span style="text-decoration: underline; color: #ef4030;">Facebook</span></a><br />
• La Charbonnade (10, rue du Commerce) &#8211; <a href="https://hotel-restaurant-lacharbonnade.lu/"><span style="text-decoration: underline;"><span style="color: #ef4030; text-decoration: underline;">www.hotel-restaurant-lacharbonnade.lu</span></span></a><br />
• Rucolino (15, rue du Commerce) &#8211; <a href="http://www.rucolino.lu"><span style="text-decoration: underline;"><span style="color: #ef4030; text-decoration: underline;">www.rucolino.lu</span></span></a><br />
• Table du Chef (19, rue du Commerce) &#8211; <a href="https://www.facebook.com/people/Table-du-chef/100064004732151/"><span style="text-decoration: underline;"><span style="color: #ef4030; text-decoration: underline;">Facebook</span></span></a></p>
<p><strong>Pendant les quatorze jours de la campagne, ces établissements proposeront des plats, des menus et des produits issus du commerce équitable.</strong> Nous serions heureux de vous voir profiter des offres du commerce et des établissements locaux et faire le premier pas en direction d’une consommation équitable.</p>
<p>INFOS: <span style="text-decoration: underline; color: #ef4030;"><a style="color: #ef4030; text-decoration: underline;" href="http://WWW.SEMAINESFAIRTRADE.LU">WWW.SEMAINESFAIRTRADE.LU</a></span></p>
<p>&#8211;</p>
<p>Die Stadt Düdelingen als „Fairtrade Gemeng“ möchte ihre Einwohner im Rahmen der Kampagne „Fairtrade-Wochen“ von Fairtrade Lëtzebuerg vom 1. bis zum 14. Mai 2023 auf gerecht produzierte, fair gehandelte und nachhaltige Produkte aufmerksam machen.</p>
<p>Die Stadt Düdelingen freut sich folgende Partner für diese Kampagne gewonnen zu haben:<br />
• Amarcord (1a, rue du Centenaire)<br />
• Antica Bari (28, rue de la Fontaine) &#8211; <span style="color: #ef4030;"><a style="color: #ef4030;" href="http://www.anticabari.com"><span style="text-decoration: underline;">www.anticabari.com</span></a></span><br />
• Cottage (10, rue Auguste Liesch) &#8211; <a href="https://www.cottageluxembourg.com/"><span style="text-decoration: underline;"><span style="color: #ef4030; text-decoration: underline;">www.cottageluxembourg.com</span></span></a><br />
• Fischer (33, Pl. de l’Hôtel de Ville) &#8211; <a href="https://fischer1913.com/fr-lu/nos-salons/fischer-dudelange"><span style="text-decoration: underline;"><span style="color: #ef4030; text-decoration: underline;">www.fischer1913.com</span></span></a><br />
• Garibaldi (59, rue Gaffelt) &#8211; <a href="https://www.restaurantgaribaldi.lu/"><span style="text-decoration: underline;"><span style="color: #ef4030; text-decoration: underline;">www.restaurantgaribaldi.lu</span></span></a><br />
• L’Atelier Gourmand (59, Pl. de l’Hôtel de Ville) &#8211;  <a href="https://www.facebook.com/ateliergourmanddudelange/"><span style="text-decoration: underline; color: #ef4030;">Facebook</span></a><br />
• La Charbonnade (10, rue du Commerce) &#8211; <a href="https://hotel-restaurant-lacharbonnade.lu/"><span style="text-decoration: underline;"><span style="color: #ef4030; text-decoration: underline;">www.hotel-restaurant-lacharbonnade.lu</span></span></a><br />
• Rucolino (15, rue du Commerce) &#8211; <a href="http://www.rucolino.lu"><span style="text-decoration: underline;"><span style="color: #ef4030; text-decoration: underline;">www.rucolino.lu</span></span></a><br />
• Table du Chef (19, rue du Commerce) &#8211; <a href="https://www.facebook.com/people/Table-du-chef/100064004732151/"><span style="text-decoration: underline;"><span style="color: #ef4030; text-decoration: underline;">Facebook</span></span></a></p>
<p><strong>Diese Einrichtungen bieten während der vierzehntägigen Sensibilisierungskampagne, Gerichte, Menüs oder Produkte an, die aus fair gehandelten Produkten hergestellt wurden.</strong> Es würde uns freuen, wenn Sie die Angebote der lokalen<br />
Gastronomie und des lokalen Handels annehmen und den Schritt zum fairen Produkt machen.</p>
<p>INFOS: <span style="text-decoration: underline; color: #ef4030;"><a style="color: #ef4030; text-decoration: underline;" href="http://WWW.SEMAINESFAIRTRADE.LU">WWW.SEMAINESFAIRTRADE.LU</a></span></p>
