{"id":20918,"date":"2023-06-08T11:04:57","date_gmt":"2023-06-08T09:04:57","guid":{"rendered":"https:\/\/www.dudelange.lu\/index.php\/evenement\/boubacar-traore\/"},"modified":"2023-06-08T11:04:57","modified_gmt":"2023-06-08T09:04:57","slug":"boubacar-traore","status":"publish","type":"evenement","link":"https:\/\/www.dudelange.lu\/index.php\/evenement\/boubacar-traore\/","title":{"rendered":"Boubacar Traore"},"content":{"rendered":"<p>\n\tGuitariste, chanteur, songwriter, Boubacar Traor\u00e9 poss\u00e8de un style inimitable et compl\u00e8tement personnel. Autodidacte, inspir\u00e9 par la tradition kassonk\u00e9 &#8211; il est n\u00e9 \u00e0 Kayes au nord-ouest du Mali en 1942 &#8211; il a, comme tous les jeunes de sa g\u00e9n\u00e9ration, d\u00e9couvert \u00e0 la radio le blues, le rock, le jazz, la soul, les musiques cubaines et congolaises. Il s&rsquo;est forg\u00e9 un univers musical qui ne ressemble \u00e0 aucun autre. Po\u00e9tique, fluide, d\u00e9pouill\u00e9 son jeu de guitare est au service de m\u00e9lodies m\u00e9lancoliques inspir\u00e9es par la vie quotidienne, l&rsquo;amour heureux ou malheureux, le temps qui passe\u2026\u00a0\u00a0Sa voix charg\u00e9e d&rsquo;\u00e9motion, au timbre chaud et grave n&rsquo;a pas \u00e9t\u00e9 alt\u00e9r\u00e9e par les ann\u00e9es. On le compare souvent \u00e0 Skip James, Robert Johnson, aux bluesmen du delta du Mississipi. Mais c&rsquo;est sur les rives du Niger, \u00e0 Bamako o\u00f9 il demeure d\u00e9sormais, qu&rsquo;il puise son inspiration.\u00a0<\/p>\n","protected":false},"featured_media":20919,"template":"","categories":[],"class_list":["post-20918","evenement","type-evenement","status-publish","has-post-thumbnail","hentry"],"date_from":"2023-10-11 20:00:00","date_to":"0000-00-00 00:00:00","jour_entier":"0","date_debut_affichage":"","date_fin_affichage":"","description_ecran":"","organisateur":"","place_name":"","address":"","website":"","prix":[],"place_hotel_de_ville":[],"gare_dudelange_ville":[],"lycee_nic_biever":[],"preview":[],"visuel_prepare":false,"latitude":"","longitude":"","ordre_affichage_ecran":[],"import_id":"1929","export_id":"","picture_url":"https:\/\/www.dudelange.lu\/wp-content\/uploads\/2023\/06\/TischCalebassesmall-1.jpeg","publishpress_future_action":{"enabled":false,"date":"2026-05-08 15:24:05","action":"change-status","newStatus":"trash","terms":[],"taxonomy":"category","extraData":[]},"publishpress_future_workflow_manual_trigger":{"enabledWorkflows":[]},"_links":{"self":[{"href":"https:\/\/www.dudelange.lu\/index.php\/wp-json\/wp\/v2\/evenement\/20918","targetHints":{"allow":["GET"]}}],"collection":[{"href":"https:\/\/www.dudelange.lu\/index.php\/wp-json\/wp\/v2\/evenement"}],"about":[{"href":"https:\/\/www.dudelange.lu\/index.php\/wp-json\/wp\/v2\/types\/evenement"}],"wp:featuredmedia":[{"embeddable":true,"href":"https:\/\/www.dudelange.lu\/index.php\/wp-json\/wp\/v2\/media\/20919"}],"wp:attachment":[{"href":"https:\/\/www.dudelange.lu\/index.php\/wp-json\/wp\/v2\/media?parent=20918"}],"wp:term":[{"taxonomy":"category","embeddable":true,"href":"https:\/\/www.dudelange.lu\/index.php\/wp-json\/wp\/v2\/categories?post=20918"}],"curies":[{"name":"wp","href":"https:\/\/api.w.org\/{rel}","templated":true}]}}

<p>
	Guitariste, chanteur, songwriter, Boubacar Traoré possède un style inimitable et complètement personnel. Autodidacte, inspiré par la tradition kassonké &#8211; il est né à Kayes au nord-ouest du Mali en 1942 &#8211; il a, comme tous les jeunes de sa génération, découvert à la radio le blues, le rock, le jazz, la soul, les musiques cubaines et congolaises. Il s&rsquo;est forgé un univers musical qui ne ressemble à aucun autre. Poétique, fluide, dépouillé son jeu de guitare est au service de mélodies mélancoliques inspirées par la vie quotidienne, l&rsquo;amour heureux ou malheureux, le temps qui passe…  Sa voix chargée d&rsquo;émotion, au timbre chaud et grave n&rsquo;a pas été altérée par les années. On le compare souvent à Skip James, Robert Johnson, aux bluesmen du delta du Mississipi. Mais c&rsquo;est sur les rives du Niger, à Bamako où il demeure désormais, qu&rsquo;il puise son inspiration. </p>
