{"id":20924,"date":"2023-06-08T11:04:57","date_gmt":"2023-06-08T09:04:57","guid":{"rendered":"https:\/\/www.dudelange.lu\/index.php\/evenement\/josh-island\/"},"modified":"2023-10-12T07:23:49","modified_gmt":"2023-10-12T05:23:49","slug":"josh-island","status":"publish","type":"evenement","link":"https:\/\/www.dudelange.lu\/index.php\/evenement\/josh-island\/","title":{"rendered":"Josh Island"},"content":{"rendered":"<p>Josh Island compose des chansons pop accrocheuses avec de fortes influences soul et folk, inspir\u00e9es par Sting, John Mayer ou encore Jamie Cullum. Avec des morceaux qui transcendent les genres, comme la ballade entra\u00eenante\u00a0\u00ab\u00a0Pennies From Heaven\u00a0\u00bb, son morceau shuffle groove\u00a0\u00ab\u00a0Make It\u00a0\u00bb\u00a0ou l&rsquo;hymne rock\u00a0\u00ab\u00a0Rewind\u00a0\u00bb, il ne laisse aucun doute sur son \u00e9clectisme musical. Sur sc\u00e8ne, il se mue en interpr\u00e8te accessible qui rompt tout naturellement la barri\u00e8re invisible entre l&rsquo;artiste et le public. Son premier album\u00a0\u00ab\u00a0In My Head\u00a0\u00bb\u00a0sortira le 15\u00a0septembre et a \u00e9t\u00e9 enregistr\u00e9 en 2022 avec le producteur Nelson Canoa dans la r\u00e9gion viticole de Torres Vedras au Portugal. Pour le concert\u00a0\u00e0\u00a0Dudelange, Josh Island sera accompagn\u00e9 d&rsquo;un groupe de sept musiciens afin de rendre justice aux fantastiques arrangements de nouvelles chansons comme de classiques.<\/p>\n<p>Nous attendons avec impatience un groupe avec du groove, un conteur d\u2019histoires divertissant et d\u2019innombrables m\u00e9lodies accrocheuses qui ne nous l\u00e2cheront plus de sit\u00f4t.<\/p>\n","protected":false},"featured_media":20925,"template":"","categories":[],"class_list":["post-20924","evenement","type-evenement","status-publish","has-post-thumbnail","hentry"],"date_from":"2023-11-11 20:00:00","date_to":"0000-00-00 00:00:00","jour_entier":"0","date_debut_affichage":"0000-00-00 00:00:00","date_fin_affichage":"0000-00-00 00:00:00","description_ecran":"","organisateur":"","place_name":"","address":"","website":"","prix":[],"place_hotel_de_ville":"1","gare_dudelange_ville":"1","lycee_nic_biever":"1","preview":"1","visuel_prepare":false,"latitude":"","longitude":"","ordre_affichage_ecran":[],"import_id":"1874","export_id":"","picture_url":"https:\/\/www.dudelange.lu\/wp-content\/uploads\/2023\/06\/JoshPortraitSquareLynnTheisen-1.jpg","publishpress_future_action":{"enabled":false,"date":"2026-05-07 13:28:29","action":"change-status","newStatus":"trash","terms":[],"taxonomy":"category","extraData":[]},"publishpress_future_workflow_manual_trigger":{"enabledWorkflows":[]},"_links":{"self":[{"href":"https:\/\/www.dudelange.lu\/index.php\/wp-json\/wp\/v2\/evenement\/20924","targetHints":{"allow":["GET"]}}],"collection":[{"href":"https:\/\/www.dudelange.lu\/index.php\/wp-json\/wp\/v2\/evenement"}],"about":[{"href":"https:\/\/www.dudelange.lu\/index.php\/wp-json\/wp\/v2\/types\/evenement"}],"wp:featuredmedia":[{"embeddable":true,"href":"https:\/\/www.dudelange.lu\/index.php\/wp-json\/wp\/v2\/media\/20925"}],"wp:attachment":[{"href":"https:\/\/www.dudelange.lu\/index.php\/wp-json\/wp\/v2\/media?parent=20924"}],"wp:term":[{"taxonomy":"category","embeddable":true,"href":"https:\/\/www.dudelange.lu\/index.php\/wp-json\/wp\/v2\/categories?post=20924"}],"curies":[{"name":"wp","href":"https:\/\/api.w.org\/{rel}","templated":true}]}}

<p>Josh Island compose des chansons pop accrocheuses avec de fortes influences soul et folk, inspirées par Sting, John Mayer ou encore Jamie Cullum. Avec des morceaux qui transcendent les genres, comme la ballade entraînante « Pennies From Heaven », son morceau shuffle groove « Make It » ou l&rsquo;hymne rock « Rewind », il ne laisse aucun doute sur son éclectisme musical. Sur scène, il se mue en interprète accessible qui rompt tout naturellement la barrière invisible entre l&rsquo;artiste et le public. Son premier album « In My Head » sortira le 15 septembre et a été enregistré en 2022 avec le producteur Nelson Canoa dans la région viticole de Torres Vedras au Portugal. Pour le concert à Dudelange, Josh Island sera accompagné d&rsquo;un groupe de sept musiciens afin de rendre justice aux fantastiques arrangements de nouvelles chansons comme de classiques.</p>
<p>Nous attendons avec impatience un groupe avec du groove, un conteur d’histoires divertissant et d’innombrables mélodies accrocheuses qui ne nous lâcheront plus de sitôt.</p>
