{"id":21290,"date":"2023-07-14T04:03:47","date_gmt":"2023-07-14T02:03:47","guid":{"rendered":"https:\/\/www.dudelange.lu\/index.php\/evenement\/reto-weber-squeeze-band\/"},"modified":"2023-07-14T04:03:47","modified_gmt":"2023-07-14T02:03:47","slug":"reto-weber-squeeze-band","status":"publish","type":"evenement","link":"https:\/\/www.dudelange.lu\/index.php\/evenement\/reto-weber-squeeze-band\/","title":{"rendered":"Reto Weber Squeeze Band"},"content":{"rendered":"<p>\n\tDans ses productions musicales multidisciplinaires, Reto Weber explore une gamme artistique vari\u00e9e, allant du beatbox au jazz sophistiqu\u00e9. Il est le fondateur et leader de plusieurs groupes multiculturels tels que Percussion Orchestra, Swissmad et la formation Reto Weber&rsquo;s Squeezeband, fond\u00e9e en 2004, qui est enfin de retour \u00e0 Dudelange apr\u00e8s plus de 10 ans. La formation actuelle comprend des talents de renom tels que Chico Freeman au saxophone, du beatboxer Nino G, de Josefina Nagorsnik au trombone, de Dominique Muzeau \u00e0 la basse et de Reto Weber aux percussions. Pour le 70e anniversaire de Weber, son livre \u00ab DRUMMIN&rsquo; &#8211; Am Anfang war die Trommel &#8211; Erinnerungen \u00bb sera publi\u00e9 en 2023. Du gar\u00e7on qui refusait de jouer du violon au musicien de jazz \u00e0 la renomm\u00e9e internationale. Le livre comprend l&rsquo;ensemble de son \u0153uvre musicale avec toutes ses tourn\u00e9es, y compris de pr\u00e9cieuses anecdotes de et avec des grands artistes du jazz.<\/p>\n<p>\n\tCet \u00e9v\u00e9nement est un must pour tout fan de la l\u00e9gende suisse du jazz qui souhaite passer en revue l&rsquo;ensemble du r\u00e9pertoire de Weber en une soir\u00e9e.<\/p>\n","protected":false},"featured_media":21291,"template":"","categories":[],"class_list":["post-21290","evenement","type-evenement","status-publish","has-post-thumbnail","hentry"],"date_from":"2023-11-09 20:00:00","date_to":"0000-00-00 00:00:00","jour_entier":"0","date_debut_affichage":"","date_fin_affichage":"","description_ecran":"","organisateur":"","place_name":"","address":"","website":"","prix":[],"place_hotel_de_ville":[],"gare_dudelange_ville":[],"lycee_nic_biever":[],"preview":[],"visuel_prepare":false,"latitude":"","longitude":"","ordre_affichage_ecran":[],"import_id":"1940","export_id":"","picture_url":"https:\/\/www.dudelange.lu\/wp-content\/uploads\/2023\/07\/PHOTO20230713085711.jpg","publishpress_future_action":{"enabled":false,"date":"2026-05-06 22:15:22","action":"change-status","newStatus":"trash","terms":[],"taxonomy":"category","extraData":[]},"publishpress_future_workflow_manual_trigger":{"enabledWorkflows":[]},"_links":{"self":[{"href":"https:\/\/www.dudelange.lu\/index.php\/wp-json\/wp\/v2\/evenement\/21290","targetHints":{"allow":["GET"]}}],"collection":[{"href":"https:\/\/www.dudelange.lu\/index.php\/wp-json\/wp\/v2\/evenement"}],"about":[{"href":"https:\/\/www.dudelange.lu\/index.php\/wp-json\/wp\/v2\/types\/evenement"}],"wp:featuredmedia":[{"embeddable":true,"href":"https:\/\/www.dudelange.lu\/index.php\/wp-json\/wp\/v2\/media\/21291"}],"wp:attachment":[{"href":"https:\/\/www.dudelange.lu\/index.php\/wp-json\/wp\/v2\/media?parent=21290"}],"wp:term":[{"taxonomy":"category","embeddable":true,"href":"https:\/\/www.dudelange.lu\/index.php\/wp-json\/wp\/v2\/categories?post=21290"}],"curies":[{"name":"wp","href":"https:\/\/api.w.org\/{rel}","templated":true}]}}

<p>
	Dans ses productions musicales multidisciplinaires, Reto Weber explore une gamme artistique variée, allant du beatbox au jazz sophistiqué. Il est le fondateur et leader de plusieurs groupes multiculturels tels que Percussion Orchestra, Swissmad et la formation Reto Weber&rsquo;s Squeezeband, fondée en 2004, qui est enfin de retour à Dudelange après plus de 10 ans. La formation actuelle comprend des talents de renom tels que Chico Freeman au saxophone, du beatboxer Nino G, de Josefina Nagorsnik au trombone, de Dominique Muzeau à la basse et de Reto Weber aux percussions. Pour le 70e anniversaire de Weber, son livre « DRUMMIN&rsquo; &#8211; Am Anfang war die Trommel &#8211; Erinnerungen » sera publié en 2023. Du garçon qui refusait de jouer du violon au musicien de jazz à la renommée internationale. Le livre comprend l&rsquo;ensemble de son œuvre musicale avec toutes ses tournées, y compris de précieuses anecdotes de et avec des grands artistes du jazz.</p>
<p>
	Cet événement est un must pour tout fan de la légende suisse du jazz qui souhaite passer en revue l&rsquo;ensemble du répertoire de Weber en une soirée.</p>
