{"id":21409,"date":"2023-07-25T04:03:50","date_gmt":"2023-07-25T02:03:50","guid":{"rendered":"https:\/\/www.dudelange.lu\/index.php\/evenement\/gerald-clayton-trio\/"},"modified":"2023-07-25T04:03:50","modified_gmt":"2023-07-25T02:03:50","slug":"gerald-clayton-trio","status":"publish","type":"evenement","link":"https:\/\/www.dudelange.lu\/index.php\/evenement\/gerald-clayton-trio\/","title":{"rendered":"Gerald Clayton Trio"},"content":{"rendered":"<p>\n\tTout au long de sa carri\u00e8re, il a collabor\u00e9 avec des artistes renomm\u00e9s tels que Diana Krall, Roy Hargrove et Dianne Reeves, parmi d&rsquo;autres.<\/p>\n<p>\n\tPlus r\u00e9cemment, Tim Jackson, directeur artistique du Monterey Jazz Festival, a nomm\u00e9 Clayton directeur du Next Generation Jazz Orchestra.\u00a0<\/p>\n<p>\n\tEn 2019, il a re\u00e7u une commande du LACMA pour composer une musique accompagnant la fresque murale\u00a0\u00ab\u00a05 Great American Negroes\u00a0\u00bb\u00a0de l&rsquo;artiste Charles White. Clayton a intitul\u00e9 le projet\u00a0\u00ab\u00a0White Cities : A Musical Tribute to Charles White\u00a0\u00a0\u00bb. En janvier 2020, il a commenc\u00e9 \u00e0 travailler sur la partition acclam\u00e9e par la critique du documentaire prim\u00e9 MLK\/FBI r\u00e9alis\u00e9 par Sam Pollard. Les arrangements de Clayton donnent au film des nuances subtiles d&rsquo;humanit\u00e9.\u00a0<\/p>\n<p>\n\tActuellement, le musicien enchante avec son album conceptuel\u00a0\u00ab\u00a0Bells on Sand\u00a0\u00a0\u00bb, qui traite de l&rsquo;\u00e9ph\u00e9m\u00e8re et de la responsabilit\u00e9.<\/p>\n<p>\n\tDu c\u00f4t\u00e9 de Gerald Clayton, les grands noms du jazz Jeff Ballard \u00e0 la batterie et Joe Sanders \u00e0 la basse, qui ont d\u00e9j\u00e0 enchant\u00e9 le public de D\u00fcdelingen avec leurs prestations dans diff\u00e9rentes formations.<\/p>\n","protected":false},"featured_media":21410,"template":"","categories":[],"class_list":["post-21409","evenement","type-evenement","status-publish","has-post-thumbnail","hentry"],"date_from":"2023-10-20 20:00:00","date_to":"0000-00-00 00:00:00","jour_entier":"0","date_debut_affichage":"","date_fin_affichage":"","description_ecran":"","organisateur":"","place_name":"","address":"","website":"","prix":[],"place_hotel_de_ville":[],"gare_dudelange_ville":[],"lycee_nic_biever":[],"preview":[],"visuel_prepare":false,"latitude":"","longitude":"","ordre_affichage_ecran":[],"import_id":"1959","export_id":"","picture_url":"https:\/\/www.dudelange.lu\/wp-content\/uploads\/2023\/07\/GroGeraldClayton_L4A2268_byOgata.jpeg","publishpress_future_action":{"enabled":false,"date":"2026-05-07 00:26:43","action":"change-status","newStatus":"trash","terms":[],"taxonomy":"category","extraData":[]},"publishpress_future_workflow_manual_trigger":{"enabledWorkflows":[]},"_links":{"self":[{"href":"https:\/\/www.dudelange.lu\/index.php\/wp-json\/wp\/v2\/evenement\/21409","targetHints":{"allow":["GET"]}}],"collection":[{"href":"https:\/\/www.dudelange.lu\/index.php\/wp-json\/wp\/v2\/evenement"}],"about":[{"href":"https:\/\/www.dudelange.lu\/index.php\/wp-json\/wp\/v2\/types\/evenement"}],"wp:featuredmedia":[{"embeddable":true,"href":"https:\/\/www.dudelange.lu\/index.php\/wp-json\/wp\/v2\/media\/21410"}],"wp:attachment":[{"href":"https:\/\/www.dudelange.lu\/index.php\/wp-json\/wp\/v2\/media?parent=21409"}],"wp:term":[{"taxonomy":"category","embeddable":true,"href":"https:\/\/www.dudelange.lu\/index.php\/wp-json\/wp\/v2\/categories?post=21409"}],"curies":[{"name":"wp","href":"https:\/\/api.w.org\/{rel}","templated":true}]}}

<p>
	Tout au long de sa carrière, il a collaboré avec des artistes renommés tels que Diana Krall, Roy Hargrove et Dianne Reeves, parmi d&rsquo;autres.</p>
<p>
	Plus récemment, Tim Jackson, directeur artistique du Monterey Jazz Festival, a nommé Clayton directeur du Next Generation Jazz Orchestra. </p>
<p>
	En 2019, il a reçu une commande du LACMA pour composer une musique accompagnant la fresque murale « 5 Great American Negroes » de l&rsquo;artiste Charles White. Clayton a intitulé le projet « White Cities : A Musical Tribute to Charles White  ». En janvier 2020, il a commencé à travailler sur la partition acclamée par la critique du documentaire primé MLK/FBI réalisé par Sam Pollard. Les arrangements de Clayton donnent au film des nuances subtiles d&rsquo;humanité. </p>
<p>
	Actuellement, le musicien enchante avec son album conceptuel « Bells on Sand  », qui traite de l&rsquo;éphémère et de la responsabilité.</p>
<p>
	Du côté de Gerald Clayton, les grands noms du jazz Jeff Ballard à la batterie et Joe Sanders à la basse, qui ont déjà enchanté le public de Düdelingen avec leurs prestations dans différentes formations.</p>
