{"id":21781,"date":"2023-09-08T04:00:02","date_gmt":"2023-09-08T02:00:02","guid":{"rendered":"https:\/\/www.dudelange.lu\/index.php\/evenement\/neal-black\/"},"modified":"2023-09-08T04:00:02","modified_gmt":"2023-09-08T02:00:02","slug":"neal-black","status":"publish","type":"evenement","link":"https:\/\/www.dudelange.lu\/index.php\/evenement\/neal-black\/","title":{"rendered":"Neal Black"},"content":{"rendered":"<div>\n\tEn tant que guitariste, Neal Black a jou\u00e9 sur sc\u00e8ne ou en studio avec des l\u00e9gendes du blues et du rock comme Robben Ford, Chuck Berry, Popa Chubby, Jimmy Dawkins, Larry Garner, Lucky Peterson, Johnnie Johnson, The Chambers Brothers, Elliott Murphy et Papa John Creach.<\/div>\n<div>\n\tR\u00e9jouissez-vous de passer une soir\u00e9e exceptionnelle au son des guitares dans le nouveau local &lsquo;Kantin&rsquo; op Neischmelz.<\/div>\n","protected":false},"featured_media":21782,"template":"","categories":[],"class_list":["post-21781","evenement","type-evenement","status-publish","has-post-thumbnail","hentry"],"date_from":"2023-11-12 20:00:00","date_to":"0000-00-00 00:00:00","jour_entier":"0","date_debut_affichage":"","date_fin_affichage":"","description_ecran":"","organisateur":"","place_name":"","address":"","website":"","prix":[],"place_hotel_de_ville":[],"gare_dudelange_ville":[],"lycee_nic_biever":[],"preview":[],"visuel_prepare":false,"latitude":"","longitude":"","ordre_affichage_ecran":[],"import_id":"1961","export_id":"","picture_url":"https:\/\/www.dudelange.lu\/wp-content\/uploads\/2023\/09\/IMG_4077.jpg","publishpress_future_action":{"enabled":false,"date":"2026-05-09 11:04:03","action":"change-status","newStatus":"trash","terms":[],"taxonomy":"category","extraData":[]},"publishpress_future_workflow_manual_trigger":{"enabledWorkflows":[]},"_links":{"self":[{"href":"https:\/\/www.dudelange.lu\/index.php\/wp-json\/wp\/v2\/evenement\/21781","targetHints":{"allow":["GET"]}}],"collection":[{"href":"https:\/\/www.dudelange.lu\/index.php\/wp-json\/wp\/v2\/evenement"}],"about":[{"href":"https:\/\/www.dudelange.lu\/index.php\/wp-json\/wp\/v2\/types\/evenement"}],"wp:featuredmedia":[{"embeddable":true,"href":"https:\/\/www.dudelange.lu\/index.php\/wp-json\/wp\/v2\/media\/21782"}],"wp:attachment":[{"href":"https:\/\/www.dudelange.lu\/index.php\/wp-json\/wp\/v2\/media?parent=21781"}],"wp:term":[{"taxonomy":"category","embeddable":true,"href":"https:\/\/www.dudelange.lu\/index.php\/wp-json\/wp\/v2\/categories?post=21781"}],"curies":[{"name":"wp","href":"https:\/\/api.w.org\/{rel}","templated":true}]}}

<div>
	En tant que guitariste, Neal Black a joué sur scène ou en studio avec des légendes du blues et du rock comme Robben Ford, Chuck Berry, Popa Chubby, Jimmy Dawkins, Larry Garner, Lucky Peterson, Johnnie Johnson, The Chambers Brothers, Elliott Murphy et Papa John Creach.</div>
<div>
	Réjouissez-vous de passer une soirée exceptionnelle au son des guitares dans le nouveau local &lsquo;Kantin&rsquo; op Neischmelz.</div>
