{"id":21958,"date":"2023-09-25T09:39:43","date_gmt":"2023-09-25T07:39:43","guid":{"rendered":"https:\/\/www.dudelange.lu\/?post_type=evenement&#038;p=21958"},"modified":"2023-09-28T13:50:37","modified_gmt":"2023-09-28T11:50:37","slug":"atelier-de-djembe","status":"publish","type":"evenement","link":"https:\/\/www.dudelange.lu\/index.php\/evenement\/atelier-de-djembe\/","title":{"rendered":"Truck&rsquo;a&rsquo;palooza &#8211; Atelier de DJembe"},"content":{"rendered":"<p>Atelier de DJembe avec le \u00ab\u00a0Serge Tonnar Trio\u00a0\u00bb, le dimanche 8 octobre \u00e0 partir de 14h30 au VeWa sur le site NeiSchmelz.<\/p>\n<p>&nbsp;<\/p>\n<p>Qu&rsquo;est-ce que Tuck&rsquo;a&rsquo;palooza ? En 2021, une camionnette a \u00e9t\u00e9 transform\u00e9e en sc\u00e8ne pour accueillir des performances musicales dans le contexte sp\u00e9cifique du Covid. En 2023, cette camionette sillone \u00e0 nouveau le Grand-Duch\u00e9 du Luxembourg avec des jeunes artistes de la sc\u00e8ne musicale luxembourgeoise. Ce projet permet d&rsquo;aller \u00e0 la rencontre de ceux qui en ont le plus besoin, qu&rsquo;ils fassent partie de la population r\u00e9fugi\u00e9e, \u00e0 besoins sp\u00e9cifiques ou atteinte de maladies&#8230;<\/p>\n<p>Tuck&rsquo;a&rsquo;palooza permet d&rsquo;apporter du divertissement \u00e0 ceux qui en sont isol\u00e9s, de sortir les personnes \u00e0 risque d&rsquo;exclusion de leur quotidien et tout simplement de redonner la joie par la musique! Vous pouvez assister au concert de Serge Tonnar Trio le 8 octobre 2023, \u00e0 14h30 au VEWA Neischmelz \u00e0 Dudelange. Venez nombreux !<\/p>\n<p>Organis\u00e9 par: Konektis Entertainment, Fondation EME, VeWa Espace Cr\u00e9ation, Inter-Actions<\/p>\n<p>Plus d&rsquo;informations : <span style=\"text-decoration: underline;\"><span style=\"color: #ef4030; text-decoration: underline;\"><a style=\"color: #ef4030; text-decoration: underline;\" href=\"http:\/\/www.fondation-eme.lu\" target=\"_blank\" rel=\"noopener\">www.fondation-eme.lu<\/a><\/span><\/span><\/p>\n","protected":false},"featured_media":0,"template":["Evenement"],"categories":[],"class_list":["post-21958","evenement","type-evenement","status-publish","hentry"],"date_from":"2023-10-08 14:30:00","date_to":"2023-10-08 17:00:00","jour_entier":"0","date_debut_affichage":"2023-09-25 09:00:00","date_fin_affichage":"2023-10-08 21:00:00","description_ecran":"Atelier DJembe Serge Tonnar Trio","organisateur":"www.fondation-eme.lu","place_name":"VeWa NeiSchmelz","address":"Place Thierry Van Wervecke","website":"https:\/\/www.fondation-eme.lu","prix":[],"place_hotel_de_ville":"1","gare_dudelange_ville":"1","lycee_nic_biever":"1","preview":"1","visuel_prepare":false,"latitude":"","longitude":"","ordre_affichage_ecran":"16","import_id":"","export_id":"","picture_url":false,"publishpress_future_action":{"enabled":false,"date":"2026-05-08 16:23:51","action":"change-status","newStatus":"trash","terms":[],"taxonomy":"category","extraData":[]},"publishpress_future_workflow_manual_trigger":{"enabledWorkflows":[]},"_links":{"self":[{"href":"https:\/\/www.dudelange.lu\/index.php\/wp-json\/wp\/v2\/evenement\/21958","targetHints":{"allow":["GET"]}}],"collection":[{"href":"https:\/\/www.dudelange.lu\/index.php\/wp-json\/wp\/v2\/evenement"}],"about":[{"href":"https:\/\/www.dudelange.lu\/index.php\/wp-json\/wp\/v2\/types\/evenement"}],"wp:attachment":[{"href":"https:\/\/www.dudelange.lu\/index.php\/wp-json\/wp\/v2\/media?parent=21958"}],"wp:term":[{"taxonomy":"category","embeddable":true,"href":"https:\/\/www.dudelange.lu\/index.php\/wp-json\/wp\/v2\/categories?post=21958"}],"curies":[{"name":"wp","href":"https:\/\/api.w.org\/{rel}","templated":true}]}}

<p>Atelier de DJembe avec le « Serge Tonnar Trio », le dimanche 8 octobre à partir de 14h30 au VeWa sur le site NeiSchmelz.</p>
<p>&nbsp;</p>
<p>Qu&rsquo;est-ce que Tuck&rsquo;a&rsquo;palooza ? En 2021, une camionnette a été transformée en scène pour accueillir des performances musicales dans le contexte spécifique du Covid. En 2023, cette camionette sillone à nouveau le Grand-Duché du Luxembourg avec des jeunes artistes de la scène musicale luxembourgeoise. Ce projet permet d&rsquo;aller à la rencontre de ceux qui en ont le plus besoin, qu&rsquo;ils fassent partie de la population réfugiée, à besoins spécifiques ou atteinte de maladies&#8230;</p>
<p>Tuck&rsquo;a&rsquo;palooza permet d&rsquo;apporter du divertissement à ceux qui en sont isolés, de sortir les personnes à risque d&rsquo;exclusion de leur quotidien et tout simplement de redonner la joie par la musique! Vous pouvez assister au concert de Serge Tonnar Trio le 8 octobre 2023, à 14h30 au VEWA Neischmelz à Dudelange. Venez nombreux !</p>
<p>Organisé par: Konektis Entertainment, Fondation EME, VeWa Espace Création, Inter-Actions</p>
<p>Plus d&rsquo;informations : <span style="text-decoration: underline;"><span style="color: #ef4030; text-decoration: underline;"><a style="color: #ef4030; text-decoration: underline;" href="http://www.fondation-eme.lu" target="_blank" rel="noopener">www.fondation-eme.lu</a></span></span></p>
