{"id":22451,"date":"2023-11-17T03:03:40","date_gmt":"2023-11-17T02:03:40","guid":{"rendered":"https:\/\/www.dudelange.lu\/index.php\/evenement\/alela-diane\/"},"modified":"2024-02-01T03:00:03","modified_gmt":"2024-02-01T02:00:03","slug":"alela-diane","status":"publish","type":"evenement","link":"https:\/\/www.dudelange.lu\/index.php\/evenement\/alela-diane\/","title":{"rendered":"Alela Diane"},"content":{"rendered":"<div>\n\tLe r\u00e9sultat est un album qui repr\u00e9sente un nouvel accomplissement artistique pour Diane. <em>Looking Glass<\/em> est le premier de ses disques \u00e0 \u00eatre produit par le c\u00e9l\u00e8bre Tucker Martine (Neko Case, My Morning Jacket, The Decembrists).<\/div>\n<div>\n\tL&rsquo;album a \u00e9t\u00e9 arrang\u00e9 par son amie de longue date et coll\u00e8gue musicienne Heather Woods Broderick. Parmi les musiciens invit\u00e9s figurent Carl Broemel (My Morning Jacket), Scott Avett (The Avett Brothers), Eli Moore (Lake), Mikaela Davis, Luke Ydsitie (Blind Pilot) et Ryan Fracesconi (Joanna Newsom).<\/div>\n","protected":false},"featured_media":22452,"template":"","categories":[],"class_list":["post-22451","evenement","type-evenement","status-publish","has-post-thumbnail","hentry"],"date_from":"2024-02-29 19:30:00","date_to":"0000-00-00 00:00:00","jour_entier":"0","date_debut_affichage":"","date_fin_affichage":"","description_ecran":"","organisateur":"","place_name":"opderschmelz - Grand Auditoire","address":"","website":"https:\/\/opderschmelz.lu\/","prix":[],"place_hotel_de_ville":[],"gare_dudelange_ville":[],"lycee_nic_biever":[],"preview":[],"visuel_prepare":false,"latitude":"","longitude":"","ordre_affichage_ecran":"0","import_id":"1947","export_id":"","picture_url":"https:\/\/www.dudelange.lu\/wp-content\/uploads\/2023\/11\/GroALELADIANE.jpeg","publishpress_future_action":{"enabled":false,"date":"2026-05-09 06:59:56","action":"change-status","newStatus":"trash","terms":[],"taxonomy":"category","extraData":[]},"publishpress_future_workflow_manual_trigger":{"enabledWorkflows":[]},"_links":{"self":[{"href":"https:\/\/www.dudelange.lu\/index.php\/wp-json\/wp\/v2\/evenement\/22451","targetHints":{"allow":["GET"]}}],"collection":[{"href":"https:\/\/www.dudelange.lu\/index.php\/wp-json\/wp\/v2\/evenement"}],"about":[{"href":"https:\/\/www.dudelange.lu\/index.php\/wp-json\/wp\/v2\/types\/evenement"}],"wp:featuredmedia":[{"embeddable":true,"href":"https:\/\/www.dudelange.lu\/index.php\/wp-json\/wp\/v2\/media\/22452"}],"wp:attachment":[{"href":"https:\/\/www.dudelange.lu\/index.php\/wp-json\/wp\/v2\/media?parent=22451"}],"wp:term":[{"taxonomy":"category","embeddable":true,"href":"https:\/\/www.dudelange.lu\/index.php\/wp-json\/wp\/v2\/categories?post=22451"}],"curies":[{"name":"wp","href":"https:\/\/api.w.org\/{rel}","templated":true}]}}

<div>
	Le résultat est un album qui représente un nouvel accomplissement artistique pour Diane. <em>Looking Glass</em> est le premier de ses disques à être produit par le célèbre Tucker Martine (Neko Case, My Morning Jacket, The Decembrists).</div>
<div>
	L&rsquo;album a été arrangé par son amie de longue date et collègue musicienne Heather Woods Broderick. Parmi les musiciens invités figurent Carl Broemel (My Morning Jacket), Scott Avett (The Avett Brothers), Eli Moore (Lake), Mikaela Davis, Luke Ydsitie (Blind Pilot) et Ryan Fracesconi (Joanna Newsom).</div>
