{"id":23541,"date":"2024-03-05T03:01:38","date_gmt":"2024-03-05T02:01:38","guid":{"rendered":"https:\/\/www.dudelange.lu\/index.php\/evenement\/rouge-fantome-de-corina-ciocarlie\/"},"modified":"2024-03-06T03:00:32","modified_gmt":"2024-03-06T02:00:32","slug":"rouge-fantome-de-corina-ciocarlie","status":"publish","type":"evenement","link":"https:\/\/www.dudelange.lu\/index.php\/evenement\/rouge-fantome-de-corina-ciocarlie\/","title":{"rendered":"Rouge fant\u00f4me de Corina Ciocarlie"},"content":{"rendered":"<p>\n\tBas\u00e9e sur l\u2019exploration d\u2019un territoire mi-r\u00e9el, mi-fictif, cette enqu\u00eate litt\u00e9raire invite le lecteur \u00e0 (re)d\u00e9couvrir \u2013 photos d\u2019archives et citations d\u2019auteurs \u00e0 l\u2019appui \u2013 l\u2019histoire du bassin minier luxembourgeois, \u00e0 partir d\u2019un lieu disparu du quartier\u00a0Italien\u00a0de Dudelange.<\/p>\n<p>\n\tAu fil des pages et des g\u00e9n\u00e9rations de migrants qui s\u2019y sont succ\u00e9d\u00e9, un jeu de piste se d\u00e9ploie par cercles concentriques autour du point z\u00e9ro qu\u2019est la statue en pierre d\u2019une jeune femme aux amphores dont a perdu la trace. Avec ses cheveux ondul\u00e9s et sa silhouette gracieuse, cette d\u00e9esse romaine d\u00e9barqu\u00e9e en terre luxembourgeoise aimantait les regards et attirait tous ceux qui, pour une raison ou une autre \u2013 mariage, portrait de couple, dimanche en famille \u2013, souhaitaient \u00eatre \u00ab\u00a0immortalis\u00e9s\u00a0\u00bb dans le jardin du caf\u00e9 Rossi.<\/p>\n<p>\n\tUn caf\u00e9 entre-temps d\u00e9moli, sis dans une rue dont le nom \u2013 Gare-Usines \u2013 r\u00e9sume \u00e0 lui seul l\u2019histoire d\u2019une ville \u2013 Dudelange \u2013 situ\u00e9e au milieu de l\u2019archipel des\u00a0anges\u00a0\u2013 Differdange, Rumelange, Schifflange &amp; Co \u2013 et jumel\u00e9e avec des villes des quatre coins du Vieux Continent\u00a0: Feltre en Italie, Manom en France, Lauenburg en Allemagne, L\u0119bork en Pologne, Arganil au Portugal, Berane au Mont\u00e9n\u00e9gro.<\/p>\n","protected":false},"featured_media":23542,"template":"","categories":[],"class_list":["post-23541","evenement","type-evenement","status-publish","has-post-thumbnail","hentry"],"date_from":"2024-04-10 19:30:00","date_to":"0000-00-00 00:00:00","jour_entier":"0","date_debut_affichage":"","date_fin_affichage":"","description_ecran":"","organisateur":"","place_name":"opderschmelz - Petit Auditoire","address":"","website":"https:\/\/opderschmelz.lu\/","prix":[],"place_hotel_de_ville":[],"gare_dudelange_ville":[],"lycee_nic_biever":[],"preview":[],"visuel_prepare":false,"latitude":"","longitude":"","ordre_affichage_ecran":"0","import_id":"2006","export_id":"","picture_url":"https:\/\/www.dudelange.lu\/wp-content\/uploads\/2024\/03\/Unknown.png","publishpress_future_action":{"enabled":false,"date":"2026-05-07 06:23:55","action":"change-status","newStatus":"trash","terms":[],"taxonomy":"category","extraData":[]},"publishpress_future_workflow_manual_trigger":{"enabledWorkflows":[]},"_links":{"self":[{"href":"https:\/\/www.dudelange.lu\/index.php\/wp-json\/wp\/v2\/evenement\/23541","targetHints":{"allow":["GET"]}}],"collection":[{"href":"https:\/\/www.dudelange.lu\/index.php\/wp-json\/wp\/v2\/evenement"}],"about":[{"href":"https:\/\/www.dudelange.lu\/index.php\/wp-json\/wp\/v2\/types\/evenement"}],"wp:featuredmedia":[{"embeddable":true,"href":"https:\/\/www.dudelange.lu\/index.php\/wp-json\/wp\/v2\/media\/23542"}],"wp:attachment":[{"href":"https:\/\/www.dudelange.lu\/index.php\/wp-json\/wp\/v2\/media?parent=23541"}],"wp:term":[{"taxonomy":"category","embeddable":true,"href":"https:\/\/www.dudelange.lu\/index.php\/wp-json\/wp\/v2\/categories?post=23541"}],"curies":[{"name":"wp","href":"https:\/\/api.w.org\/{rel}","templated":true}]}}

Rouge fantôme de Corina Ciocarlie

<p>
	Basée sur l’exploration d’un territoire mi-réel, mi-fictif, cette enquête littéraire invite le lecteur à (re)découvrir – photos d’archives et citations d’auteurs à l’appui – l’histoire du bassin minier luxembourgeois, à partir d’un lieu disparu du quartier Italien de Dudelange.</p>
<p>
	Au fil des pages et des générations de migrants qui s’y sont succédé, un jeu de piste se déploie par cercles concentriques autour du point zéro qu’est la statue en pierre d’une jeune femme aux amphores dont a perdu la trace. Avec ses cheveux ondulés et sa silhouette gracieuse, cette déesse romaine débarquée en terre luxembourgeoise aimantait les regards et attirait tous ceux qui, pour une raison ou une autre – mariage, portrait de couple, dimanche en famille –, souhaitaient être « immortalisés » dans le jardin du café Rossi.</p>
<p>
	Un café entre-temps démoli, sis dans une rue dont le nom – Gare-Usines – résume à lui seul l’histoire d’une ville – Dudelange – située au milieu de l’archipel des anges – Differdange, Rumelange, Schifflange &amp; Co – et jumelée avec des villes des quatre coins du Vieux Continent : Feltre en Italie, Manom en France, Lauenburg en Allemagne, Lębork en Pologne, Arganil au Portugal, Berane au Monténégro.</p>
