{"id":23839,"date":"2024-04-10T15:45:37","date_gmt":"2024-04-10T13:45:37","guid":{"rendered":"https:\/\/www.dudelange.lu\/?post_type=evenement&#038;p=23839"},"modified":"2024-04-25T09:30:55","modified_gmt":"2024-04-25T07:30:55","slug":"bourse-aux-plantes","status":"publish","type":"evenement","link":"https:\/\/www.dudelange.lu\/index.php\/evenement\/bourse-aux-plantes\/","title":{"rendered":"Bourse aux plantes"},"content":{"rendered":"<div class=\"xdj266r x11i5rnm xat24cr x1mh8g0r x1vvkbs\">Le <strong>samedi 11 mai<\/strong>, c&rsquo;est la bourse aux plantes \u00e0 Dudelange !<br \/>\nRejoignez-nous au jardin communautaire de Neischmelz \u00e0 Dudelange !<\/div>\n<div class=\"x11i5rnm xat24cr x1mh8g0r x1vvkbs xtlvy1s\">\u00c0 la Bourse aux plantes, vous pourrez :<br \/>\n&#8211; acheter des plants de l\u00e9gumes, fruits, aromates et fleurs bios<br \/>\n&#8211; trouver des semences locales biologiques<br \/>\n&#8211; amener vos plants et semences \u00e0 \u00e9changer ou \u00e0 donner<\/div>\n<div class=\"x11i5rnm xat24cr x1mh8g0r x1vvkbs xtlvy1s\">Pensez \u00e0 amener des cagettes, des cartons ou des plateaux pour transporter les plants.<\/div>\n<div class=\"x11i5rnm xat24cr x1mh8g0r x1vvkbs xtlvy1s\">Entr\u00e9e gratuite.<\/div>\n<div class=\"x11i5rnm xat24cr x1mh8g0r x1vvkbs xtlvy1s\">&#8211;<\/div>\n<div>\n<p>Am <strong>Samstag, dem 11. Mai<\/strong>, findet die Pflanzenb\u00f6rse in D\u00fcdelingen statt!<br \/>\nBesuchen Sie uns im Gemeinschaftsgarten Neischmelz in D\u00fcdelingen!<br \/>\nAuf der Pflanzenb\u00f6rse k\u00f6nnen Sie :<br \/>\n&#8211; biologische Gem\u00fcse-, Obst-, Kr\u00e4uter- und Blumenpflanzen kaufen.<br \/>\n&#8211; lokales biologisches Saatgut finden<br \/>\n&#8211; Ihre Setzlinge und Samen mitbringen, um sie zu tauschen oder zu verschenken.<br \/>\nDenken Sie daran, Kisten, Kartons, oder Schalen mitzubringen, um die Setzlinge zu transportieren.<br \/>\nDer Eintritt ist frei.<\/p>\n<p>&nbsp;<\/p>\n<\/div>\n<div class=\"x11i5rnm xat24cr x1mh8g0r x1vvkbs xtlvy1s\"><strong>Infos<\/strong> :<br \/>\n<span style=\"text-decoration: underline;\"><span style=\"color: #ef4030; text-decoration: underline;\"><a style=\"color: #ef4030; text-decoration: underline;\" href=\"mailto:ensemblequartiersdudelange@inter-actions.lu\" target=\"_blank\" rel=\"noopener\">ensemblequartiersdudelange@inter-actions.lu<\/a><\/span><\/span> \/ <span style=\"text-decoration: underline;\"><span style=\"color: #ef4030; text-decoration: underline;\"><a style=\"color: #ef4030; text-decoration: underline;\" href=\"mailto:eisegaart@cell.lu\" target=\"_blank\" rel=\"noopener\">eisegaart@cell.lu<\/a><\/span><\/span><br \/>\n<span style=\"text-decoration: underline;\"><span style=\"color: #ef4030; text-decoration: underline;\"><a class=\"x1i10hfl xjbqb8w x1ejq31n xd10rxx x1sy0etr x17r0tee x972fbf xcfux6l x1qhh985 xm0m39n x9f619 x1ypdohk xt0psk2 xe8uvvx xdj266r x11i5rnm xat24cr x1mh8g0r xexx8yu x4uap5 x18d9i69 xkhd6sd x16tdsg8 x1hl2dhg xggy1nq x1a2a7pz xt0b8zv xzsf02u x1s688f\" style=\"color: #ef4030; text-decoration: underline;\" tabindex=\"0\" role=\"link\" href=\"https:\/\/www.facebook.com\/UrbanGardenNeischmelz?__cft__[0]=AZUlNJnD5X-0LWQ4J1aSfimHCFis3lMFp-F0MjJXf9GHH8bA_reh_Tle7ObRGPRv9Er5mC0EDyqs2JLnIp3y4W4aSLYimJptzE0FhgW2fDhKyFYwuZGZ4ySeN1ILPA17Ic8&amp;__tn__=q\" target=\"_blank\" rel=\"noopener\"><span class=\"xt0psk2\">www.facebook.com\/UrbanGardenNeischmelz<\/span><\/a><\/span><\/span><\/div>\n<div class=\"x11i5rnm xat24cr x1mh8g0r x1vvkbs xtlvy1s\">\u2013<\/div>\n<div class=\"x11i5rnm xat24cr x1mh8g0r x1vvkbs xtlvy1s\">Acc\u00e8s :<br \/>\nBus TICE 9 &gt; Skatepark P&amp;R<br \/>\nTrain\/Zug 60A &gt; Dudelange-Usines<br \/>\nV\u00ebl\u2019Ok &gt; CCRD opderschmelz<\/div>\n","protected":false},"featured_media":16802,"template":["Evenement"],"categories":[],"class_list":["post-23839","evenement","type-evenement","status-publish","has-post-thumbnail","hentry"],"date_from":"2024-05-11 10:00:00","date_to":"2024-05-11 14:00:00","jour_entier":"0","date_debut_affichage":"2024-04-25 07:00:00","date_fin_affichage":"2024-05-11 14:00:00","description_ecran":"","organisateur":"Infos: www.dudelange.lu","place_name":"Urban garden NeiSchmelz","address":"","website":"","prix":[],"place_hotel_de_ville":"1","gare_dudelange_ville":"1","lycee_nic_biever":"1","preview":"1","visuel_prepare":false,"latitude":"","longitude":"","ordre_affichage_ecran":"12","import_id":"","export_id":"","picture_url":"https:\/\/sadudelangedata.blob.core.windows.net\/files\/2022\/04\/plant-hands.png","publishpress_future_action":{"enabled":false,"date":"2026-05-08 23:06:24","action":"change-status","newStatus":"trash","terms":[],"taxonomy":"category","extraData":[]},"publishpress_future_workflow_manual_trigger":{"enabledWorkflows":[]},"_links":{"self":[{"href":"https:\/\/www.dudelange.lu\/index.php\/wp-json\/wp\/v2\/evenement\/23839","targetHints":{"allow":["GET"]}}],"collection":[{"href":"https:\/\/www.dudelange.lu\/index.php\/wp-json\/wp\/v2\/evenement"}],"about":[{"href":"https:\/\/www.dudelange.lu\/index.php\/wp-json\/wp\/v2\/types\/evenement"}],"wp:featuredmedia":[{"embeddable":true,"href":"https:\/\/www.dudelange.lu\/index.php\/wp-json\/wp\/v2\/media\/16802"}],"wp:attachment":[{"href":"https:\/\/www.dudelange.lu\/index.php\/wp-json\/wp\/v2\/media?parent=23839"}],"wp:term":[{"taxonomy":"category","embeddable":true,"href":"https:\/\/www.dudelange.lu\/index.php\/wp-json\/wp\/v2\/categories?post=23839"}],"curies":[{"name":"wp","href":"https:\/\/api.w.org\/{rel}","templated":true}]}}

<div class="xdj266r x11i5rnm xat24cr x1mh8g0r x1vvkbs">Le <strong>samedi 11 mai</strong>, c&rsquo;est la bourse aux plantes à Dudelange !<br />
Rejoignez-nous au jardin communautaire de Neischmelz à Dudelange !</div>
<div class="x11i5rnm xat24cr x1mh8g0r x1vvkbs xtlvy1s">À la Bourse aux plantes, vous pourrez :<br />
&#8211; acheter des plants de légumes, fruits, aromates et fleurs bios<br />
&#8211; trouver des semences locales biologiques<br />
&#8211; amener vos plants et semences à échanger ou à donner</div>
<div class="x11i5rnm xat24cr x1mh8g0r x1vvkbs xtlvy1s">Pensez à amener des cagettes, des cartons ou des plateaux pour transporter les plants.</div>
<div class="x11i5rnm xat24cr x1mh8g0r x1vvkbs xtlvy1s">Entrée gratuite.</div>
<div class="x11i5rnm xat24cr x1mh8g0r x1vvkbs xtlvy1s">&#8211;</div>
<div>
<p>Am <strong>Samstag, dem 11. Mai</strong>, findet die Pflanzenbörse in Düdelingen statt!<br />
Besuchen Sie uns im Gemeinschaftsgarten Neischmelz in Düdelingen!<br />
Auf der Pflanzenbörse können Sie :<br />
&#8211; biologische Gemüse-, Obst-, Kräuter- und Blumenpflanzen kaufen.<br />
&#8211; lokales biologisches Saatgut finden<br />
&#8211; Ihre Setzlinge und Samen mitbringen, um sie zu tauschen oder zu verschenken.<br />
Denken Sie daran, Kisten, Kartons, oder Schalen mitzubringen, um die Setzlinge zu transportieren.<br />
Der Eintritt ist frei.</p>
<p>&nbsp;</p>
</div>
<div class="x11i5rnm xat24cr x1mh8g0r x1vvkbs xtlvy1s"><strong>Infos</strong> :<br />
<span style="text-decoration: underline;"><span style="color: #ef4030; text-decoration: underline;"><a style="color: #ef4030; text-decoration: underline;" href="mailto:ensemblequartiersdudelange@inter-actions.lu" target="_blank" rel="noopener">ensemblequartiersdudelange@inter-actions.lu</a></span></span> / <span style="text-decoration: underline;"><span style="color: #ef4030; text-decoration: underline;"><a style="color: #ef4030; text-decoration: underline;" href="mailto:eisegaart@cell.lu" target="_blank" rel="noopener">eisegaart@cell.lu</a></span></span><br />
<span style="text-decoration: underline;"><span style="color: #ef4030; text-decoration: underline;"><a class="x1i10hfl xjbqb8w x1ejq31n xd10rxx x1sy0etr x17r0tee x972fbf xcfux6l x1qhh985 xm0m39n x9f619 x1ypdohk xt0psk2 xe8uvvx xdj266r x11i5rnm xat24cr x1mh8g0r xexx8yu x4uap5 x18d9i69 xkhd6sd x16tdsg8 x1hl2dhg xggy1nq x1a2a7pz xt0b8zv xzsf02u x1s688f" style="color: #ef4030; text-decoration: underline;" tabindex="0" role="link" href="https://www.facebook.com/UrbanGardenNeischmelz?__cft__[0]=AZUlNJnD5X-0LWQ4J1aSfimHCFis3lMFp-F0MjJXf9GHH8bA_reh_Tle7ObRGPRv9Er5mC0EDyqs2JLnIp3y4W4aSLYimJptzE0FhgW2fDhKyFYwuZGZ4ySeN1ILPA17Ic8&amp;__tn__=q" target="_blank" rel="noopener"><span class="xt0psk2">www.facebook.com/UrbanGardenNeischmelz</span></a></span></span></div>
<div class="x11i5rnm xat24cr x1mh8g0r x1vvkbs xtlvy1s">–</div>
<div class="x11i5rnm xat24cr x1mh8g0r x1vvkbs xtlvy1s">Accès :<br />
Bus TICE 9 &gt; Skatepark P&amp;R<br />
Train/Zug 60A &gt; Dudelange-Usines<br />
Vël’Ok &gt; CCRD opderschmelz</div>
