{"id":25029,"date":"2024-08-09T12:16:14","date_gmt":"2024-08-09T10:16:14","guid":{"rendered":"https:\/\/www.dudelange.lu\/?post_type=evenement&#038;p=25029"},"modified":"2024-09-10T08:45:21","modified_gmt":"2024-09-10T06:45:21","slug":"vortrag-warum-bewegung-nicht-nur-fit-sondern-auch-intelligent-macht","status":"publish","type":"evenement","link":"https:\/\/www.dudelange.lu\/index.php\/evenement\/vortrag-warum-bewegung-nicht-nur-fit-sondern-auch-intelligent-macht\/","title":{"rendered":"Vortrag: Warum Bewegung nicht nur fit sondern auch intelligent macht"},"content":{"rendered":"<p>Freitag, 20.9.2024 \/ 19:00 \/ Centre culturel opderschmelz (1a, rue du Centenaire, L-3475 Dudelange)<\/p>\n<p><span style=\"color: #ef4030;\"><strong>Kostenlose Anmeldung: <\/strong><\/span><span style=\"text-decoration: underline;\"><a href=\"mailto:gesonddideleng@dudelange.lu\">gesonddiddeleng@dudelange.lu<\/a><\/span> oder Tel. 51 61 21 -576<\/p>\n<p>Bewegung ist eines der fundamentalsten Prinzipien menschlichen Seins. \u00dcber Jahrtausende hat sich der Mensch bewegen m\u00fcssen, um zu \u00fcberleben. Auch die kognitive Entwicklung des Menschen w\u00e4re ohne Bewegung nicht denkbar gewesen.<\/p>\n<p>In einer Zeit, die von Inaktivit\u00e4t und Bewegungsmangel gepr\u00e4gt ist, leidet nicht nur der K\u00f6rper, sondern auch die Seele. Stress, Depressionen, Burnout, Konzentrations- und Aufmerksamkeitsst\u00f6rungen geh\u00f6ren heute zum Alltag. Der Vortrag erkl\u00e4rt uns die neurophysiologischen Prinzipien der k\u00f6rperlichen Aktivit\u00e4t und beleuchtet auf unterhaltsame Weise ihre Auswirkungen auf das Gehirn.<\/p>\n<p>Prof. Dr. Dr. Stefan Schneider<br \/>\n<em>Promovierter Sportwissenschaftler und Theologe. Leitet an der Deutschen Sporthochschule K\u00f6ln das Zentrum f\u00fcr integrative Physiologie im Weltraum. Er referiert weltweit \u00fcber die Zusammenh\u00e4nge von Sport, Bewegung und mentaler Gesundheit.<\/em><\/p>\n<p>In deutscher Sprache mit Simultan\u00fcbersetzung ins Franz\u00f6sische.<\/p>\n<p>&#8211;<\/p>\n<p><span style=\"text-decoration: underline;\">CONF\u00c9RENCE<\/span><br \/>\n\u00ab Pourquoi l\u2019exercice physique rend \u00e9galement intelligent &#8211; Des enfants aux cosmonautes, les effets neurocognitifs de l\u2019exercice physique et du sport \u00bb<\/p>\n<p>Vendredi 20.9.2024 \/ 19:00 \/ Centre culturel opderschmelz (1a, rue du Centenaire, L-3475 Dudelange)<\/p>\n<p><span style=\"color: #ef4030;\"><strong>Inscription gratuite: <\/strong><\/span><span style=\"text-decoration: underline;\"><a href=\"mailto:gesonddideleng@dudelange.lu\">gesonddiddeleng@dudelange.lu<\/a><\/span> ou t\u00e9l. 51 61 21 -576<\/p>\n<p>Le mouvement est l&rsquo;un des principes les plus fondamentaux de l&rsquo;\u00eatre humain. Pendant des mill\u00e9naires, l&rsquo;homme a d\u00fb bouger pour survivre. Le d\u00e9veloppement cognitif de l&rsquo;homme n&rsquo;aurait pas non plus \u00e9t\u00e9 envisageable sans mouvement.<\/p>\n<p>\u00c0 une \u00e9poque marqu\u00e9e par l\u2019inactivit\u00e9 et le manque de mouvement, ce n\u2019est pas seulement le corps qui souffre, mais aussi l\u2019\u00e2me. Stress, d\u00e9pression, burnout, troubles de la concentration et de l\u2019attention font partie du quotidien. La conf\u00e9rence nous explique les principes neurophysiologiques de l\u2019activit\u00e9 physique et met en lumi\u00e8re de mani\u00e8re divertissante leurs effets sur le cerveau.<\/p>\n<p>Prof. Dr. Dr. Stefan Schneider<br \/>\n<em>Docteur en sciences du sport et th\u00e9ologien. Dirige le Centre de physiologie int\u00e9grative dans l\u2019espace \u00e0 l\u2019Universit\u00e9 des sports de Cologne. Il donne des conf\u00e9rences dans le monde entier sur les liens entre le sport, l\u2019activit\u00e9 physique et la sant\u00e9 mentale.<\/em><\/p>\n<p>En langue allemande avec traduction simultan\u00e9e en fran\u00e7ais.<\/p>\n<p>&#8211;<\/p>\n<p><b>Acc\u00e8s\/Anreise<\/b><\/p>\n<p>City Bus 8 &gt; Centre culturel \/ CNA<br \/>\nRGTR Bus 507 &gt; Centre culturel\/CNA<br \/>\nTrain\/Zug 60A &gt; Dudelange-Centre<br \/>\nV\u00ebl\u2019Ok &gt; Centre culturel \/ CNA<\/p>\n","protected":false},"featured_media":25030,"template":["Evenement"],"categories":[],"class_list":["post-25029","evenement","type-evenement","status-publish","has-post-thumbnail","hentry"],"date_from":"2024-09-20 19:00:00","date_to":"2024-09-20 20:30:00","jour_entier":"0","date_debut_affichage":"2024-09-02 07:00:00","date_fin_affichage":"2024-09-20 19:00:00","description_ecran":"","organisateur":"www.dudelange.lu > Agenda","place_name":"Centre culturel opderschmelz","address":"","website":"","prix":[],"place_hotel_de_ville":"1","gare_dudelange_ville":"1","lycee_nic_biever":"1","preview":"1","visuel_prepare":false,"latitude":"","longitude":"","ordre_affichage_ecran":"14","import_id":"","export_id":"","picture_url":"https:\/\/sadudelangedata.blob.core.windows.net\/files\/2024\/08\/Konferenz-Agenda.png","publishpress_future_action":{"enabled":false,"date":"2026-05-07 17:29:23","action":"change-status","newStatus":"trash","terms":[],"taxonomy":"category","extraData":[]},"publishpress_future_workflow_manual_trigger":{"enabledWorkflows":[]},"_links":{"self":[{"href":"https:\/\/www.dudelange.lu\/index.php\/wp-json\/wp\/v2\/evenement\/25029","targetHints":{"allow":["GET"]}}],"collection":[{"href":"https:\/\/www.dudelange.lu\/index.php\/wp-json\/wp\/v2\/evenement"}],"about":[{"href":"https:\/\/www.dudelange.lu\/index.php\/wp-json\/wp\/v2\/types\/evenement"}],"wp:featuredmedia":[{"embeddable":true,"href":"https:\/\/www.dudelange.lu\/index.php\/wp-json\/wp\/v2\/media\/25030"}],"wp:attachment":[{"href":"https:\/\/www.dudelange.lu\/index.php\/wp-json\/wp\/v2\/media?parent=25029"}],"wp:term":[{"taxonomy":"category","embeddable":true,"href":"https:\/\/www.dudelange.lu\/index.php\/wp-json\/wp\/v2\/categories?post=25029"}],"curies":[{"name":"wp","href":"https:\/\/api.w.org\/{rel}","templated":true}]}}

<p>Freitag, 20.9.2024 / 19:00 / Centre culturel opderschmelz (1a, rue du Centenaire, L-3475 Dudelange)</p>
<p><span style="color: #ef4030;"><strong>Kostenlose Anmeldung: </strong></span><span style="text-decoration: underline;"><a href="mailto:gesonddideleng@dudelange.lu">gesonddiddeleng@dudelange.lu</a></span> oder Tel. 51 61 21 -576</p>
<p>Bewegung ist eines der fundamentalsten Prinzipien menschlichen Seins. Über Jahrtausende hat sich der Mensch bewegen müssen, um zu überleben. Auch die kognitive Entwicklung des Menschen wäre ohne Bewegung nicht denkbar gewesen.</p>
<p>In einer Zeit, die von Inaktivität und Bewegungsmangel geprägt ist, leidet nicht nur der Körper, sondern auch die Seele. Stress, Depressionen, Burnout, Konzentrations- und Aufmerksamkeitsstörungen gehören heute zum Alltag. Der Vortrag erklärt uns die neurophysiologischen Prinzipien der körperlichen Aktivität und beleuchtet auf unterhaltsame Weise ihre Auswirkungen auf das Gehirn.</p>
<p>Prof. Dr. Dr. Stefan Schneider<br />
<em>Promovierter Sportwissenschaftler und Theologe. Leitet an der Deutschen Sporthochschule Köln das Zentrum für integrative Physiologie im Weltraum. Er referiert weltweit über die Zusammenhänge von Sport, Bewegung und mentaler Gesundheit.</em></p>
<p>In deutscher Sprache mit Simultanübersetzung ins Französische.</p>
<p>&#8211;</p>
<p><span style="text-decoration: underline;">CONFÉRENCE</span><br />
« Pourquoi l’exercice physique rend également intelligent &#8211; Des enfants aux cosmonautes, les effets neurocognitifs de l’exercice physique et du sport »</p>
<p>Vendredi 20.9.2024 / 19:00 / Centre culturel opderschmelz (1a, rue du Centenaire, L-3475 Dudelange)</p>
<p><span style="color: #ef4030;"><strong>Inscription gratuite: </strong></span><span style="text-decoration: underline;"><a href="mailto:gesonddideleng@dudelange.lu">gesonddiddeleng@dudelange.lu</a></span> ou tél. 51 61 21 -576</p>
<p>Le mouvement est l&rsquo;un des principes les plus fondamentaux de l&rsquo;être humain. Pendant des millénaires, l&rsquo;homme a dû bouger pour survivre. Le développement cognitif de l&rsquo;homme n&rsquo;aurait pas non plus été envisageable sans mouvement.</p>
<p>À une époque marquée par l’inactivité et le manque de mouvement, ce n’est pas seulement le corps qui souffre, mais aussi l’âme. Stress, dépression, burnout, troubles de la concentration et de l’attention font partie du quotidien. La conférence nous explique les principes neurophysiologiques de l’activité physique et met en lumière de manière divertissante leurs effets sur le cerveau.</p>
<p>Prof. Dr. Dr. Stefan Schneider<br />
<em>Docteur en sciences du sport et théologien. Dirige le Centre de physiologie intégrative dans l’espace à l’Université des sports de Cologne. Il donne des conférences dans le monde entier sur les liens entre le sport, l’activité physique et la santé mentale.</em></p>
<p>En langue allemande avec traduction simultanée en français.</p>
<p>&#8211;</p>
<p><b>Accès/Anreise</b></p>
<p>City Bus 8 &gt; Centre culturel / CNA<br />
RGTR Bus 507 &gt; Centre culturel/CNA<br />
Train/Zug 60A &gt; Dudelange-Centre<br />
Vël’Ok &gt; Centre culturel / CNA</p>
