{"id":25097,"date":"2024-08-22T14:50:37","date_gmt":"2024-08-22T12:50:37","guid":{"rendered":"https:\/\/www.dudelange.lu\/?post_type=evenement&#038;p=25097"},"modified":"2024-09-24T07:57:28","modified_gmt":"2024-09-24T05:57:28","slug":"marche-hebdo-ouverture-2024","status":"publish","type":"evenement","link":"https:\/\/www.dudelange.lu\/index.php\/evenement\/marche-hebdo-ouverture-2024\/","title":{"rendered":"Ouverture du march\u00e9 hebdomadaire"},"content":{"rendered":"<p>Attention !<br class=\"html-br\" \/>En raison des conditions m\u00e9t\u00e9orologiques annonc\u00e9es cette semaine, l&rsquo;ouverture de la nouvelle saison sur le march\u00e9 hebdomadaire a \u00e9t\u00e9 report\u00e9e du 26 septembre au 3 octobre !<\/p>\n<p>Ouverture officielle de la saison 2024\/2025 du march\u00e9 hebdomadaire, le jeudi 3 octobre \u00e0 9:00 sur la place de l\u2019H\u00f4tel de Ville. Caf\u00e9 et croissants seront offerts par la Ville de Dudelange.<br \/>\n&#8211;<\/p>\n<p>Opgepasst!<br class=\"html-br\" \/>Bed\u00e9ngt duerch d\u00e9i schlecht Wiederkonditiounen d\u00e9i des Woch gemellt sinn, gouf d&rsquo;Rentr\u00e9e vun der neier Saison um Wochemaart vum 26. September op den 3. Oktober report\u00e9iert!<\/p>\n<p>Offiziell Ouverture vun der Saison 2024\/2025 vum Wochemaart, en Donneschdeg de 26. September um 9 Auer op der Gemengeplaz. D&rsquo;Stad Diddeleng offr\u00e9iert Kaffi a Croissanten.<\/p>\n","protected":false},"featured_media":20370,"template":["Evenement"],"categories":[],"class_list":["post-25097","evenement","type-evenement","status-publish","has-post-thumbnail","hentry"],"date_from":"2024-10-03 09:00:00","date_to":"2024-10-03 10:00:00","jour_entier":"0","date_debut_affichage":"2024-09-19 07:00:00","date_fin_affichage":"2024-10-03 12:00:00","description_ecran":"","organisateur":"www.dudelange.lu","place_name":"Pl. H\u00f4tel de Ville","address":"","website":"","prix":[],"place_hotel_de_ville":"1","gare_dudelange_ville":"1","lycee_nic_biever":"1","preview":"1","visuel_prepare":false,"latitude":"","longitude":"","ordre_affichage_ecran":"8","import_id":"","export_id":"","picture_url":"https:\/\/sadudelangedata.blob.core.windows.net\/files\/2023\/04\/Marche.jpg","publishpress_future_action":{"enabled":false,"date":"2026-05-07 17:28:53","action":"change-status","newStatus":"trash","terms":[],"taxonomy":"category","extraData":[]},"publishpress_future_workflow_manual_trigger":{"enabledWorkflows":[]},"_links":{"self":[{"href":"https:\/\/www.dudelange.lu\/index.php\/wp-json\/wp\/v2\/evenement\/25097","targetHints":{"allow":["GET"]}}],"collection":[{"href":"https:\/\/www.dudelange.lu\/index.php\/wp-json\/wp\/v2\/evenement"}],"about":[{"href":"https:\/\/www.dudelange.lu\/index.php\/wp-json\/wp\/v2\/types\/evenement"}],"wp:featuredmedia":[{"embeddable":true,"href":"https:\/\/www.dudelange.lu\/index.php\/wp-json\/wp\/v2\/media\/20370"}],"wp:attachment":[{"href":"https:\/\/www.dudelange.lu\/index.php\/wp-json\/wp\/v2\/media?parent=25097"}],"wp:term":[{"taxonomy":"category","embeddable":true,"href":"https:\/\/www.dudelange.lu\/index.php\/wp-json\/wp\/v2\/categories?post=25097"}],"curies":[{"name":"wp","href":"https:\/\/api.w.org\/{rel}","templated":true}]}}

Ouverture du marché hebdomadaire

<p>Attention !<br class="html-br" />En raison des conditions météorologiques annoncées cette semaine, l&rsquo;ouverture de la nouvelle saison sur le marché hebdomadaire a été reportée du 26 septembre au 3 octobre !</p>
<p>Ouverture officielle de la saison 2024/2025 du marché hebdomadaire, le jeudi 3 octobre à 9:00 sur la place de l’Hôtel de Ville. Café et croissants seront offerts par la Ville de Dudelange.<br />
&#8211;</p>
<p>Opgepasst!<br class="html-br" />Bedéngt duerch déi schlecht Wiederkonditiounen déi des Woch gemellt sinn, gouf d&rsquo;Rentrée vun der neier Saison um Wochemaart vum 26. September op den 3. Oktober reportéiert!</p>
<p>Offiziell Ouverture vun der Saison 2024/2025 vum Wochemaart, en Donneschdeg de 26. September um 9 Auer op der Gemengeplaz. D&rsquo;Stad Diddeleng offréiert Kaffi a Croissanten.</p>

Pl. Hôtel de Ville
