{"id":25119,"date":"2024-08-27T11:16:22","date_gmt":"2024-08-27T09:16:22","guid":{"rendered":"https:\/\/www.dudelange.lu\/?post_type=evenement&#038;p=25119"},"modified":"2026-08-21T14:50:32","modified_gmt":"2026-08-21T12:50:32","slug":"kannerfloumaart","status":"publish","type":"evenement","link":"https:\/\/www.dudelange.lu\/index.php\/evenement\/kannerfloumaart\/","title":{"rendered":"Kannerfloumaart"},"content":{"rendered":"<p><strong>March\u00e9 aux puces pour enfants \/ Kinderflohmarkt<\/strong><\/p>\n<p>Sam. 19.9.2026 \/ 10:00 &#8211; 16:00 \/ Place de l\u2019H\u00f4tel de Ville<\/p>\n<p>&#8211;<\/p>\n<p><strong>FR \/<\/strong> Venez vendre ou acheter vos jouets, jeux de soci\u00e9t\u00e9, dvd, livres, jeux vid\u00e9os&#8230;<br \/>\n(ni v\u00eatements, ni chaussures!).<\/p>\n<ul>\n<li><strong>Pas de r\u00e9servation possible<\/strong>. Installez-vous d\u00e8s 8:00.<\/li>\n<li>Une <strong>participation de 5 \u20ac<\/strong> au profit de Diddeleng H\u00eblleft vous sera demand\u00e9e par emplacement.<\/li>\n<li>Une table et un banc pourront \u00eatre mis \u00e0 votre disposition.<\/li>\n<\/ul>\n<p><strong>DE \/<\/strong> Kaufen oder verkaufen Sie Spielzeug, Gesellschaftsspiele, DVDs, B\u00fccher, Videospiele&#8230;<br \/>\n(Keine Kleidung oder Schuhe!).<\/p>\n<ul>\n<li><strong>Keine Platzreservierung m\u00f6glich.<\/strong> Sie k\u00f6nnen ab 8:00 ausstellen.<\/li>\n<li>F\u00fcr die Bereitstellung eines Stellplatzes wird ein<strong> Beitrag von 5 \u20ac<\/strong> zugunsten von Diddeleng H\u00eblleft erhoben.<\/li>\n<li>Ein Tisch und eine Bank k\u00f6nnen Ihnen zur Verf\u00fcgung gestellt werden.<\/li>\n<\/ul>\n<p>&#8211;<\/p>\n<p>Acc\u00e8s\/Anreise:<\/p>\n<ul>\n<li>Bus 5, 8, 9, 10, 631, 651, DudBus1 (Champs-Vall\u00e9e) &gt; Gemeng<\/li>\n<li>Train\/Zug 60a &gt; Dudelange-Centre<\/li>\n<li>V\u00ebl\u2019Ok &gt; Place de l\u2019H\u00f4tel de Ville<\/li>\n<li>Parking \u00e0 v\u00e9los\/Fahrradstellpl\u00e4tze &gt; Place de l\u2019H\u00f4tel de Ville<\/li>\n<li>Infos :\u00a0<a title=\"Www.mobiliteit.lu\" href=\"http:\/\/www.mobiliteit.lu\/\" target=\"_blank\" rel=\"noopener\">www.mobiliteit.lu<\/a>\u00a0\/\u00a0<a title=\"Www.velok.lu\" href=\"http:\/\/www.velok.lu\/\" target=\"_blank\" rel=\"noopener\">www.velok.lu<\/a><\/li>\n<\/ul>\n<p>&#8211;<\/p>\n<p>INFOS<\/p>\n<p>Ville de Dudelange<br \/>\nService F\u00eates et Manifestations<br \/>\nT 516121-3430<br \/>\n<span style=\"text-decoration: underline;\"><a href=\"mailto:fetes@dudelange.lu\">fetes@dudelange.lu<\/a><\/span><\/p>\n","protected":false},"featured_media":25120,"template":["Evenement"],"categories":[],"class_list":["post-25119","evenement","type-evenement","status-publish","has-post-thumbnail","hentry"],"date_from":"2026-09-19 10:00:00","date_to":"2026-09-19 16:00:00","jour_entier":"0","date_debut_affichage":"2026-08-27 07:00:00","date_fin_affichage":"2026-09-19 16:00:00","description_ecran":"","organisateur":"www.dudelange.lu > Agenda","place_name":"Pl. H\u00f4tel de Ville","address":"","website":"","prix":[],"place_hotel_de_ville":"1","gare_dudelange_ville":"1","lycee_nic_biever":"1","preview":"1","visuel_prepare":false,"latitude":"","longitude":"","ordre_affichage_ecran":"10","import_id":"","export_id":"","picture_url":"https:\/\/sadudelangedata.blob.core.windows.net\/files\/2024\/08\/Marche-aux-puces-web.png","publishpress_future_action":{"enabled":false,"date":"2026-09-08 08:37:59","action":"change-status","newStatus":"trash","terms":[],"taxonomy":"category","extraData":[]},"publishpress_future_workflow_manual_trigger":{"enabledWorkflows":[]},"_links":{"self":[{"href":"https:\/\/www.dudelange.lu\/index.php\/wp-json\/wp\/v2\/evenement\/25119","targetHints":{"allow":["GET"]}}],"collection":[{"href":"https:\/\/www.dudelange.lu\/index.php\/wp-json\/wp\/v2\/evenement"}],"about":[{"href":"https:\/\/www.dudelange.lu\/index.php\/wp-json\/wp\/v2\/types\/evenement"}],"wp:featuredmedia":[{"embeddable":true,"href":"https:\/\/www.dudelange.lu\/index.php\/wp-json\/wp\/v2\/media\/25120"}],"wp:attachment":[{"href":"https:\/\/www.dudelange.lu\/index.php\/wp-json\/wp\/v2\/media?parent=25119"}],"wp:term":[{"taxonomy":"category","embeddable":true,"href":"https:\/\/www.dudelange.lu\/index.php\/wp-json\/wp\/v2\/categories?post=25119"}],"curies":[{"name":"wp","href":"https:\/\/api.w.org\/{rel}","templated":true}]}}

<p><strong>Marché aux puces pour enfants / Kinderflohmarkt</strong></p>
<p>Sam. 19.9.2026 / 10:00 &#8211; 16:00 / Place de l’Hôtel de Ville</p>
<p>&#8211;</p>
<p><strong>FR /</strong> Venez vendre ou acheter vos jouets, jeux de société, dvd, livres, jeux vidéos&#8230;<br />
(ni vêtements, ni chaussures!).</p>
<ul>
<li><strong>Pas de réservation possible</strong>. Installez-vous dès 8:00.</li>
<li>Une <strong>participation de 5 €</strong> au profit de Diddeleng Hëlleft vous sera demandée par emplacement.</li>
<li>Une table et un banc pourront être mis à votre disposition.</li>
</ul>
<p><strong>DE /</strong> Kaufen oder verkaufen Sie Spielzeug, Gesellschaftsspiele, DVDs, Bücher, Videospiele&#8230;<br />
(Keine Kleidung oder Schuhe!).</p>
<ul>
<li><strong>Keine Platzreservierung möglich.</strong> Sie können ab 8:00 ausstellen.</li>
<li>Für die Bereitstellung eines Stellplatzes wird ein<strong> Beitrag von 5 €</strong> zugunsten von Diddeleng Hëlleft erhoben.</li>
<li>Ein Tisch und eine Bank können Ihnen zur Verfügung gestellt werden.</li>
</ul>
<p>&#8211;</p>
<p>Accès/Anreise:</p>
<ul>
<li>Bus 5, 8, 9, 10, 631, 651, DudBus1 (Champs-Vallée) &gt; Gemeng</li>
<li>Train/Zug 60a &gt; Dudelange-Centre</li>
<li>Vël’Ok &gt; Place de l’Hôtel de Ville</li>
<li>Parking à vélos/Fahrradstellplätze &gt; Place de l’Hôtel de Ville</li>
<li>Infos : <a title="Www.mobiliteit.lu" href="http://www.mobiliteit.lu/" target="_blank" rel="noopener">www.mobiliteit.lu</a> / <a title="Www.velok.lu" href="http://www.velok.lu/" target="_blank" rel="noopener">www.velok.lu</a></li>
</ul>
<p>&#8211;</p>
<p>INFOS</p>
<p>Ville de Dudelange<br />
Service Fêtes et Manifestations<br />
T 516121-3430<br />
<span style="text-decoration: underline;"><a href="mailto:fetes@dudelange.lu">fetes@dudelange.lu</a></span></p>

Pl. Hôtel de Ville
