{"id":25336,"date":"2024-09-23T16:47:34","date_gmt":"2024-09-23T14:47:34","guid":{"rendered":"https:\/\/www.dudelange.lu\/?post_type=evenement&#038;p=25336"},"modified":"2024-10-04T16:04:42","modified_gmt":"2024-10-04T14:04:42","slug":"cna-youth-corner-photo-fantomes","status":"publish","type":"evenement","link":"https:\/\/www.dudelange.lu\/index.php\/evenement\/cna-youth-corner-photo-fantomes\/","title":{"rendered":"CNA Youth Corner Photo &#8211; Chasseurs de fant\u00f4mes"},"content":{"rendered":"<p><strong>Chasseurs de fant\u00f4mes<br \/>\n<\/strong>(dans le cadre de l\u2019exposition\u00a0<em>Traces of Time<\/em>\u00a0de Kay Walkowiak)<\/p>\n<p>Dans le temps, des photographes ont pu faire croire au public qu\u2019ils avaient capt\u00e9, sur leurs pellicules, la preuve de l\u2019existence de fant\u00f4mes. Leurs clich\u00e9s myst\u00e9rieux sont devenus c\u00e9l\u00e8bres. Mais comment ont-ils fait ? Dans cet atelier, tu d\u00e9couvriras comment utiliser le mouvement et un temps de pose long pour cr\u00e9er des images envo\u00fbtantes \u2500 mais moins effrayantes.<\/p>\n<p>L\u2019atelier se d\u00e9roule dans le cadre de l\u2019exposition\u00a0<em>Traces of Time<\/em> de Kay Walkowiak, qui explore la notion et la nature complexes du temps.<\/p>\n<p>Intervenante\u00a0: N\u00e9ckel Scholtus, auteure photographe<\/p>\n<p><strong>12.10. &gt; 10:00-12:30 &gt; 6-11 ans<br \/>\n12.10. &gt; <\/strong><strong>14:00-17:00 &gt; 12-16 ans<\/strong><\/p>\n<p>Lieu : CNA &#8211; 1b, rue du Centenaire, 3475 Dudelange, Luxembourg<br \/>\nPrix : 10\u20ac<br \/>\nNombre de Participants : 8<\/p>\n<p>&#8211;<\/p>\n<p><strong>INSCRIPTION<\/strong><\/p>\n<p>Veuillez transmettre : nom et pr\u00e9nom, date de naissance de votre enfant, adresse e-mail et num\u00e9ro de t\u00e9l\u00e9phone joignable d\u2019un parent ou tuteur \u00e0 <a title=\"Envoyer un email \u00e0 youthcorner@cna.etat.lu - Nouvelle fen\u00eatre\" href=\"mailto:youthcorner@cna.etat.lu\" target=\"_blank\" rel=\"noopener\"><span style=\"text-decoration: underline;\">youthcorner@cna.etat.lu<\/span><\/a><\/p>\n<p>&#8211;<\/p>\n<p><strong>INFOS<\/strong><br \/>\nCentre national de l&rsquo;audiovisuel<br \/>\n1b, rue du Centenaire, 3475 Dudelange, Luxembourg<br \/>\nT\u00e9l. 52 24 24 &#8211; 1<br \/>\n<span style=\"text-decoration: underline;\"><a href=\"http:\/\/www.cna.lu\">www.cna.lu<\/a><\/span><\/p>\n","protected":false},"featured_media":25339,"template":["Evenement"],"categories":[],"class_list":["post-25336","evenement","type-evenement","status-publish","has-post-thumbnail","hentry"],"date_from":"2024-10-12 10:00:00","date_to":"2024-10-12 17:00:00","jour_entier":"0","date_debut_affichage":"2024-10-01 07:00:00","date_fin_affichage":"2024-10-12 10:00:00","description_ecran":"","organisateur":"www.cna.lu","place_name":"CNA","address":"","website":"https:\/\/www.cna.lu","prix":[],"place_hotel_de_ville":"1","gare_dudelange_ville":"1","lycee_nic_biever":"1","preview":"1","visuel_prepare":false,"latitude":"","longitude":"","ordre_affichage_ecran":"10","import_id":"","export_id":"","picture_url":"https:\/\/sadudelangedata.blob.core.windows.net\/files\/2024\/09\/YouthCorner04.png","publishpress_future_action":{"enabled":false,"date":"2026-05-08 16:17:28","action":"change-status","newStatus":"trash","terms":[],"taxonomy":"category","extraData":[]},"publishpress_future_workflow_manual_trigger":{"enabledWorkflows":[]},"_links":{"self":[{"href":"https:\/\/www.dudelange.lu\/index.php\/wp-json\/wp\/v2\/evenement\/25336","targetHints":{"allow":["GET"]}}],"collection":[{"href":"https:\/\/www.dudelange.lu\/index.php\/wp-json\/wp\/v2\/evenement"}],"about":[{"href":"https:\/\/www.dudelange.lu\/index.php\/wp-json\/wp\/v2\/types\/evenement"}],"wp:featuredmedia":[{"embeddable":true,"href":"https:\/\/www.dudelange.lu\/index.php\/wp-json\/wp\/v2\/media\/25339"}],"wp:attachment":[{"href":"https:\/\/www.dudelange.lu\/index.php\/wp-json\/wp\/v2\/media?parent=25336"}],"wp:term":[{"taxonomy":"category","embeddable":true,"href":"https:\/\/www.dudelange.lu\/index.php\/wp-json\/wp\/v2\/categories?post=25336"}],"curies":[{"name":"wp","href":"https:\/\/api.w.org\/{rel}","templated":true}]}}

CNA Youth Corner Photo &#8211; Chasseurs de fantômes

<p><strong>Chasseurs de fantômes<br />
</strong>(dans le cadre de l’exposition <em>Traces of Time</em> de Kay Walkowiak)</p>
<p>Dans le temps, des photographes ont pu faire croire au public qu’ils avaient capté, sur leurs pellicules, la preuve de l’existence de fantômes. Leurs clichés mystérieux sont devenus célèbres. Mais comment ont-ils fait ? Dans cet atelier, tu découvriras comment utiliser le mouvement et un temps de pose long pour créer des images envoûtantes ─ mais moins effrayantes.</p>
<p>L’atelier se déroule dans le cadre de l’exposition <em>Traces of Time</em> de Kay Walkowiak, qui explore la notion et la nature complexes du temps.</p>
<p>Intervenante : Néckel Scholtus, auteure photographe</p>
<p><strong>12.10. &gt; 10:00-12:30 &gt; 6-11 ans<br />
12.10. &gt; </strong><strong>14:00-17:00 &gt; 12-16 ans</strong></p>
<p>Lieu : CNA &#8211; 1b, rue du Centenaire, 3475 Dudelange, Luxembourg<br />
Prix : 10€<br />
Nombre de Participants : 8</p>
<p>&#8211;</p>
<p><strong>INSCRIPTION</strong></p>
<p>Veuillez transmettre : nom et prénom, date de naissance de votre enfant, adresse e-mail et numéro de téléphone joignable d’un parent ou tuteur à <a title="Envoyer un email à youthcorner@cna.etat.lu - Nouvelle fenêtre" href="mailto:youthcorner@cna.etat.lu" target="_blank" rel="noopener"><span style="text-decoration: underline;">youthcorner@cna.etat.lu</span></a></p>
<p>&#8211;</p>
<p><strong>INFOS</strong><br />
Centre national de l&rsquo;audiovisuel<br />
1b, rue du Centenaire, 3475 Dudelange, Luxembourg<br />
Tél. 52 24 24 &#8211; 1<br />
<span style="text-decoration: underline;"><a href="http://www.cna.lu">www.cna.lu</a></span></p>
