{"id":25532,"date":"2024-10-04T04:03:36","date_gmt":"2024-10-04T02:03:36","guid":{"rendered":"https:\/\/www.dudelange.lu\/index.php\/evenement\/norma-jeane-baker-de-troie\/"},"modified":"2024-10-05T04:02:16","modified_gmt":"2024-10-05T02:02:16","slug":"norma-jeane-baker-de-troie","status":"publish","type":"evenement","link":"https:\/\/www.dudelange.lu\/index.php\/evenement\/norma-jeane-baker-de-troie\/","title":{"rendered":"Norma Jeane Baker de Troie"},"content":{"rendered":"<p>\n\tCe sont deux figures f\u00e9minines c\u00e9l\u00e8bres \u00e0 travers le monde qui se sont construites une image, une illusion pour garantir leur survie. Les dieux cachent H\u00e9l\u00e8ne en Egypte, tandis que Paris enl\u00e8ve un nuage qui a son apparence. Norma Jeane construit son propre mythe, Marilyn Monroe, la star hollywoodienne par excellence.<\/p>\n<p>\n\tMais, ces deux femmes ne seraient-elles que des illusions ? En tout cas elles sont l\u2019objet du d\u00e9sir. Elles d\u00e9clenchent des envies de domination et de possession, provoquent des guerres. Elles sont le bien le plus pr\u00e9cieux, le casus belli, et le troph\u00e9e de guerre.<\/p>\n<p>\n\tAnne Carson nous raconte l\u2019histoire de toutes les femmes \u00e0 travers ces deux figures l\u00e9gendaires.<\/p>\n<p>\n\tCette pi\u00e8ce est une trag\u00e9die, mais comme le disait Marilyn: \u00ab\u00a0Garde le ballon et ose ne pas t\u2019inqui\u00e9ter.\u00bb<\/p>\n<p dir=\"ltr\">\n\t<strong>Une production <em>Bombyx<\/em> en partenariat avec la <em>Compagnie 22<\/em>.<\/strong><br \/><strong>Avec le soutien de <em>opderschmelz<\/em>, Ville de Dudelange, Minist\u00e8re de la Culture, <em>Kulturfabrik<\/em>, Fondation Ind\u00e9pendance, Espace Bernard Marie Kolt\u00e8s<\/strong><\/p>\n","protected":false},"featured_media":25635,"template":"","categories":[],"class_list":["post-25532","evenement","type-evenement","status-publish","has-post-thumbnail","hentry"],"date_from":"2024-10-07 20:00:00","date_to":"0000-00-00 00:00:00","jour_entier":"0","date_debut_affichage":"","date_fin_affichage":"","description_ecran":"","organisateur":"","place_name":"opderschmelz - Grand Auditoire","address":"","website":"https:\/\/opderschmelz.lu\/","prix":[],"place_hotel_de_ville":[],"gare_dudelange_ville":[],"lycee_nic_biever":[],"preview":[],"visuel_prepare":false,"latitude":"","longitude":"","ordre_affichage_ecran":"0","import_id":"2032","export_id":"","picture_url":"https:\/\/www.dudelange.lu\/wp-content\/uploads\/2024\/10\/Unknown-3.jpeg","publishpress_future_action":{"enabled":false,"date":"2026-05-06 15:40:14","action":"change-status","newStatus":"trash","terms":[],"taxonomy":"category","extraData":[]},"publishpress_future_workflow_manual_trigger":{"enabledWorkflows":[]},"_links":{"self":[{"href":"https:\/\/www.dudelange.lu\/index.php\/wp-json\/wp\/v2\/evenement\/25532","targetHints":{"allow":["GET"]}}],"collection":[{"href":"https:\/\/www.dudelange.lu\/index.php\/wp-json\/wp\/v2\/evenement"}],"about":[{"href":"https:\/\/www.dudelange.lu\/index.php\/wp-json\/wp\/v2\/types\/evenement"}],"wp:featuredmedia":[{"embeddable":true,"href":"https:\/\/www.dudelange.lu\/index.php\/wp-json\/wp\/v2\/media\/25635"}],"wp:attachment":[{"href":"https:\/\/www.dudelange.lu\/index.php\/wp-json\/wp\/v2\/media?parent=25532"}],"wp:term":[{"taxonomy":"category","embeddable":true,"href":"https:\/\/www.dudelange.lu\/index.php\/wp-json\/wp\/v2\/categories?post=25532"}],"curies":[{"name":"wp","href":"https:\/\/api.w.org\/{rel}","templated":true}]}}

<p>
	Ce sont deux figures féminines célèbres à travers le monde qui se sont construites une image, une illusion pour garantir leur survie. Les dieux cachent Hélène en Egypte, tandis que Paris enlève un nuage qui a son apparence. Norma Jeane construit son propre mythe, Marilyn Monroe, la star hollywoodienne par excellence.</p>
<p>
	Mais, ces deux femmes ne seraient-elles que des illusions ? En tout cas elles sont l’objet du désir. Elles déclenchent des envies de domination et de possession, provoquent des guerres. Elles sont le bien le plus précieux, le casus belli, et le trophée de guerre.</p>
<p>
	Anne Carson nous raconte l’histoire de toutes les femmes à travers ces deux figures légendaires.</p>
<p>
	Cette pièce est une tragédie, mais comme le disait Marilyn: « Garde le ballon et ose ne pas t’inquiéter.»</p>
<p dir="ltr">
	<strong>Une production <em>Bombyx</em> en partenariat avec la <em>Compagnie 22</em>.</strong><br /><strong>Avec le soutien de <em>opderschmelz</em>, Ville de Dudelange, Ministère de la Culture, <em>Kulturfabrik</em>, Fondation Indépendance, Espace Bernard Marie Koltès</strong></p>
