{"id":25932,"date":"2024-11-07T16:57:27","date_gmt":"2024-11-07T15:57:27","guid":{"rendered":"https:\/\/www.dudelange.lu\/?post_type=evenement&#038;p=25932"},"modified":"2024-11-07T16:57:27","modified_gmt":"2024-11-07T15:57:27","slug":"ecole-de-musique-concert-dautomne-kayl-tetange","status":"publish","type":"evenement","link":"https:\/\/www.dudelange.lu\/index.php\/evenement\/ecole-de-musique-concert-dautomne-kayl-tetange\/","title":{"rendered":"\u00c9cole de musique: Concert d&rsquo;Automne Kayl-T\u00e9tange"},"content":{"rendered":"<div class=\"xdj266r x11i5rnm xat24cr x1mh8g0r x1vvkbs\">Les premiers rendez-vous de l\u2019ann\u00e9e scolaire sont traditionnellement pr\u00e9vus dans les communes de Bettembourg, Roeser, Weiler-la-Tour et Kayl.<\/div>\n<div><\/div>\n<div class=\"x11i5rnm xat24cr x1mh8g0r x1vvkbs xtlvy1s\">Nos \u00e9l\u00e8ves vous font d\u00e9guster les fruits d\u2019Automne, des bouquets musicaux color\u00e9s et vari\u00e9s en tant que soliste ou sous diverses formes d\u2019ensembles.<\/div>\n<div><\/div>\n<div class=\"x11i5rnm xat24cr x1mh8g0r x1vvkbs xtlvy1s\">Chaque concert pr\u00e9voit un autre programme avec des groupes instrumentaux vari\u00e9s, aucune pi\u00e8ce n\u2019est rejou\u00e9e. Pour profiter pleinement des couleurs automnales, il vous suffit d\u2019assister au cycle complet.<\/div>\n","protected":false},"featured_media":25933,"template":"","categories":[],"class_list":["post-25932","evenement","type-evenement","status-publish","has-post-thumbnail","hentry"],"date_from":"2024-11-11 18:30:00","date_to":"2024-11-11 19:30:00","jour_entier":"0","date_debut_affichage":"0000-00-00 00:00:00","date_fin_affichage":"0000-00-00 00:00:00","description_ecran":"","organisateur":"","place_name":"Schungfabrik T\u00e9tange","address":"","website":"https:\/\/emdudelange.lu\/","prix":"0.00","place_hotel_de_ville":"0","gare_dudelange_ville":"0","lycee_nic_biever":"0","preview":"0","visuel_prepare":false,"latitude":"","longitude":"","ordre_affichage_ecran":"0","import_id":"","export_id":"Response does not contain ID.","picture_url":"https:\/\/sadudelangedata.blob.core.windows.net\/files\/2024\/11\/466050832_1361304431978834_5766837749373178051_n.jpg","publishpress_future_action":{"enabled":false,"date":"2026-05-09 12:14:28","action":"change-status","newStatus":"trash","terms":[],"taxonomy":"category","extraData":[]},"publishpress_future_workflow_manual_trigger":{"enabledWorkflows":[]},"_links":{"self":[{"href":"https:\/\/www.dudelange.lu\/index.php\/wp-json\/wp\/v2\/evenement\/25932","targetHints":{"allow":["GET"]}}],"collection":[{"href":"https:\/\/www.dudelange.lu\/index.php\/wp-json\/wp\/v2\/evenement"}],"about":[{"href":"https:\/\/www.dudelange.lu\/index.php\/wp-json\/wp\/v2\/types\/evenement"}],"wp:featuredmedia":[{"embeddable":true,"href":"https:\/\/www.dudelange.lu\/index.php\/wp-json\/wp\/v2\/media\/25933"}],"wp:attachment":[{"href":"https:\/\/www.dudelange.lu\/index.php\/wp-json\/wp\/v2\/media?parent=25932"}],"wp:term":[{"taxonomy":"category","embeddable":true,"href":"https:\/\/www.dudelange.lu\/index.php\/wp-json\/wp\/v2\/categories?post=25932"}],"curies":[{"name":"wp","href":"https:\/\/api.w.org\/{rel}","templated":true}]}}

École de musique: Concert d&rsquo;Automne Kayl-Tétange

<div class="xdj266r x11i5rnm xat24cr x1mh8g0r x1vvkbs">Les premiers rendez-vous de l’année scolaire sont traditionnellement prévus dans les communes de Bettembourg, Roeser, Weiler-la-Tour et Kayl.</div>
<div></div>
<div class="x11i5rnm xat24cr x1mh8g0r x1vvkbs xtlvy1s">Nos élèves vous font déguster les fruits d’Automne, des bouquets musicaux colorés et variés en tant que soliste ou sous diverses formes d’ensembles.</div>
<div></div>
<div class="x11i5rnm xat24cr x1mh8g0r x1vvkbs xtlvy1s">Chaque concert prévoit un autre programme avec des groupes instrumentaux variés, aucune pièce n’est rejouée. Pour profiter pleinement des couleurs automnales, il vous suffit d’assister au cycle complet.</div>

Schungfabrik Tétange
