{"id":26764,"date":"2025-02-13T09:56:48","date_gmt":"2025-02-13T08:56:48","guid":{"rendered":"https:\/\/www.dudelange.lu\/?post_type=evenement&#038;p=26764"},"modified":"2026-04-03T15:14:59","modified_gmt":"2026-04-03T13:14:59","slug":"marche-aux-puces-26","status":"publish","type":"evenement","link":"https:\/\/www.dudelange.lu\/index.php\/evenement\/marche-aux-puces-26\/","title":{"rendered":"March\u00e9 aux puces"},"content":{"rendered":"<p>De 8:00 \u00e0 17:00, la place de l&rsquo;H\u00f4tel de Ville accueille le march\u00e9 aux puces, organis\u00e9 par le Service \u00e9cologique.<\/p>\n<p>Von 8:00 bis 17:00 findet auf dem Rathausplatz ein Flohmarkt statt, der vom Umweltamt organisiert wird.<\/p>\n<hr \/>\n<p>Acc\u00e8s\/Anreise:<\/p>\n<ul>\n<li>Bus 5, 8, 9, 10, 631, DudBus1 (Champs-Vall\u00e9e) &gt; Gemeng<\/li>\n<li>Train\/Zug 60a &gt; Dudelange-Centre<\/li>\n<li>V\u00ebl\u2019Ok &gt; Place de l\u2019H\u00f4tel de Ville<\/li>\n<li>Infos :\u00a0<a title=\"Www.mobiliteit.lu\" href=\"http:\/\/www.mobiliteit.lu\/\" target=\"_blank\" rel=\"noopener\"><span style=\"text-decoration: underline;\">www.mobiliteit.lu<\/span><\/a>\u00a0\/\u00a0<span style=\"text-decoration: underline;\"><a title=\"Www.velok.lu\" href=\"http:\/\/www.velok.lu\/\" target=\"_blank\" rel=\"noopener\">www.velok.lu<\/a><\/span><\/li>\n<\/ul>\n","protected":false},"featured_media":24029,"template":["Evenement"],"categories":[],"class_list":["post-26764","evenement","type-evenement","status-publish","has-post-thumbnail","hentry"],"date_from":"2026-05-16 08:00:00","date_to":"2026-05-16 17:00:00","jour_entier":"0","date_debut_affichage":"2026-04-23 07:00:00","date_fin_affichage":"2026-05-17 17:00:00","description_ecran":"","organisateur":"www.dudelange.lu > Agenda","place_name":"Pl. H\u00f4tel de Ville","address":"","website":"","prix":"0.00","place_hotel_de_ville":"1","gare_dudelange_ville":"1","lycee_nic_biever":"1","preview":"1","visuel_prepare":false,"latitude":"","longitude":"","ordre_affichage_ecran":"21","import_id":"","export_id":"marche-aux-puces-daD7DK","picture_url":"https:\/\/sadudelangedata.blob.core.windows.net\/files\/2024\/04\/marche-aux-puces.png","publishpress_future_action":{"enabled":false,"date":"2026-05-08 03:21:22","action":"change-status","newStatus":"trash","terms":[],"taxonomy":"category","extraData":[]},"publishpress_future_workflow_manual_trigger":{"enabledWorkflows":[]},"_links":{"self":[{"href":"https:\/\/www.dudelange.lu\/index.php\/wp-json\/wp\/v2\/evenement\/26764","targetHints":{"allow":["GET"]}}],"collection":[{"href":"https:\/\/www.dudelange.lu\/index.php\/wp-json\/wp\/v2\/evenement"}],"about":[{"href":"https:\/\/www.dudelange.lu\/index.php\/wp-json\/wp\/v2\/types\/evenement"}],"wp:featuredmedia":[{"embeddable":true,"href":"https:\/\/www.dudelange.lu\/index.php\/wp-json\/wp\/v2\/media\/24029"}],"wp:attachment":[{"href":"https:\/\/www.dudelange.lu\/index.php\/wp-json\/wp\/v2\/media?parent=26764"}],"wp:term":[{"taxonomy":"category","embeddable":true,"href":"https:\/\/www.dudelange.lu\/index.php\/wp-json\/wp\/v2\/categories?post=26764"}],"curies":[{"name":"wp","href":"https:\/\/api.w.org\/{rel}","templated":true}]}}

Marché aux puces

<p>De 8:00 à 17:00, la place de l&rsquo;Hôtel de Ville accueille le marché aux puces, organisé par le Service écologique.</p>
<p>Von 8:00 bis 17:00 findet auf dem Rathausplatz ein Flohmarkt statt, der vom Umweltamt organisiert wird.</p>
<hr />
<p>Accès/Anreise:</p>
<ul>
<li>Bus 5, 8, 9, 10, 631, DudBus1 (Champs-Vallée) &gt; Gemeng</li>
<li>Train/Zug 60a &gt; Dudelange-Centre</li>
<li>Vël’Ok &gt; Place de l’Hôtel de Ville</li>
<li>Infos : <a title="Www.mobiliteit.lu" href="http://www.mobiliteit.lu/" target="_blank" rel="noopener"><span style="text-decoration: underline;">www.mobiliteit.lu</span></a> / <span style="text-decoration: underline;"><a title="Www.velok.lu" href="http://www.velok.lu/" target="_blank" rel="noopener">www.velok.lu</a></span></li>
</ul>

Pl. Hôtel de Ville
