{"id":26779,"date":"2025-02-13T11:20:52","date_gmt":"2025-02-13T10:20:52","guid":{"rendered":"https:\/\/www.dudelange.lu\/?post_type=evenement&#038;p=26779"},"modified":"2025-06-02T08:44:50","modified_gmt":"2025-06-02T06:44:50","slug":"journee-de-la-famille-2025","status":"publish","type":"evenement","link":"https:\/\/www.dudelange.lu\/index.php\/evenement\/journee-de-la-famille-2025\/","title":{"rendered":"Journ\u00e9e de la Famille et du Sport"},"content":{"rendered":"<p>Participez avec vos enfants aux nombreuses activit\u00e9s et aux jeux r\u00e9partis sur diff\u00e9rents sites au Centre-Ville, informez-vous aux stands, \u00e9changez informations et bons plans avec d\u2019autres familles et passez une apr\u00e8s-midi dans une ambiance conviviale et familiale.<\/p>\n<p>&#8211;<\/p>\n<p>Nehmen Sie mit Ihren Kindern an den zahlreichen Aktivit\u00e4ten und Spielen teil, die auf verschiedene Standorte im Stadtzentrum verteilt sind, informieren Sie sich an den St\u00e4nden, tauschen Sie Informationen und gute Tipps mit anderen Familien aus und verbringen Sie einen Nachmittag in einer freundlichen und famili\u00e4ren Atmosph\u00e4re.<\/p>\n<p>&#8211;<\/p>\n<p>[PDF] <span style=\"text-decoration: underline;\"><span style=\"color: #ef4030; text-decoration: underline;\"><a style=\"color: #ef4030; text-decoration: underline;\" href=\"https:\/\/sadudelangedata.blob.core.windows.net\/files\/2025\/02\/FDLF-2025-DEF.pdf\" target=\"_blank\" rel=\"noopener\">Flyer Programm Familljendag<\/a><\/span><\/span><\/p>\n<p>Acc\u00e8s\/Anreise:<\/p>\n<ul>\n<li>Bus 4, 5, 8, 9, 631, DudBus1 (Champs-Vall\u00e9e) &gt; Gemeng<\/li>\n<li>Train\/Zug 60A &gt; Dudelange-Centre<\/li>\n<li>V\u00ebl\u2019Ok &gt; Place de l\u2019H\u00f4tel de Ville<\/li>\n<li>Infos :\u00a0<a title=\"Www.mobiliteit.lu\" href=\"http:\/\/www.mobiliteit.lu\/\">www.mobiliteit.lu<\/a>\u00a0\/\u00a0<a title=\"Www.velok.lu\" href=\"http:\/\/www.velok.lu\/\">www.velok.lu<\/a><\/li>\n<\/ul>\n","protected":false},"featured_media":26807,"template":["Evenement"],"categories":[],"class_list":["post-26779","evenement","type-evenement","status-publish","has-post-thumbnail","hentry"],"date_from":"2025-06-14 11:00:00","date_to":"2025-06-14 19:00:00","jour_entier":"0","date_debut_affichage":"2025-05-24 07:00:00","date_fin_affichage":"2025-06-14 19:00:00","description_ecran":"","organisateur":"www.dudelange.lu > Agenda","place_name":"Centre-ville","address":"","website":"","prix":"0.00","place_hotel_de_ville":"1","gare_dudelange_ville":"1","lycee_nic_biever":"1","preview":"1","visuel_prepare":false,"latitude":"","longitude":"","ordre_affichage_ecran":"19","import_id":"","export_id":"journee-de-la-famille-otZ9Xt","picture_url":"https:\/\/sadudelangedata.blob.core.windows.net\/files\/2025\/02\/Journee-Famille.png","publishpress_future_action":{"enabled":false,"date":"2026-05-06 08:16:58","action":"change-status","newStatus":"trash","terms":[],"taxonomy":"category","extraData":[]},"publishpress_future_workflow_manual_trigger":{"enabledWorkflows":[]},"_links":{"self":[{"href":"https:\/\/www.dudelange.lu\/index.php\/wp-json\/wp\/v2\/evenement\/26779","targetHints":{"allow":["GET"]}}],"collection":[{"href":"https:\/\/www.dudelange.lu\/index.php\/wp-json\/wp\/v2\/evenement"}],"about":[{"href":"https:\/\/www.dudelange.lu\/index.php\/wp-json\/wp\/v2\/types\/evenement"}],"wp:featuredmedia":[{"embeddable":true,"href":"https:\/\/www.dudelange.lu\/index.php\/wp-json\/wp\/v2\/media\/26807"}],"wp:attachment":[{"href":"https:\/\/www.dudelange.lu\/index.php\/wp-json\/wp\/v2\/media?parent=26779"}],"wp:term":[{"taxonomy":"category","embeddable":true,"href":"https:\/\/www.dudelange.lu\/index.php\/wp-json\/wp\/v2\/categories?post=26779"}],"curies":[{"name":"wp","href":"https:\/\/api.w.org\/{rel}","templated":true}]}}

Journée de la Famille et du Sport

<p>Participez avec vos enfants aux nombreuses activités et aux jeux répartis sur différents sites au Centre-Ville, informez-vous aux stands, échangez informations et bons plans avec d’autres familles et passez une après-midi dans une ambiance conviviale et familiale.</p>
<p>&#8211;</p>
<p>Nehmen Sie mit Ihren Kindern an den zahlreichen Aktivitäten und Spielen teil, die auf verschiedene Standorte im Stadtzentrum verteilt sind, informieren Sie sich an den Ständen, tauschen Sie Informationen und gute Tipps mit anderen Familien aus und verbringen Sie einen Nachmittag in einer freundlichen und familiären Atmosphäre.</p>
<p>&#8211;</p>
<p>[PDF] <span style="text-decoration: underline;"><span style="color: #ef4030; text-decoration: underline;"><a style="color: #ef4030; text-decoration: underline;" href="https://sadudelangedata.blob.core.windows.net/files/2025/02/FDLF-2025-DEF.pdf" target="_blank" rel="noopener">Flyer Programm Familljendag</a></span></span></p>
<p>Accès/Anreise:</p>
<ul>
<li>Bus 4, 5, 8, 9, 631, DudBus1 (Champs-Vallée) &gt; Gemeng</li>
<li>Train/Zug 60A &gt; Dudelange-Centre</li>
<li>Vël’Ok &gt; Place de l’Hôtel de Ville</li>
<li>Infos : <a title="Www.mobiliteit.lu" href="http://www.mobiliteit.lu/">www.mobiliteit.lu</a> / <a title="Www.velok.lu" href="http://www.velok.lu/">www.velok.lu</a></li>
</ul>
