{"id":26799,"date":"2025-02-13T16:13:30","date_gmt":"2025-02-13T15:13:30","guid":{"rendered":"https:\/\/www.dudelange.lu\/?post_type=evenement&#038;p=26799"},"modified":"2025-09-03T15:44:24","modified_gmt":"2025-09-03T13:44:24","slug":"journee-de-la-mobilite-2025","status":"publish","type":"evenement","link":"https:\/\/www.dudelange.lu\/index.php\/evenement\/journee-de-la-mobilite-2025\/","title":{"rendered":"Journ\u00e9e de la mobilit\u00e9"},"content":{"rendered":"<p>Le samedi 20 septembre 2025, la Ville de Dudelange se mobilise \u00e0 nouveau \u00e0 l\u2019occasion de la Semaine europ\u00e9enne de la Mobilit\u00e9.<\/p>\n<p>Programme:<\/p>\n<ul>\n<li><strong>20.9. \/ 10:00-16:00 \/ Place de l&rsquo;H\u00f4tel de Ville<\/strong>\n<ul>\n<li>Parcours d\u2019initiation au v\u00e9lo (enfants 6-12 ans) par le service de Sant\u00e9 scolaire de la Ville de Dudelange<\/li>\n<li>Parcours Monowheel<\/li>\n<li>Stand d&rsquo;information Police Grand-Ducale<\/li>\n<li>V\u00e9lo Smoothie<\/li>\n<li>Visites guid\u00e9es \u00e0 v\u00e9lo (d\u00e9parts 10:00 &amp; 13:00 pr\u00e8s du kiosque, pl. H\u00f4tel de Ville).<br \/>\n<u>Uniquement sur inscription pr\u00e9alable<\/u> : <span style=\"text-decoration: underline;\"><span style=\"color: #ef4030; text-decoration: underline;\"><a style=\"color: #ef4030; text-decoration: underline;\" href=\"mailto:info@visitdudelange.lu\" target=\"_blank\" rel=\"noopener\">info@visitdudelange.lu<\/a><\/span><\/span> ou t\u00e9l. 26 52 26 20<\/li>\n<li>Stands de restauration et de boissons sur place<\/li>\n<\/ul>\n<\/li>\n<\/ul>\n<p><strong>De plus:<\/strong><\/p>\n<ul>\n<li><strong><span class=\"fontstyle0\">8.9.-9.10. <\/span><\/strong><strong>GoGoVelo<\/strong>\n<ul>\n<li><span class=\"fontstyle1\">T\u00e9l\u00e9chargez l&rsquo;application \u00ab\u00a0Radbonus II\u00a0\u00bb (Code: GOGOVELO), choisissez Dudelange, participez aux d\u00e9fis et gagnez des prix\u2009!<\/span><\/li>\n<\/ul>\n<\/li>\n<\/ul>\n<ul>\n<li><strong><span class=\"fontstyle0\">Jeudi 18.9. <\/span><span class=\"fontstyle2\">\/ 17:00-20:30 \/ VEWA (4 place Thierry Van Werveke, L-3475 Dudelange)<\/span><\/strong>\n<ul>\n<li>Atelier participatif \u2013 R\u00e9paration de v\u00e9los au VeWa, en collaboration avec l\u2019asbl V\u00eblo Diddeleng. Passez avec votre v\u00e9lo et des professionnels vous accompagneront pour diagnostiquer et r\u00e9parer les probl\u00e8mes, tout en vous montrant comment en prendre soin.<\/li>\n<\/ul>\n<\/li>\n<\/ul>\n<ul>\n<li><strong>Du 20 au 27 septembre:\u00a0Action G\u00e9ocaching<\/strong> sous le th\u00e8me de la \u00ab Mobilit\u00e9 douce \u00bb\n<ul>\n<li>Pour plus de d\u00e9tails, t\u00e9l\u00e9chargez l&rsquo;application suivante \u00e0 partir du 20 septembre et gagnez des bons d&rsquo;achat \u00e0 utiliser dans les magasins de Dudelange.<\/li>\n<\/ul>\n<\/li>\n<\/ul>\n<p><img decoding=\"async\" class=\"lazyload alignnone wp-image-28717\" src=\"data:image\/svg+xml,%3Csvg%20xmlns%3D%27http%3A%2F%2Fwww.w3.org%2F2000%2Fsvg%27%20width%3D%27220%27%20height%3D%27220%27%20viewBox%3D%270%200%20220%20220%27%3E%3Crect%20width%3D%27220%27%20height%3D%27220%27%20fill-opacity%3D%220%22%2F%3E%3C%2Fsvg%3E\" data-orig-src=\"https:\/\/sadudelangedata.blob.core.windows.net\/files\/2025\/02\/QR-Code.jpg\" alt=\"\" width=\"220\" height=\"220\" \/><\/p>\n<hr \/>\n<p>Am Samstag, dem 20. September 2025, macht die Stadt D\u00fcdelingen im Rahmen der europ\u00e4ischen Mobilit\u00e4tswoche wieder mobil.<\/p>\n<p>Programm:<\/p>\n<ul>\n<li><strong>20.9. \/ 10:00-16:00 \/ Rathausplatz<\/strong>\n<ul>\n<li>Fahrrad-Schnupperkurs (Kinder 6-12 Jahre) durch den Schuldienst der Stadt D\u00fcdelingen<\/li>\n<li>Monowheel-Parcours<\/li>\n<li>Informationsstand der Gro\u00dfherzoglichen Polizei<\/li>\n<li>Smoothie-Fahrrad<\/li>\n<li>Gef\u00fchrte Radtouren (Start 10:00 &amp; 13:00 in der N\u00e4he des Kiosks, Rathausplatz).<br \/>\n<u>Nur nach vorheriger Anmeldung<\/u>: <span style=\"text-decoration: underline;\"><span style=\"color: #ef4030; text-decoration: underline;\"><a style=\"color: #ef4030; text-decoration: underline;\" href=\"mailto:info@visitdudelange.lu\" target=\"_blank\" rel=\"noopener\">info@visitdudelange.lu<\/a><\/span><\/span> oder Tel. 26 52 26 20<\/li>\n<li>Essens- und Getr\u00e4nkest\u00e4nde vor Ort<\/li>\n<\/ul>\n<\/li>\n<\/ul>\n<p><strong>Au\u00dferdem:<\/strong><\/p>\n<ul>\n<li><strong><span class=\"fontstyle0\">8.9.-9.10. <\/span><\/strong><strong><span class=\"fontstyle0\">GoGoVelo<\/span><\/strong><span class=\"fontstyle1\">: <\/span>\n<ul>\n<li><span class=\"fontstyle1\">Laden Sie die \u00ab\u00a0Radbonus II\u00a0\u00bb-App herunter (Code: GOGOVELO), w\u00e4hlen Sie D\u00fcdelingen, nehmen Sie an den Challenges teil und gewinnen Sie Preise!<\/span><\/li>\n<\/ul>\n<\/li>\n<\/ul>\n<ul>\n<li><strong><span class=\"fontstyle0\">Donnerstag 18.9. <\/span><span class=\"fontstyle2\">\/ 17:00-20:30 \/ VEWA <\/span><\/strong><span class=\"fontstyle2\">(4 place Thierry Van Werveke, L-3475 Dudelange)<\/span>\n<ul>\n<li>Partizipativer Workshop \u2013 Fahrradreparatur im VeWa, in Zusammenarbeit mit V\u00eblo Diddeleng. Bringen Sie Ihr Fahrrad mit und Fachleute helfen Ihnen bei der Diagnose und Reparatur von Problemen und zeigen Ihnen, wie Sie Ihr Fahrrad pflegen k\u00f6nnen.<\/li>\n<\/ul>\n<\/li>\n<\/ul>\n<ul>\n<li><strong>Vom 20. bis 27. September<\/strong>: <strong>Geocaching-Aktion<\/strong> zum Thema \u201eSanfte Mobilit\u00e4t\u201d.\n<ul>\n<li>F\u00fcr weitere Informationen laden Sie ab dem 20. September die folgende App herunter und gewinnen Sie Gutscheine, die Sie in Gesch\u00e4ften in D\u00fcdelingen einl\u00f6sen k\u00f6nnen.<\/li>\n<\/ul>\n<\/li>\n<\/ul>\n<p><img decoding=\"async\" class=\"lazyload alignnone wp-image-28717\" src=\"data:image\/svg+xml,%3Csvg%20xmlns%3D%27http%3A%2F%2Fwww.w3.org%2F2000%2Fsvg%27%20width%3D%27220%27%20height%3D%27220%27%20viewBox%3D%270%200%20220%20220%27%3E%3Crect%20width%3D%27220%27%20height%3D%27220%27%20fill-opacity%3D%220%22%2F%3E%3C%2Fsvg%3E\" data-orig-src=\"https:\/\/sadudelangedata.blob.core.windows.net\/files\/2025\/02\/QR-Code.jpg\" alt=\"\" width=\"220\" height=\"220\" \/><\/p>\n<hr \/>\n<p>Acc\u00e8s\u2009\/\u2009Anreise<\/p>\n<ul>\n<li>Bus 4, 5, 8, 9, 10, 631, DudBus1 (Champs-Vall\u00e9e) &gt; Gemeng<\/li>\n<li>Train\/Zug 60A &gt; Dudelange-Centre<\/li>\n<li>V\u00ebl\u2019Ok &gt; Place de l\u2019H\u00f4tel de Ville<\/li>\n<li>Infos: www.mobiliteit.lu \/ www.velok.lu<\/li>\n<\/ul>\n","protected":false},"featured_media":26800,"template":["Evenement"],"categories":[],"class_list":["post-26799","evenement","type-evenement","status-publish","has-post-thumbnail","hentry"],"date_from":"2025-09-20 10:00:00","date_to":"2025-09-20 16:00:00","jour_entier":"0","date_debut_affichage":"2025-09-04 07:00:00","date_fin_affichage":"2025-09-20 16:00:00","description_ecran":"","organisateur":"www.dudelange.lu > Agenda","place_name":"Pl. H\u00f4tel de Ville","address":"","website":"","prix":"0.00","place_hotel_de_ville":"1","gare_dudelange_ville":"1","lycee_nic_biever":"1","preview":"1","visuel_prepare":false,"latitude":"","longitude":"","ordre_affichage_ecran":"12","import_id":"","export_id":"journee-de-la-mobilite-8hD3aT","picture_url":"https:\/\/sadudelangedata.blob.core.windows.net\/files\/2025\/02\/Journee-Mobilite.png","publishpress_future_action":{"enabled":false,"date":"2026-05-05 21:52:10","action":"change-status","newStatus":"trash","terms":[],"taxonomy":"category","extraData":[]},"publishpress_future_workflow_manual_trigger":{"enabledWorkflows":[]},"_links":{"self":[{"href":"https:\/\/www.dudelange.lu\/index.php\/wp-json\/wp\/v2\/evenement\/26799","targetHints":{"allow":["GET"]}}],"collection":[{"href":"https:\/\/www.dudelange.lu\/index.php\/wp-json\/wp\/v2\/evenement"}],"about":[{"href":"https:\/\/www.dudelange.lu\/index.php\/wp-json\/wp\/v2\/types\/evenement"}],"wp:featuredmedia":[{"embeddable":true,"href":"https:\/\/www.dudelange.lu\/index.php\/wp-json\/wp\/v2\/media\/26800"}],"wp:attachment":[{"href":"https:\/\/www.dudelange.lu\/index.php\/wp-json\/wp\/v2\/media?parent=26799"}],"wp:term":[{"taxonomy":"category","embeddable":true,"href":"https:\/\/www.dudelange.lu\/index.php\/wp-json\/wp\/v2\/categories?post=26799"}],"curies":[{"name":"wp","href":"https:\/\/api.w.org\/{rel}","templated":true}]}}

Journée de la mobilité

<p>Le samedi 20 septembre 2025, la Ville de Dudelange se mobilise à nouveau à l’occasion de la Semaine européenne de la Mobilité.</p>
<p>Programme:</p>
<ul>
<li><strong>20.9. / 10:00-16:00 / Place de l&rsquo;Hôtel de Ville</strong>
<ul>
<li>Parcours d’initiation au vélo (enfants 6-12 ans) par le service de Santé scolaire de la Ville de Dudelange</li>
<li>Parcours Monowheel</li>
<li>Stand d&rsquo;information Police Grand-Ducale</li>
<li>Vélo Smoothie</li>
<li>Visites guidées à vélo (départs 10:00 &amp; 13:00 près du kiosque, pl. Hôtel de Ville).<br />
<u>Uniquement sur inscription préalable</u> : <span style="text-decoration: underline;"><span style="color: #ef4030; text-decoration: underline;"><a style="color: #ef4030; text-decoration: underline;" href="mailto:info@visitdudelange.lu" target="_blank" rel="noopener">info@visitdudelange.lu</a></span></span> ou tél. 26 52 26 20</li>
<li>Stands de restauration et de boissons sur place</li>
</ul>
</li>
</ul>
<p><strong>De plus:</strong></p>
<ul>
<li><strong><span class="fontstyle0">8.9.-9.10. </span></strong><strong>GoGoVelo</strong>
<ul>
<li><span class="fontstyle1">Téléchargez l&rsquo;application « Radbonus II » (Code: GOGOVELO), choisissez Dudelange, participez aux défis et gagnez des prix !</span></li>
</ul>
</li>
</ul>
<ul>
<li><strong><span class="fontstyle0">Jeudi 18.9. </span><span class="fontstyle2">/ 17:00-20:30 / VEWA (4 place Thierry Van Werveke, L-3475 Dudelange)</span></strong>
<ul>
<li>Atelier participatif – Réparation de vélos au VeWa, en collaboration avec l’asbl Vëlo Diddeleng. Passez avec votre vélo et des professionnels vous accompagneront pour diagnostiquer et réparer les problèmes, tout en vous montrant comment en prendre soin.</li>
</ul>
</li>
</ul>
<ul>
<li><strong>Du 20 au 27 septembre: Action Géocaching</strong> sous le thème de la « Mobilité douce »
<ul>
<li>Pour plus de détails, téléchargez l&rsquo;application suivante à partir du 20 septembre et gagnez des bons d&rsquo;achat à utiliser dans les magasins de Dudelange.</li>
</ul>
</li>
</ul>
<p><img decoding="async" class="lazyload alignnone wp-image-28717" src="data:image/svg+xml,%3Csvg%20xmlns%3D%27http%3A%2F%2Fwww.w3.org%2F2000%2Fsvg%27%20width%3D%27220%27%20height%3D%27220%27%20viewBox%3D%270%200%20220%20220%27%3E%3Crect%20width%3D%27220%27%20height%3D%27220%27%20fill-opacity%3D%220%22%2F%3E%3C%2Fsvg%3E" data-orig-src="https://sadudelangedata.blob.core.windows.net/files/2025/02/QR-Code.jpg" alt="" width="220" height="220" /></p>
<hr />
<p>Am Samstag, dem 20. September 2025, macht die Stadt Düdelingen im Rahmen der europäischen Mobilitätswoche wieder mobil.</p>
<p>Programm:</p>
<ul>
<li><strong>20.9. / 10:00-16:00 / Rathausplatz</strong>
<ul>
<li>Fahrrad-Schnupperkurs (Kinder 6-12 Jahre) durch den Schuldienst der Stadt Düdelingen</li>
<li>Monowheel-Parcours</li>
<li>Informationsstand der Großherzoglichen Polizei</li>
<li>Smoothie-Fahrrad</li>
<li>Geführte Radtouren (Start 10:00 &amp; 13:00 in der Nähe des Kiosks, Rathausplatz).<br />
<u>Nur nach vorheriger Anmeldung</u>: <span style="text-decoration: underline;"><span style="color: #ef4030; text-decoration: underline;"><a style="color: #ef4030; text-decoration: underline;" href="mailto:info@visitdudelange.lu" target="_blank" rel="noopener">info@visitdudelange.lu</a></span></span> oder Tel. 26 52 26 20</li>
<li>Essens- und Getränkestände vor Ort</li>
</ul>
</li>
</ul>
<p><strong>Außerdem:</strong></p>
<ul>
<li><strong><span class="fontstyle0">8.9.-9.10. </span></strong><strong><span class="fontstyle0">GoGoVelo</span></strong><span class="fontstyle1">: </span>
<ul>
<li><span class="fontstyle1">Laden Sie die « Radbonus II »-App herunter (Code: GOGOVELO), wählen Sie Düdelingen, nehmen Sie an den Challenges teil und gewinnen Sie Preise!</span></li>
</ul>
</li>
</ul>
<ul>
<li><strong><span class="fontstyle0">Donnerstag 18.9. </span><span class="fontstyle2">/ 17:00-20:30 / VEWA </span></strong><span class="fontstyle2">(4 place Thierry Van Werveke, L-3475 Dudelange)</span>
<ul>
<li>Partizipativer Workshop – Fahrradreparatur im VeWa, in Zusammenarbeit mit Vëlo Diddeleng. Bringen Sie Ihr Fahrrad mit und Fachleute helfen Ihnen bei der Diagnose und Reparatur von Problemen und zeigen Ihnen, wie Sie Ihr Fahrrad pflegen können.</li>
</ul>
</li>
</ul>
<ul>
<li><strong>Vom 20. bis 27. September</strong>: <strong>Geocaching-Aktion</strong> zum Thema „Sanfte Mobilität”.
<ul>
<li>Für weitere Informationen laden Sie ab dem 20. September die folgende App herunter und gewinnen Sie Gutscheine, die Sie in Geschäften in Düdelingen einlösen können.</li>
</ul>
</li>
</ul>
<p><img decoding="async" class="lazyload alignnone wp-image-28717" src="data:image/svg+xml,%3Csvg%20xmlns%3D%27http%3A%2F%2Fwww.w3.org%2F2000%2Fsvg%27%20width%3D%27220%27%20height%3D%27220%27%20viewBox%3D%270%200%20220%20220%27%3E%3Crect%20width%3D%27220%27%20height%3D%27220%27%20fill-opacity%3D%220%22%2F%3E%3C%2Fsvg%3E" data-orig-src="https://sadudelangedata.blob.core.windows.net/files/2025/02/QR-Code.jpg" alt="" width="220" height="220" /></p>
<hr />
<p>Accès / Anreise</p>
<ul>
<li>Bus 4, 5, 8, 9, 10, 631, DudBus1 (Champs-Vallée) &gt; Gemeng</li>
<li>Train/Zug 60A &gt; Dudelange-Centre</li>
<li>Vël’Ok &gt; Place de l’Hôtel de Ville</li>
<li>Infos: www.mobiliteit.lu / www.velok.lu</li>
</ul>

Pl. Hôtel de Ville
