{"id":27536,"date":"2025-04-30T15:36:25","date_gmt":"2025-04-30T13:36:25","guid":{"rendered":"https:\/\/www.dudelange.lu\/?post_type=evenement&#038;p=27536"},"modified":"2025-04-30T15:43:48","modified_gmt":"2025-04-30T13:43:48","slug":"ouverture-du-mois-du-respect","status":"publish","type":"evenement","link":"https:\/\/www.dudelange.lu\/index.php\/evenement\/ouverture-du-mois-du-respect\/","title":{"rendered":"Ouverture du Mois du Respect"},"content":{"rendered":"<div class=\"xdj266r x11i5rnm xat24cr x1mh8g0r x1vvkbs\">[FR] Nous vous invitons \u00e0 d\u00e9couvrir le programme de cette ann\u00e9e en pr\u00e9sence du coll\u00e8ge des bourgmestre et \u00e9chevin\u2219es de la Ville de Dudelange, du pr\u00e9sident de l&rsquo;ECCAR (European Coalition of Cities Against Racism), Benedetto Zacciroli et du groupe Crosshill de la Fondation Kr\u00e4izbierg.<\/div>\n<div class=\"x11i5rnm xat24cr x1mh8g0r x1vvkbs xtlvy1s\">Venez profiter d&rsquo;\u00e9changes, de musique et de discussions int\u00e9ressantes.<\/div>\n<div class=\"x11i5rnm xat24cr x1mh8g0r x1vvkbs xtlvy1s\">Ouvert \u00e0 tou\u2219tes.<\/div>\n<div class=\"x11i5rnm xat24cr x1mh8g0r x1vvkbs xtlvy1s\">&#8211;<\/div>\n<div class=\"x11i5rnm xat24cr x1mh8g0r x1vvkbs xtlvy1s\">[DE] Wir laden Sie herzlich ein, gemeinsam mit dem B\u00fcrgermeister- und Sch\u00f6ff*innenkollegium der Stadt D\u00fcdelingen, dem Pr\u00e4sidenten von ECCAR (European Coalition of Cities Against Racism), Benedetto Zacciroli, un der Band Crosshill der Fondation Kr\u00e4izbierg das diesj\u00e4hrige Programm kennenzulernen.<\/div>\n<div class=\"x11i5rnm xat24cr x1mh8g0r x1vvkbs xtlvy1s\">Freuen Sie sich auf Austausch, Musik und interessante Gespr\u00e4che.<\/div>\n<div class=\"x11i5rnm xat24cr x1mh8g0r x1vvkbs xtlvy1s\">\n<p>Offen f\u00fcr alle.<\/p>\n<p><strong>Infos :<br \/>\n<\/strong><a style=\"color: #ef4030; text-decoration: underline;\" href=\"https:\/\/www.facebook.com\/moisdurespect\" target=\"_blank\" rel=\"noopener\">Mois du respect &#8211; Dudelange<\/a><\/p>\n<\/div>\n","protected":false},"featured_media":27538,"template":["Evenement"],"categories":[],"class_list":["post-27536","evenement","type-evenement","status-publish","has-post-thumbnail","hentry"],"date_from":"2025-05-13 17:30:00","date_to":"2025-05-13 21:00:00","jour_entier":"0","date_debut_affichage":"2025-04-30 00:00:00","date_fin_affichage":"2025-05-13 21:00:00","description_ecran":"","organisateur":"www.dudelange.lu > Agenda","place_name":"VeWa","address":"","website":"","prix":"0.00","place_hotel_de_ville":"1","gare_dudelange_ville":"1","lycee_nic_biever":"1","preview":"1","visuel_prepare":false,"latitude":"","longitude":"","ordre_affichage_ecran":"8","import_id":"","export_id":"ouverture-du-mois-du-respect-vNCcTf","picture_url":"https:\/\/sadudelangedata.blob.core.windows.net\/files\/2025\/04\/490937712_641920978821119_493754130874526229_n.jpg","publishpress_future_action":{"enabled":false,"date":"2026-05-07 18:09:14","action":"change-status","newStatus":"trash","terms":[],"taxonomy":"category","extraData":[]},"publishpress_future_workflow_manual_trigger":{"enabledWorkflows":[]},"_links":{"self":[{"href":"https:\/\/www.dudelange.lu\/index.php\/wp-json\/wp\/v2\/evenement\/27536","targetHints":{"allow":["GET"]}}],"collection":[{"href":"https:\/\/www.dudelange.lu\/index.php\/wp-json\/wp\/v2\/evenement"}],"about":[{"href":"https:\/\/www.dudelange.lu\/index.php\/wp-json\/wp\/v2\/types\/evenement"}],"wp:featuredmedia":[{"embeddable":true,"href":"https:\/\/www.dudelange.lu\/index.php\/wp-json\/wp\/v2\/media\/27538"}],"wp:attachment":[{"href":"https:\/\/www.dudelange.lu\/index.php\/wp-json\/wp\/v2\/media?parent=27536"}],"wp:term":[{"taxonomy":"category","embeddable":true,"href":"https:\/\/www.dudelange.lu\/index.php\/wp-json\/wp\/v2\/categories?post=27536"}],"curies":[{"name":"wp","href":"https:\/\/api.w.org\/{rel}","templated":true}]}}

<div class="xdj266r x11i5rnm xat24cr x1mh8g0r x1vvkbs">[FR] Nous vous invitons à découvrir le programme de cette année en présence du collège des bourgmestre et échevin∙es de la Ville de Dudelange, du président de l&rsquo;ECCAR (European Coalition of Cities Against Racism), Benedetto Zacciroli et du groupe Crosshill de la Fondation Kräizbierg.</div>
<div class="x11i5rnm xat24cr x1mh8g0r x1vvkbs xtlvy1s">Venez profiter d&rsquo;échanges, de musique et de discussions intéressantes.</div>
<div class="x11i5rnm xat24cr x1mh8g0r x1vvkbs xtlvy1s">Ouvert à tou∙tes.</div>
<div class="x11i5rnm xat24cr x1mh8g0r x1vvkbs xtlvy1s">&#8211;</div>
<div class="x11i5rnm xat24cr x1mh8g0r x1vvkbs xtlvy1s">[DE] Wir laden Sie herzlich ein, gemeinsam mit dem Bürgermeister- und Schöff*innenkollegium der Stadt Düdelingen, dem Präsidenten von ECCAR (European Coalition of Cities Against Racism), Benedetto Zacciroli, un der Band Crosshill der Fondation Kräizbierg das diesjährige Programm kennenzulernen.</div>
<div class="x11i5rnm xat24cr x1mh8g0r x1vvkbs xtlvy1s">Freuen Sie sich auf Austausch, Musik und interessante Gespräche.</div>
<div class="x11i5rnm xat24cr x1mh8g0r x1vvkbs xtlvy1s">
<p>Offen für alle.</p>
<p><strong>Infos :<br />
</strong><a style="color: #ef4030; text-decoration: underline;" href="https://www.facebook.com/moisdurespect" target="_blank" rel="noopener">Mois du respect &#8211; Dudelange</a></p>
</div>
