{"id":27559,"date":"2025-05-02T13:12:20","date_gmt":"2025-05-02T11:12:20","guid":{"rendered":"https:\/\/www.dudelange.lu\/?post_type=evenement&#038;p=27559"},"modified":"2025-05-02T13:13:33","modified_gmt":"2025-05-02T11:13:33","slug":"film-dland-am-schiet","status":"publish","type":"evenement","link":"https:\/\/www.dudelange.lu\/index.php\/evenement\/film-dland-am-schiet\/","title":{"rendered":"Film: D&rsquo;Land am Schiet"},"content":{"rendered":"<div class=\"xdj266r x11i5rnm xat24cr x1mh8g0r x1vvkbs\">[DE] Im kleinen Dorf L\u00ebtzweiler wollen Jos und Sara ein Kulturzentrum f\u00fcr Fl\u00fcchtlinge er\u00f6ffnen. Doch der Widerstand w\u00e4chst als das Dorfmaskottchen, ein wilder Hund, tot aufgefunden wird. Die Situation eskaliert, und die Frage bleibt: Wie offen ist Luxemburg wirklich?<\/div>\n<div class=\"x11i5rnm xat24cr x1mh8g0r x1vvkbs xtlvy1s\">Eintritt frei.<br class=\"html-br\" \/>Originalversion auf Luxemburgisch<\/div>\n<div><\/div>\n<div>&#8211;<\/div>\n<div><\/div>\n<div class=\"x11i5rnm xat24cr x1mh8g0r x1vvkbs xtlvy1s\">[FR] Dans le petit village de L\u00ebtzweiler, Jos et Sara veulent ouvrir un centre culturel pour refugi\u00e9\u2219es. Mais l&rsquo;opposition grandit lorsqu&rsquo;on retrouve sans vie la mascotte du village, un chien sauvage. La tension monte, le Luxembourg est-il vraiment aussi ouvert qu&rsquo;il le pr\u00e9tend?<\/div>\n<div class=\"x11i5rnm xat24cr x1mh8g0r x1vvkbs xtlvy1s\">Entr\u00e9e gratuite<br class=\"html-br\" \/>Version originale en luxembourgeois<\/div>\n","protected":false},"featured_media":27538,"template":["Evenement"],"categories":[],"class_list":["post-27559","evenement","type-evenement","status-publish","has-post-thumbnail","hentry"],"date_from":"2025-06-04 19:30:00","date_to":"2025-06-04 21:30:00","jour_entier":"0","date_debut_affichage":"2025-05-23 00:00:00","date_fin_affichage":"2025-06-04 18:00:00","description_ecran":"","organisateur":"Entr\u00e9e libre","place_name":"Cin\u00e9Starlight","address":"","website":"","prix":"0.00","place_hotel_de_ville":"1","gare_dudelange_ville":"1","lycee_nic_biever":"1","preview":"1","visuel_prepare":false,"latitude":"","longitude":"","ordre_affichage_ecran":"10","import_id":"","export_id":"film-d-rsquo-land-am-schiet-UNeri0","picture_url":"https:\/\/sadudelangedata.blob.core.windows.net\/files\/2025\/04\/490937712_641920978821119_493754130874526229_n.jpg","publishpress_future_action":{"enabled":false,"date":"2026-05-09 00:02:35","action":"change-status","newStatus":"trash","terms":[],"taxonomy":"category","extraData":[]},"publishpress_future_workflow_manual_trigger":{"enabledWorkflows":[]},"_links":{"self":[{"href":"https:\/\/www.dudelange.lu\/index.php\/wp-json\/wp\/v2\/evenement\/27559","targetHints":{"allow":["GET"]}}],"collection":[{"href":"https:\/\/www.dudelange.lu\/index.php\/wp-json\/wp\/v2\/evenement"}],"about":[{"href":"https:\/\/www.dudelange.lu\/index.php\/wp-json\/wp\/v2\/types\/evenement"}],"wp:featuredmedia":[{"embeddable":true,"href":"https:\/\/www.dudelange.lu\/index.php\/wp-json\/wp\/v2\/media\/27538"}],"wp:attachment":[{"href":"https:\/\/www.dudelange.lu\/index.php\/wp-json\/wp\/v2\/media?parent=27559"}],"wp:term":[{"taxonomy":"category","embeddable":true,"href":"https:\/\/www.dudelange.lu\/index.php\/wp-json\/wp\/v2\/categories?post=27559"}],"curies":[{"name":"wp","href":"https:\/\/api.w.org\/{rel}","templated":true}]}}

<div class="xdj266r x11i5rnm xat24cr x1mh8g0r x1vvkbs">[DE] Im kleinen Dorf Lëtzweiler wollen Jos und Sara ein Kulturzentrum für Flüchtlinge eröffnen. Doch der Widerstand wächst als das Dorfmaskottchen, ein wilder Hund, tot aufgefunden wird. Die Situation eskaliert, und die Frage bleibt: Wie offen ist Luxemburg wirklich?</div>
<div class="x11i5rnm xat24cr x1mh8g0r x1vvkbs xtlvy1s">Eintritt frei.<br class="html-br" />Originalversion auf Luxemburgisch</div>
<div></div>
<div>&#8211;</div>
<div></div>
<div class="x11i5rnm xat24cr x1mh8g0r x1vvkbs xtlvy1s">[FR] Dans le petit village de Lëtzweiler, Jos et Sara veulent ouvrir un centre culturel pour refugié∙es. Mais l&rsquo;opposition grandit lorsqu&rsquo;on retrouve sans vie la mascotte du village, un chien sauvage. La tension monte, le Luxembourg est-il vraiment aussi ouvert qu&rsquo;il le prétend?</div>
<div class="x11i5rnm xat24cr x1mh8g0r x1vvkbs xtlvy1s">Entrée gratuite<br class="html-br" />Version originale en luxembourgeois</div>

Entrée libre

CinéStarlight
