{"id":29691,"date":"2026-01-05T16:26:07","date_gmt":"2026-01-05T15:26:07","guid":{"rendered":"https:\/\/www.dudelange.lu\/?post_type=evenement&#038;p=29691"},"modified":"2026-01-28T14:14:01","modified_gmt":"2026-01-28T13:14:01","slug":"jasper-steverlinck-the-healing-tour","status":"publish","type":"evenement","link":"https:\/\/www.dudelange.lu\/index.php\/evenement\/jasper-steverlinck-the-healing-tour\/","title":{"rendered":"Jasper Steverlinck | The Healing Tour"},"content":{"rendered":"<div class=\"event-detail__headline\">\n<div>Jasper Steverlinck est l&rsquo;un des artistes belges les plus populaires de ces 20 derni\u00e8res ann\u00e9es. En tant que chanteur et auteur-compositeur du groupe de rock gantois Arid, il a captiv\u00e9 les m\u00e9lomanes de Belgique et d&rsquo;ailleurs avec sa voix extraordinaire. Sa voix est si cristalline et puissante qu&rsquo;elle peut traverser les murs, mais si sensible qu&rsquo;elle atteint directement l&rsquo;\u00e2me.<\/div>\n<\/div>\n<div class=\"event-detail__body\">\n<p>En tant qu&rsquo;artiste solo, Jasper a \u00e9gal\u00e9 sans effort les disques d&rsquo;or qu&rsquo;il a obtenus avec son groupe Arid et a pass\u00e9 de nombreuses semaines dans les hit-parades. Il a m\u00eame re\u00e7u les \u00e9loges de grands artistes internationaux tels que Bono, Eddie Vedder et Randy Newman. On a dit de lui qu&rsquo;il avait l&rsquo;\u00e2me d&rsquo;un po\u00e8te et la voix d&rsquo;un ange. Il ma\u00eetrise tous les genres, du m\u00e9tal au rock, en passant par l&rsquo;intime et le classique. Apr\u00e8s des tourn\u00e9es \u00e0 guichets ferm\u00e9s pour ses pr\u00e9c\u00e9dents albums solo, son nouvel album sortira en janvier 2025.<\/p>\n<\/div>\n","protected":false},"featured_media":29714,"template":["Evenement"],"categories":[50],"class_list":["post-29691","evenement","type-evenement","status-publish","has-post-thumbnail","hentry","category-culture"],"date_from":"2026-05-12 20:00:00","date_to":"0000-00-00 00:00:00","jour_entier":"0","date_debut_affichage":"2026-04-13 00:00:00","date_fin_affichage":"2026-05-12 20:00:00","description_ecran":"","organisateur":"","place_name":"opderschmelz","address":"","website":"https:\/\/opderschmelz.lu\/agenda\/2123_2186","prix":"35.00","place_hotel_de_ville":"1","gare_dudelange_ville":"1","lycee_nic_biever":"1","preview":"1","visuel_prepare":false,"latitude":"","longitude":"","ordre_affichage_ecran":"16","import_id":"","export_id":"jasper-steverlinck-the-healing-tour-QwoNpf","picture_url":"https:\/\/sadudelangedata.blob.core.windows.net\/files\/2026\/01\/Jasper.jpg","publishpress_future_action":{"enabled":false,"date":"2026-05-07 09:53:48","action":"change-status","newStatus":"trash","terms":[],"taxonomy":"category","extraData":[]},"publishpress_future_workflow_manual_trigger":{"enabledWorkflows":[]},"_links":{"self":[{"href":"https:\/\/www.dudelange.lu\/index.php\/wp-json\/wp\/v2\/evenement\/29691","targetHints":{"allow":["GET"]}}],"collection":[{"href":"https:\/\/www.dudelange.lu\/index.php\/wp-json\/wp\/v2\/evenement"}],"about":[{"href":"https:\/\/www.dudelange.lu\/index.php\/wp-json\/wp\/v2\/types\/evenement"}],"wp:featuredmedia":[{"embeddable":true,"href":"https:\/\/www.dudelange.lu\/index.php\/wp-json\/wp\/v2\/media\/29714"}],"wp:attachment":[{"href":"https:\/\/www.dudelange.lu\/index.php\/wp-json\/wp\/v2\/media?parent=29691"}],"wp:term":[{"taxonomy":"category","embeddable":true,"href":"https:\/\/www.dudelange.lu\/index.php\/wp-json\/wp\/v2\/categories?post=29691"}],"curies":[{"name":"wp","href":"https:\/\/api.w.org\/{rel}","templated":true}]}}

<div class="event-detail__headline">
<div>Jasper Steverlinck est l&rsquo;un des artistes belges les plus populaires de ces 20 dernières années. En tant que chanteur et auteur-compositeur du groupe de rock gantois Arid, il a captivé les mélomanes de Belgique et d&rsquo;ailleurs avec sa voix extraordinaire. Sa voix est si cristalline et puissante qu&rsquo;elle peut traverser les murs, mais si sensible qu&rsquo;elle atteint directement l&rsquo;âme.</div>
</div>
<div class="event-detail__body">
<p>En tant qu&rsquo;artiste solo, Jasper a égalé sans effort les disques d&rsquo;or qu&rsquo;il a obtenus avec son groupe Arid et a passé de nombreuses semaines dans les hit-parades. Il a même reçu les éloges de grands artistes internationaux tels que Bono, Eddie Vedder et Randy Newman. On a dit de lui qu&rsquo;il avait l&rsquo;âme d&rsquo;un poète et la voix d&rsquo;un ange. Il maîtrise tous les genres, du métal au rock, en passant par l&rsquo;intime et le classique. Après des tournées à guichets fermés pour ses précédents albums solo, son nouvel album sortira en janvier 2025.</p>
</div>
