{"id":29695,"date":"2026-01-06T09:51:57","date_gmt":"2026-01-06T08:51:57","guid":{"rendered":"https:\/\/www.dudelange.lu\/?post_type=evenement&#038;p=29695"},"modified":"2026-01-28T14:26:50","modified_gmt":"2026-01-28T13:26:50","slug":"quentin-cholet-trio","status":"publish","type":"evenement","link":"https:\/\/www.dudelange.lu\/index.php\/evenement\/quentin-cholet-trio\/","title":{"rendered":"Quentin Cholet Trio"},"content":{"rendered":"<div class=\"event-detail__distribution\">\n<div>Quentin Cholet \u2013 Drums<\/div>\n<div>Jeremy Viner \u2013 Tenor Saxophone &amp; Clarinet<\/div>\n<div>Felix Henkelhausen \u2013 Doublebass<\/div>\n<\/div>\n<div class=\"event-detail__body\">\n<div><\/div>\n<div>Le Quentin Cholet Trio r\u00e9unit des musiciens improvisateurs d&rsquo;horizons internationaux : le batteur Quentin Cholet, le saxophoniste\/clarinettiste Jeremy Viner (\u00c9tats-Unis) et le contrebassiste Felix Henkelhausen (Allemagne). Ensemble, ils d\u00e9veloppent une musique spontan\u00e9e, libre et dynamique. Lib\u00e9r\u00e9s des cadres harmoniques traditionnels, ils construisent leur propre langage unique \u00e0 travers le son, l&rsquo;espace, la densit\u00e9 et l&rsquo;\u00e9coute. Les compositions et les improvisations s&rsquo;encha\u00eenent comme des conversations informelles, parfois d\u00e9concertantes, toujours vivantes.<\/div>\n<\/div>\n","protected":false},"featured_media":29715,"template":["Evenement"],"categories":[50],"class_list":["post-29695","evenement","type-evenement","status-publish","has-post-thumbnail","hentry","category-culture"],"date_from":"2026-03-03 20:00:00","date_to":"0000-00-00 00:00:00","jour_entier":"0","date_debut_affichage":"2026-01-07 00:00:00","date_fin_affichage":"2026-03-03 00:00:00","description_ecran":"","organisateur":"","place_name":"opderschmelz","address":"","website":"https:\/\/opderschmelz.lu\/agenda\/2118_2176","prix":"20.00","place_hotel_de_ville":"1","gare_dudelange_ville":"1","lycee_nic_biever":"1","preview":"1","visuel_prepare":false,"latitude":"","longitude":"","ordre_affichage_ecran":"8","import_id":"","export_id":"quentin-cholet-trio-glIg60","picture_url":"https:\/\/sadudelangedata.blob.core.windows.net\/files\/2026\/01\/QuentinScholetTrio.jpg","publishpress_future_action":{"enabled":false,"date":"2026-05-09 14:22:35","action":"change-status","newStatus":"trash","terms":[],"taxonomy":"category","extraData":[]},"publishpress_future_workflow_manual_trigger":{"enabledWorkflows":[]},"_links":{"self":[{"href":"https:\/\/www.dudelange.lu\/index.php\/wp-json\/wp\/v2\/evenement\/29695","targetHints":{"allow":["GET"]}}],"collection":[{"href":"https:\/\/www.dudelange.lu\/index.php\/wp-json\/wp\/v2\/evenement"}],"about":[{"href":"https:\/\/www.dudelange.lu\/index.php\/wp-json\/wp\/v2\/types\/evenement"}],"wp:featuredmedia":[{"embeddable":true,"href":"https:\/\/www.dudelange.lu\/index.php\/wp-json\/wp\/v2\/media\/29715"}],"wp:attachment":[{"href":"https:\/\/www.dudelange.lu\/index.php\/wp-json\/wp\/v2\/media?parent=29695"}],"wp:term":[{"taxonomy":"category","embeddable":true,"href":"https:\/\/www.dudelange.lu\/index.php\/wp-json\/wp\/v2\/categories?post=29695"}],"curies":[{"name":"wp","href":"https:\/\/api.w.org\/{rel}","templated":true}]}}

<div class="event-detail__distribution">
<div>Quentin Cholet – Drums</div>
<div>Jeremy Viner – Tenor Saxophone &amp; Clarinet</div>
<div>Felix Henkelhausen – Doublebass</div>
</div>
<div class="event-detail__body">
<div></div>
<div>Le Quentin Cholet Trio réunit des musiciens improvisateurs d&rsquo;horizons internationaux : le batteur Quentin Cholet, le saxophoniste/clarinettiste Jeremy Viner (États-Unis) et le contrebassiste Felix Henkelhausen (Allemagne). Ensemble, ils développent une musique spontanée, libre et dynamique. Libérés des cadres harmoniques traditionnels, ils construisent leur propre langage unique à travers le son, l&rsquo;espace, la densité et l&rsquo;écoute. Les compositions et les improvisations s&rsquo;enchaînent comme des conversations informelles, parfois déconcertantes, toujours vivantes.</div>
</div>
