{"id":29761,"date":"2026-01-13T09:43:13","date_gmt":"2026-01-13T08:43:13","guid":{"rendered":"https:\/\/www.dudelange.lu\/?post_type=evenement&#038;p=29761"},"modified":"2026-01-13T09:43:13","modified_gmt":"2026-01-13T08:43:13","slug":"bletz-asbl","status":"publish","type":"evenement","link":"https:\/\/www.dudelange.lu\/index.php\/evenement\/bletz-asbl\/","title":{"rendered":"Info-Owend Preventioun vum Hiereschlag"},"content":{"rendered":"<p>mam Chantal Keller, Pr\u00e4sidentin vu Bl\u00ebtz a.s.b.l. a Betraffe vun engem H\u00e4erzinfarkt an Hiereschlag mat Aphasie<\/p>\n<p><strong>Donneschden 12. Februar um 19:00<\/strong><br \/>\n<strong>am Hall polyvalent<\/strong> (8 route de Bettembourg, L-3429 Diddeleng)<\/p>\n<p>&#8211;<\/p>\n<h5><span style=\"color: #ef4030;\">Soir\u00e9e d&rsquo;information Pr\u00e9vention AVC<\/span><\/h5>\n<p>avec Chantal Keller, pr\u00e9sidente de Bl\u00ebtz a.s.b.l. et survivante d&rsquo;un infarctus du myocarde et d&rsquo;un AVC avec aphasie<\/p>\n<p><strong>Jeudi 12 f\u00e9vrier \u00e0 19:00<\/strong><br \/>\n<strong>au Hall polyvalent<\/strong> (8 route de Bettembourg, L-3429 Diddeleng)<\/p>\n<p>&#8211;<\/p>\n<p>Entr\u00e9e gratuite \/ Fr\u00e4ien Entr\u00e9e<\/p>\n<p>&#8211;<\/p>\n<p><em>Org. Bl\u00ebtz a.s.b.l., Gesond Diddeleng, Ville de Dudelange<\/em><\/p>\n<p>&nbsp;<\/p>\n","protected":false},"featured_media":29762,"template":["Evenement"],"categories":[],"class_list":["post-29761","evenement","type-evenement","status-publish","has-post-thumbnail","hentry"],"date_from":"2026-02-12 19:00:00","date_to":"2026-02-12 20:00:00","jour_entier":"0","date_debut_affichage":"2026-01-13 09:00:00","date_fin_affichage":"2026-02-12 19:00:00","description_ecran":"","organisateur":"www.dudelange.lu > Agenda","place_name":"Hall polyvalent","address":"","website":"","prix":"0.00","place_hotel_de_ville":"1","gare_dudelange_ville":"1","lycee_nic_biever":"1","preview":"1","visuel_prepare":false,"latitude":"","longitude":"","ordre_affichage_ecran":"10","import_id":"","export_id":"info-owend-preventioun-vum-hiereschlag-IZovvq","picture_url":"https:\/\/sadudelangedata.blob.core.windows.net\/files\/2026\/01\/Prevention-AVC_web.png","publishpress_future_action":{"enabled":false,"date":"2026-05-07 09:53:19","action":"change-status","newStatus":"trash","terms":[],"taxonomy":"category","extraData":[]},"publishpress_future_workflow_manual_trigger":{"enabledWorkflows":[]},"_links":{"self":[{"href":"https:\/\/www.dudelange.lu\/index.php\/wp-json\/wp\/v2\/evenement\/29761","targetHints":{"allow":["GET"]}}],"collection":[{"href":"https:\/\/www.dudelange.lu\/index.php\/wp-json\/wp\/v2\/evenement"}],"about":[{"href":"https:\/\/www.dudelange.lu\/index.php\/wp-json\/wp\/v2\/types\/evenement"}],"wp:featuredmedia":[{"embeddable":true,"href":"https:\/\/www.dudelange.lu\/index.php\/wp-json\/wp\/v2\/media\/29762"}],"wp:attachment":[{"href":"https:\/\/www.dudelange.lu\/index.php\/wp-json\/wp\/v2\/media?parent=29761"}],"wp:term":[{"taxonomy":"category","embeddable":true,"href":"https:\/\/www.dudelange.lu\/index.php\/wp-json\/wp\/v2\/categories?post=29761"}],"curies":[{"name":"wp","href":"https:\/\/api.w.org\/{rel}","templated":true}]}}

<p>mam Chantal Keller, Präsidentin vu Blëtz a.s.b.l. a Betraffe vun engem Häerzinfarkt an Hiereschlag mat Aphasie</p>
<p><strong>Donneschden 12. Februar um 19:00</strong><br />
<strong>am Hall polyvalent</strong> (8 route de Bettembourg, L-3429 Diddeleng)</p>
<p>&#8211;</p>
<h5><span style="color: #ef4030;">Soirée d&rsquo;information Prévention AVC</span></h5>
<p>avec Chantal Keller, présidente de Blëtz a.s.b.l. et survivante d&rsquo;un infarctus du myocarde et d&rsquo;un AVC avec aphasie</p>
<p><strong>Jeudi 12 février à 19:00</strong><br />
<strong>au Hall polyvalent</strong> (8 route de Bettembourg, L-3429 Diddeleng)</p>
<p>&#8211;</p>
<p>Entrée gratuite / Fräien Entrée</p>
<p>&#8211;</p>
<p><em>Org. Blëtz a.s.b.l., Gesond Diddeleng, Ville de Dudelange</em></p>
<p>&nbsp;</p>
