{"id":30132,"date":"2026-03-09T17:43:22","date_gmt":"2026-03-09T16:43:22","guid":{"rendered":"https:\/\/www.dudelange.lu\/?post_type=evenement&#038;p=30132"},"modified":"2026-03-19T10:30:19","modified_gmt":"2026-03-19T09:30:19","slug":"rentree-du-marche-mensuel","status":"publish","type":"evenement","link":"https:\/\/www.dudelange.lu\/index.php\/evenement\/rentree-du-marche-mensuel\/","title":{"rendered":"Rentr\u00e9e du march\u00e9 mensuel"},"content":{"rendered":"<p>Rentr\u00e9e du march\u00e9 mensuel, le jeudi 7.5.2026 ! Rejoignez-nous pour un caf\u00e9 &amp; croissant, servi par notre coll\u00e8ge \u00e9chevinal, \u00e0 partir de 9:30 sur la place Jean Fohrmann.<\/p>\n<hr \/>\n<p>Rentr\u00e9e vum grousse Maart, en Donneschdeg den 7.5.2026! Mir invit\u00e9ieren Iech vun 9:30 Auer un op ee Kaffi an ee Croissant op der Plaz Jean Fohrmann, zerw\u00e9iert vun eisem Sch\u00e4ff*innerot.<\/p>\n<hr \/>\n<p>Acc\u00e8s\/Urees:<\/p>\n<ul>\n<li>Bus 5, 631, DudBus1 (Champs-Vall\u00e9e) &gt; Gemeng<\/li>\n<li>Bus 8, 9, 10 &gt; Fohrmann<\/li>\n<li>Train\/Zug 60a &gt; Dudelange-Centre<\/li>\n<li>V\u00ebl\u2019Ok \u2013 Place de l\u2019H\u00f4tel de Ville<\/li>\n<li>Infos :\u00a0<a href=\"http:\/\/www.mobiliteit.lu\/\" target=\"_blank\" rel=\"noopener\"><span style=\"text-decoration: underline;\">www.mobiliteit.lu<\/span><\/a>\u00a0\/\u00a0<a href=\"http:\/\/www.velok.lu\/\" target=\"_blank\" rel=\"noopener\"><span style=\"text-decoration: underline;\">www.velok.lu<\/span><\/a><\/li>\n<\/ul>\n","protected":false},"featured_media":27713,"template":"","categories":[],"class_list":["post-30132","evenement","type-evenement","status-publish","has-post-thumbnail","hentry"],"date_from":"2026-05-07 09:30:00","date_to":"2026-05-07 10:00:00","jour_entier":"0","date_debut_affichage":"0000-00-00 00:00:00","date_fin_affichage":"0000-00-00 00:00:00","description_ecran":"","organisateur":"","place_name":"Place Fohrmann","address":"","website":"","prix":"0.00","place_hotel_de_ville":"1","gare_dudelange_ville":"1","lycee_nic_biever":"1","preview":"1","visuel_prepare":false,"latitude":"","longitude":"","ordre_affichage_ecran":[],"import_id":"","export_id":"","picture_url":"https:\/\/sadudelangedata.blob.core.windows.net\/files\/2025\/05\/Marche.jpg","publishpress_future_action":{"enabled":false,"date":"2026-05-07 09:52:56","action":"change-status","newStatus":"trash","terms":[],"taxonomy":"category","extraData":[]},"publishpress_future_workflow_manual_trigger":{"enabledWorkflows":[]},"_links":{"self":[{"href":"https:\/\/www.dudelange.lu\/index.php\/wp-json\/wp\/v2\/evenement\/30132","targetHints":{"allow":["GET"]}}],"collection":[{"href":"https:\/\/www.dudelange.lu\/index.php\/wp-json\/wp\/v2\/evenement"}],"about":[{"href":"https:\/\/www.dudelange.lu\/index.php\/wp-json\/wp\/v2\/types\/evenement"}],"wp:featuredmedia":[{"embeddable":true,"href":"https:\/\/www.dudelange.lu\/index.php\/wp-json\/wp\/v2\/media\/27713"}],"wp:attachment":[{"href":"https:\/\/www.dudelange.lu\/index.php\/wp-json\/wp\/v2\/media?parent=30132"}],"wp:term":[{"taxonomy":"category","embeddable":true,"href":"https:\/\/www.dudelange.lu\/index.php\/wp-json\/wp\/v2\/categories?post=30132"}],"curies":[{"name":"wp","href":"https:\/\/api.w.org\/{rel}","templated":true}]}}

Rentrée du marché mensuel

<p>Rentrée du marché mensuel, le jeudi 7.5.2026 ! Rejoignez-nous pour un café &amp; croissant, servi par notre collège échevinal, à partir de 9:30 sur la place Jean Fohrmann.</p>
<hr />
<p>Rentrée vum grousse Maart, en Donneschdeg den 7.5.2026! Mir invitéieren Iech vun 9:30 Auer un op ee Kaffi an ee Croissant op der Plaz Jean Fohrmann, zerwéiert vun eisem Schäff*innerot.</p>
<hr />
<p>Accès/Urees:</p>
<ul>
<li>Bus 5, 631, DudBus1 (Champs-Vallée) &gt; Gemeng</li>
<li>Bus 8, 9, 10 &gt; Fohrmann</li>
<li>Train/Zug 60a &gt; Dudelange-Centre</li>
<li>Vël’Ok – Place de l’Hôtel de Ville</li>
<li>Infos : <a href="http://www.mobiliteit.lu/" target="_blank" rel="noopener"><span style="text-decoration: underline;">www.mobiliteit.lu</span></a> / <a href="http://www.velok.lu/" target="_blank" rel="noopener"><span style="text-decoration: underline;">www.velok.lu</span></a></li>
</ul>
