{"id":30681,"date":"2026-04-29T15:09:40","date_gmt":"2026-04-29T13:09:40","guid":{"rendered":"https:\/\/www.dudelange.lu\/?post_type=evenement&#038;p=30681"},"modified":"2026-04-29T15:10:52","modified_gmt":"2026-04-29T13:10:52","slug":"aishelleg-portes-ouvertes-au-vewa","status":"publish","type":"evenement","link":"https:\/\/www.dudelange.lu\/index.php\/evenement\/aishelleg-portes-ouvertes-au-vewa\/","title":{"rendered":"\u00c4ishelleg Portes Ouvertes au VeWa"},"content":{"rendered":"<div class=\"xdj266r x14z9mp xat24cr x1lziwak x1vvkbs\">Viens f\u00eater avec nous les Saints de glace lors d\u2019un \u00e9v\u00e9nement festif et convivial !<br class=\"html-br\" \/>C\u2019est l\u2019occasion id\u00e9ale de rencontrer la communaut\u00e9 qui fait vivre l\u2019ancien vestiaire-wagonnage : le VEWA, un espace de cr\u00e9ation partag\u00e9 entre artistes, artisans et citoyens \u2014 v\u00e9ritable c\u0153ur culturel et associatif du futur quartier Neischmelz.<br class=\"html-br\" \/>Rejoins-nous en famille ou entre amis pour une journ\u00e9e plac\u00e9e sous le signe du partage, de la cr\u00e9ativit\u00e9 et de la d\u00e9couverte.<\/div>\n<div class=\"x14z9mp xat24cr x1lziwak x1vvkbs xtlvy1s\">Entr\u00e9e libre<\/p>\n<\/div>\n<div class=\"x14z9mp xat24cr x1lziwak x1vvkbs xtlvy1s\">Au programme :<\/div>\n<ul style=\"list-style-type: circle;\">\n<li>stands participatifs des associations<\/li>\n<li>petite restauration sal\u00e9e et sucr\u00e9e + bar<\/li>\n<li>activit\u00e9s cr\u00e9atives pour les petits et les grands<\/li>\n<li>march\u00e9 de v\u00e9los d\u2019occasion<\/li>\n<li>performances et musique live<\/li>\n<\/ul>\n","protected":false},"featured_media":30682,"template":["Club Association 1"],"categories":[],"class_list":["post-30681","evenement","type-evenement","status-publish","has-post-thumbnail","hentry"],"date_from":"2026-05-16 14:00:00","date_to":"2026-05-16 18:00:00","jour_entier":"0","date_debut_affichage":"2026-04-29 00:00:00","date_fin_affichage":"2026-05-16 18:00:00","description_ecran":"","organisateur":"DKollektiv","place_name":"VeWa","address":"Place Th. V. Werveke","website":"","prix":"0.00","place_hotel_de_ville":"1","gare_dudelange_ville":"1","lycee_nic_biever":"1","preview":"1","visuel_prepare":false,"latitude":"","longitude":"","ordre_affichage_ecran":"20","import_id":"","export_id":"","picture_url":"https:\/\/sadudelangedata.blob.core.windows.net\/files\/2026\/04\/682254278_1580269377440493_6777581089987173975_n.jpg","publishpress_future_action":{"enabled":false,"date":"2026-05-07 14:49:11","action":"change-status","newStatus":"trash","terms":[],"taxonomy":"category","extraData":[]},"publishpress_future_workflow_manual_trigger":{"enabledWorkflows":[]},"_links":{"self":[{"href":"https:\/\/www.dudelange.lu\/index.php\/wp-json\/wp\/v2\/evenement\/30681","targetHints":{"allow":["GET"]}}],"collection":[{"href":"https:\/\/www.dudelange.lu\/index.php\/wp-json\/wp\/v2\/evenement"}],"about":[{"href":"https:\/\/www.dudelange.lu\/index.php\/wp-json\/wp\/v2\/types\/evenement"}],"wp:featuredmedia":[{"embeddable":true,"href":"https:\/\/www.dudelange.lu\/index.php\/wp-json\/wp\/v2\/media\/30682"}],"wp:attachment":[{"href":"https:\/\/www.dudelange.lu\/index.php\/wp-json\/wp\/v2\/media?parent=30681"}],"wp:term":[{"taxonomy":"category","embeddable":true,"href":"https:\/\/www.dudelange.lu\/index.php\/wp-json\/wp\/v2\/categories?post=30681"}],"curies":[{"name":"wp","href":"https:\/\/api.w.org\/{rel}","templated":true}]}}

Äishelleg Portes Ouvertes au VeWa

<div class="xdj266r x14z9mp xat24cr x1lziwak x1vvkbs">Viens fêter avec nous les Saints de glace lors d’un événement festif et convivial !<br class="html-br" />C’est l’occasion idéale de rencontrer la communauté qui fait vivre l’ancien vestiaire-wagonnage : le VEWA, un espace de création partagé entre artistes, artisans et citoyens — véritable cœur culturel et associatif du futur quartier Neischmelz.<br class="html-br" />Rejoins-nous en famille ou entre amis pour une journée placée sous le signe du partage, de la créativité et de la découverte.</div>
<div class="x14z9mp xat24cr x1lziwak x1vvkbs xtlvy1s">Entrée libre</p>
</div>
<div class="x14z9mp xat24cr x1lziwak x1vvkbs xtlvy1s">Au programme :</div>
<ul style="list-style-type: circle;">
<li>stands participatifs des associations</li>
<li>petite restauration salée et sucrée + bar</li>
<li>activités créatives pour les petits et les grands</li>
<li>marché de vélos d’occasion</li>
<li>performances et musique live</li>
</ul>
