{"id":31578,"date":"2026-08-10T13:58:48","date_gmt":"2026-08-10T11:58:48","guid":{"rendered":"https:\/\/www.dudelange.lu\/?post_type=evenement&#038;p=31578"},"modified":"2026-08-10T13:58:57","modified_gmt":"2026-08-10T11:58:57","slug":"diddelenger-geschichten-jean-claude-muller","status":"publish","type":"evenement","link":"https:\/\/www.dudelange.lu\/index.php\/evenement\/diddelenger-geschichten-jean-claude-muller\/","title":{"rendered":"Diddelenger Geschicht(en) | Jean-Claude M\u00fcller"},"content":{"rendered":"<div class=\"xdj266r x14z9mp xat24cr x1lziwak x1vvkbs\">Vum \u00c9isl\u00e9ck an de Massif Central : D&rsquo;Krichsm\u00e9moire vum Diddel\u00e9nger Benediktinerpater Thiel<\/div>\n<div class=\"x14z9mp xat24cr x1lziwak x1vvkbs xtlvy1s\"><span class=\"html-span xexx8yu xyri2b x18d9i69 x1c1uobl x1hl2dhg x16tdsg8 x1vvkbs x3nfvp2 x1j61x8r x1fcty0u xdj266r xat24cr xm2jcoa x1mpyi22 xxymvpz xlup9mm x1kky2od\"><img decoding=\"async\" class=\"lazyload xz74otr x15mokao x1ga7v0g x16uus16 xbiv7yw\" src=\"data:image\/svg+xml,%3Csvg%20xmlns%3D%27http%3A%2F%2Fwww.w3.org%2F2000%2Fsvg%27%20width%3D%2716%27%20height%3D%2716%27%20viewBox%3D%270%200%2016%2016%27%3E%3Crect%20width%3D%2716%27%20height%3D%2716%27%20fill-opacity%3D%220%22%2F%3E%3C%2Fsvg%3E\" data-orig-src=\"https:\/\/static.xx.fbcdn.net\/images\/emoji.php\/v9\/tfb\/2\/16\/1f5d3.png\" alt=\"\ud83d\uddd3\ufe0f\" width=\"16\" height=\"16\" \/><\/span>05.10.2026<br class=\"html-br\" \/><span class=\"html-span xexx8yu xyri2b x18d9i69 x1c1uobl x1hl2dhg x16tdsg8 x1vvkbs x3nfvp2 x1j61x8r x1fcty0u xdj266r xat24cr xm2jcoa x1mpyi22 xxymvpz xlup9mm x1kky2od\"><img decoding=\"async\" class=\"lazyload xz74otr x15mokao x1ga7v0g x16uus16 xbiv7yw\" src=\"data:image\/svg+xml,%3Csvg%20xmlns%3D%27http%3A%2F%2Fwww.w3.org%2F2000%2Fsvg%27%20width%3D%2716%27%20height%3D%2716%27%20viewBox%3D%270%200%2016%2016%27%3E%3Crect%20width%3D%2716%27%20height%3D%2716%27%20fill-opacity%3D%220%22%2F%3E%3C%2Fsvg%3E\" data-orig-src=\"https:\/\/static.xx.fbcdn.net\/images\/emoji.php\/v9\/tb5\/2\/16\/23f0.png\" alt=\"\u23f0\" width=\"16\" height=\"16\" \/><\/span>20h00<\/div>\n<div class=\"x14z9mp xat24cr x1lziwak x1vvkbs xtlvy1s\">De 15. Januar 1941 sinn d\u2019Cli\u00e4rrwer Benediktinerpatren duerch d\u2019Gestapo aus der Abtei verdriwwe ginn. De Pater Bernard-Jacques THIEL (1892-1964) vun Diddel\u00e9ng konnt mat 2 Valissen fortlafen a gouf duerch Kli\u00e4rrwer Patrioten op L\u00e9iler gefouert, wou hien iwwer 2 Jo\u00ebr am Paschtoueschhaus verstoppt war. Nom Streik vun 1942 ass hien zesumme mat Refrakt\u00e4ren mam Zuch op Clermont-Ferrand gefl\u00fccht a war bis Januar 1946 heemlech Paschtouer an deer kl\u00e9nger Por Singles am Massif Central.<\/div>\n","protected":false},"featured_media":31579,"template":["Evenement"],"categories":[50,62],"class_list":["post-31578","evenement","type-evenement","status-publish","has-post-thumbnail","hentry","category-culture","category-memoire"],"date_from":"2026-10-05 20:00:00","date_to":"0000-00-00 00:00:00","jour_entier":"0","date_debut_affichage":"2026-08-11 00:00:00","date_fin_affichage":"2026-10-06 00:00:00","description_ecran":"","organisateur":"opderschmelz | Diddelenger Geschichtsfr\u00ebnn","place_name":"opderschmelz","address":"","website":"https:\/\/opderschmelz.lu\/agenda\/2194_2308","prix":"0.00","place_hotel_de_ville":"1","gare_dudelange_ville":"1","lycee_nic_biever":"1","preview":"0","visuel_prepare":false,"latitude":"","longitude":"","ordre_affichage_ecran":"29","import_id":"","export_id":"","picture_url":"https:\/\/sadudelangedata.blob.core.windows.net\/files\/2026\/08\/768347740_1522496953223791_6436705620448048394_n.jpg","publishpress_future_action":{"enabled":false,"date":"2026-09-08 08:23:09","action":"change-status","newStatus":"trash","terms":[],"taxonomy":"category","extraData":[]},"publishpress_future_workflow_manual_trigger":{"enabledWorkflows":[]},"_links":{"self":[{"href":"https:\/\/www.dudelange.lu\/index.php\/wp-json\/wp\/v2\/evenement\/31578","targetHints":{"allow":["GET"]}}],"collection":[{"href":"https:\/\/www.dudelange.lu\/index.php\/wp-json\/wp\/v2\/evenement"}],"about":[{"href":"https:\/\/www.dudelange.lu\/index.php\/wp-json\/wp\/v2\/types\/evenement"}],"wp:featuredmedia":[{"embeddable":true,"href":"https:\/\/www.dudelange.lu\/index.php\/wp-json\/wp\/v2\/media\/31579"}],"wp:attachment":[{"href":"https:\/\/www.dudelange.lu\/index.php\/wp-json\/wp\/v2\/media?parent=31578"}],"wp:term":[{"taxonomy":"category","embeddable":true,"href":"https:\/\/www.dudelange.lu\/index.php\/wp-json\/wp\/v2\/categories?post=31578"}],"curies":[{"name":"wp","href":"https:\/\/api.w.org\/{rel}","templated":true}]}}

Diddelenger Geschicht(en) | Jean-Claude Müller

<div class="xdj266r x14z9mp xat24cr x1lziwak x1vvkbs">Vum Éisléck an de Massif Central : D&rsquo;Krichsmémoire vum Diddelénger Benediktinerpater Thiel</div>
<div class="x14z9mp xat24cr x1lziwak x1vvkbs xtlvy1s"><span class="html-span xexx8yu xyri2b x18d9i69 x1c1uobl x1hl2dhg x16tdsg8 x1vvkbs x3nfvp2 x1j61x8r x1fcty0u xdj266r xat24cr xm2jcoa x1mpyi22 xxymvpz xlup9mm x1kky2od"><img decoding="async" class="lazyload xz74otr x15mokao x1ga7v0g x16uus16 xbiv7yw" src="data:image/svg+xml,%3Csvg%20xmlns%3D%27http%3A%2F%2Fwww.w3.org%2F2000%2Fsvg%27%20width%3D%2716%27%20height%3D%2716%27%20viewBox%3D%270%200%2016%2016%27%3E%3Crect%20width%3D%2716%27%20height%3D%2716%27%20fill-opacity%3D%220%22%2F%3E%3C%2Fsvg%3E" data-orig-src="https://static.xx.fbcdn.net/images/emoji.php/v9/tfb/2/16/1f5d3.png" alt="🗓️" width="16" height="16" /></span>05.10.2026<br class="html-br" /><span class="html-span xexx8yu xyri2b x18d9i69 x1c1uobl x1hl2dhg x16tdsg8 x1vvkbs x3nfvp2 x1j61x8r x1fcty0u xdj266r xat24cr xm2jcoa x1mpyi22 xxymvpz xlup9mm x1kky2od"><img decoding="async" class="lazyload xz74otr x15mokao x1ga7v0g x16uus16 xbiv7yw" src="data:image/svg+xml,%3Csvg%20xmlns%3D%27http%3A%2F%2Fwww.w3.org%2F2000%2Fsvg%27%20width%3D%2716%27%20height%3D%2716%27%20viewBox%3D%270%200%2016%2016%27%3E%3Crect%20width%3D%2716%27%20height%3D%2716%27%20fill-opacity%3D%220%22%2F%3E%3C%2Fsvg%3E" data-orig-src="https://static.xx.fbcdn.net/images/emoji.php/v9/tb5/2/16/23f0.png" alt="⏰" width="16" height="16" /></span>20h00</div>
<div class="x14z9mp xat24cr x1lziwak x1vvkbs xtlvy1s">De 15. Januar 1941 sinn d’Cliärrwer Benediktinerpatren duerch d’Gestapo aus der Abtei verdriwwe ginn. De Pater Bernard-Jacques THIEL (1892-1964) vun Diddeléng konnt mat 2 Valissen fortlafen a gouf duerch Kliärrwer Patrioten op Léiler gefouert, wou hien iwwer 2 Joër am Paschtoueschhaus verstoppt war. Nom Streik vun 1942 ass hien zesumme mat Refraktären mam Zuch op Clermont-Ferrand geflücht a war bis Januar 1946 heemlech Paschtouer an deer klénger Por Singles am Massif Central.</div>

opderschmelz | Diddelenger Geschichtsfrënn
