{"id":13379,"date":"2021-10-22T09:55:45","date_gmt":"2021-10-22T07:55:45","guid":{"rendered":"https:\/\/dudelange.devoteamlab.lu\/?page_id=13379"},"modified":"2024-05-29T14:32:06","modified_gmt":"2024-05-29T12:32:06","slug":"sentier-narratif-lauschterwee","status":"publish","type":"page","link":"https:\/\/www.dudelange.lu\/index.php\/sentier-narratif-lauschterwee\/","title":{"rendered":"Sentier narratif (Lauschterwee)"},"content":{"rendered":"<p>D\u00e9part: Place Gymnich, Boudersberg.<\/p>\n<p>Une princesse ensorcel\u00e9e, des cloches, un serpent bizarre, des braises qui se transforment en or, voici ce que vous d\u00e9couvrirez au fil d\u2019une promenade d\u2019environ 1,5 heures dans les bois du Mont Saint-Jean. Vous parcourez une dizaine de stations.<\/p>\n<p>\u00c0 chaque station, gr\u00e2ce \u00e0 un code QR, vous choisirez d\u2019\u00e9couter (ou de voir) sur votre smartphone l\u2019une des 4 langues disponibles : luxembourgeois, fran\u00e7ais, allemand ou langage des signes. Projet coordonn\u00e9 par la commission de la Famille.<\/p>\n<p>&#8211;<\/p>\n<p>Erz\u00e4hlpfad (Lauschterwee)<br \/>\nStart: Gymnich-Platz, Boudersberg.<\/p>\n<p>Eine verzauberte Prinzessin, Glocken, eine seltsame Schlange und Glut, die sich in Gold verwandelt &#8211; all das k\u00f6nnen Sie auf einem 1,5-st\u00fcndigen Spaziergang durch die W\u00e4lder des Johannisbergs entdecken. Sie durchlaufen etwa zehn Stationen.<\/p>\n<p>An jeder Station w\u00e4hlen Sie mithilfe eines QR-Codes aus, ob Sie eine der vier verf\u00fcgbaren Sprachen auf Ihrem Smartphone h\u00f6ren (oder sehen) m\u00f6chten: Luxemburgisch, Franz\u00f6sisch, Deutsch oder Geb\u00e4rdensprache. Das Projekt wird von der Familienkommission koordiniert.<\/p>\n<p>&nbsp;<\/p>\n<p>[PDF] <span style=\"text-decoration: underline;\"><span style=\"color: #ef4030;\"><a style=\"color: #ef4030; text-decoration: underline;\" href=\"https:\/\/sadudelangedata.blob.core.windows.net\/files\/2021\/09\/614b3b9491e3d-614b3b9491e3eClasseur1.pdf.pdf\" target=\"_blank\" rel=\"noopener\">Sentier narratif de Boudersberg<\/a><\/span><\/span><\/p>\n<p>&nbsp;<\/p>\n","protected":false},"excerpt":{"rendered":"<p>D\u00e9part: Place Gymnich, Boudersberg. Une princesse ensorcel\u00e9e, des cloches, un [&hellip;]<\/p>\n","protected":false},"author":8,"featured_media":13383,"parent":0,"menu_order":0,"comment_status":"closed","ping_status":"closed","template":"","meta":{"footnotes":""},"class_list":["post-13379","page","type-page","status-publish","has-post-thumbnail","hentry"],"publishpress_future_action":{"enabled":false,"date":"2026-05-09 19:35:32","action":"change-status","newStatus":"draft","terms":[],"taxonomy":"","extraData":[]},"publishpress_future_workflow_manual_trigger":{"enabledWorkflows":[]},"_links":{"self":[{"href":"https:\/\/www.dudelange.lu\/index.php\/wp-json\/wp\/v2\/pages\/13379","targetHints":{"allow":["GET"]}}],"collection":[{"href":"https:\/\/www.dudelange.lu\/index.php\/wp-json\/wp\/v2\/pages"}],"about":[{"href":"https:\/\/www.dudelange.lu\/index.php\/wp-json\/wp\/v2\/types\/page"}],"author":[{"embeddable":true,"href":"https:\/\/www.dudelange.lu\/index.php\/wp-json\/wp\/v2\/users\/8"}],"replies":[{"embeddable":true,"href":"https:\/\/www.dudelange.lu\/index.php\/wp-json\/wp\/v2\/comments?post=13379"}],"version-history":[{"count":5,"href":"https:\/\/www.dudelange.lu\/index.php\/wp-json\/wp\/v2\/pages\/13379\/revisions"}],"predecessor-version":[{"id":24342,"href":"https:\/\/www.dudelange.lu\/index.php\/wp-json\/wp\/v2\/pages\/13379\/revisions\/24342"}],"wp:featuredmedia":[{"embeddable":true,"href":"https:\/\/www.dudelange.lu\/index.php\/wp-json\/wp\/v2\/media\/13383"}],"wp:attachment":[{"href":"https:\/\/www.dudelange.lu\/index.php\/wp-json\/wp\/v2\/media?parent=13379"}],"curies":[{"name":"wp","href":"https:\/\/api.w.org\/{rel}","templated":true}]}}