{"id":13721,"date":"2021-10-28T11:20:17","date_gmt":"2021-10-28T09:20:17","guid":{"rendered":"https:\/\/dudelange.devoteamlab.lu\/?page_id=13721"},"modified":"2021-11-30T09:22:37","modified_gmt":"2021-11-30T08:22:37","slug":"minettkompost-2","status":"publish","type":"page","link":"https:\/\/www.dudelange.lu\/index.php\/syndicats-communaux\/minettkompost-2\/","title":{"rendered":"SIDOR"},"content":{"rendered":"<table style=\"border-collapse: collapse; width: 100%;\">\n<tbody>\n<tr>\n<td style=\"width: 23.5678%; text-align: left; vertical-align: top;\"><img decoding=\"async\" class=\"lazyload size-full wp-image-13732\" src=\"data:image\/svg+xml,%3Csvg%20xmlns%3D%27http%3A%2F%2Fwww.w3.org%2F2000%2Fsvg%27%20width%3D%27102%27%20height%3D%27102%27%20viewBox%3D%270%200%20102%20102%27%3E%3Crect%20width%3D%27102%27%20height%3D%27102%27%20fill-opacity%3D%220%22%2F%3E%3C%2Fsvg%3E\" data-orig-src=\"https:\/\/sadudelangedata.blob.core.windows.net\/files\/2021\/10\/sidor.gif\" alt=\"Logo Sidor\" width=\"102\" height=\"102\" \/><\/td>\n<td style=\"width: 76.4322%;\">Syndicat intercommunal pour la destruction des ordures des communes des cantons de Luxembourg, d&rsquo;Esch et de Capellen.<br \/>\nPlus d&rsquo;infos: <span style=\"text-decoration: underline; color: #ef4030;\"><span style=\"text-decoration: underline;\"><a style=\"color: #ef4030; text-decoration: underline;\" href=\"http:\/\/sidor.lu\/\" target=\"_blank\" rel=\"noopener\">www.sidor.lu<\/a><\/span><\/span><\/p>\n<p><strong style=\"font-family: inherit; font-size: inherit;\">D\u00e9l\u00e9gu\u00e9s:<\/strong><\/p>\n<ul>\n<li>Ren\u00e9 Manderscheid, \u00e9chevin\u200b\u200b\u200b<\/li>\n<li>Thessy Erpelding, conseill\u00e8re communale<\/li>\n<\/ul>\n<\/td>\n<\/tr>\n<\/tbody>\n<\/table>\n","protected":false},"excerpt":{"rendered":"<p>Syndicat intercommunal pour la destruction des ordures des communes des [&hellip;]<\/p>\n","protected":false},"author":9,"featured_media":0,"parent":2518,"menu_order":0,"comment_status":"closed","ping_status":"closed","template":"","meta":{"footnotes":""},"class_list":["post-13721","page","type-page","status-publish","hentry"],"publishpress_future_action":{"enabled":false,"date":"2026-05-06 05:38:32","action":"change-status","newStatus":"draft","terms":[],"taxonomy":"","extraData":[]},"publishpress_future_workflow_manual_trigger":{"enabledWorkflows":[]},"_links":{"self":[{"href":"https:\/\/www.dudelange.lu\/index.php\/wp-json\/wp\/v2\/pages\/13721","targetHints":{"allow":["GET"]}}],"collection":[{"href":"https:\/\/www.dudelange.lu\/index.php\/wp-json\/wp\/v2\/pages"}],"about":[{"href":"https:\/\/www.dudelange.lu\/index.php\/wp-json\/wp\/v2\/types\/page"}],"author":[{"embeddable":true,"href":"https:\/\/www.dudelange.lu\/index.php\/wp-json\/wp\/v2\/users\/9"}],"replies":[{"embeddable":true,"href":"https:\/\/www.dudelange.lu\/index.php\/wp-json\/wp\/v2\/comments?post=13721"}],"version-history":[{"count":13,"href":"https:\/\/www.dudelange.lu\/index.php\/wp-json\/wp\/v2\/pages\/13721\/revisions"}],"predecessor-version":[{"id":15202,"href":"https:\/\/www.dudelange.lu\/index.php\/wp-json\/wp\/v2\/pages\/13721\/revisions\/15202"}],"up":[{"embeddable":true,"href":"https:\/\/www.dudelange.lu\/index.php\/wp-json\/wp\/v2\/pages\/2518"}],"wp:attachment":[{"href":"https:\/\/www.dudelange.lu\/index.php\/wp-json\/wp\/v2\/media?parent=13721"}],"curies":[{"name":"wp","href":"https:\/\/api.w.org\/{rel}","templated":true}]}}

<table style="border-collapse: collapse; width: 100%;">
<tbody>
<tr>
<td style="width: 23.5678%; text-align: left; vertical-align: top;"><img decoding="async" class="lazyload size-full wp-image-13732" src="data:image/svg+xml,%3Csvg%20xmlns%3D%27http%3A%2F%2Fwww.w3.org%2F2000%2Fsvg%27%20width%3D%27102%27%20height%3D%27102%27%20viewBox%3D%270%200%20102%20102%27%3E%3Crect%20width%3D%27102%27%20height%3D%27102%27%20fill-opacity%3D%220%22%2F%3E%3C%2Fsvg%3E" data-orig-src="https://sadudelangedata.blob.core.windows.net/files/2021/10/sidor.gif" alt="Logo Sidor" width="102" height="102" /></td>
<td style="width: 76.4322%;">Syndicat intercommunal pour la destruction des ordures des communes des cantons de Luxembourg, d&rsquo;Esch et de Capellen.<br />
Plus d&rsquo;infos: <span style="text-decoration: underline; color: #ef4030;"><span style="text-decoration: underline;"><a style="color: #ef4030; text-decoration: underline;" href="http://sidor.lu/" target="_blank" rel="noopener">www.sidor.lu</a></span></span></p>
<p><strong style="font-family: inherit; font-size: inherit;">Délégués:</strong></p>
<ul>
<li>René Manderscheid, échevin​​​</li>
<li>Thessy Erpelding, conseillère communale</li>
</ul>
</td>
</tr>
</tbody>
</table>
