{"id":13762,"date":"2021-10-28T11:34:35","date_gmt":"2021-10-28T09:34:35","guid":{"rendered":"https:\/\/dudelange.devoteamlab.lu\/?page_id=13762"},"modified":"2021-11-05T14:40:41","modified_gmt":"2021-11-05T13:40:41","slug":"step","status":"publish","type":"page","link":"https:\/\/www.dudelange.lu\/index.php\/syndicats-communaux\/step\/","title":{"rendered":"STEP"},"content":{"rendered":"<table style=\"border-collapse: collapse; width: 100%;\">\n<tbody>\n<tr>\n<td style=\"width: 22.9648%; text-align: left; vertical-align: top;\"><img decoding=\"async\" class=\"lazyload size-full wp-image-13763\" src=\"data:image\/svg+xml,%3Csvg%20xmlns%3D%27http%3A%2F%2Fwww.w3.org%2F2000%2Fsvg%27%20width%3D%2794%27%20height%3D%27120%27%20viewBox%3D%270%200%2094%20120%27%3E%3Crect%20width%3D%2794%27%20height%3D%27120%27%20fill-opacity%3D%220%22%2F%3E%3C%2Fsvg%3E\" data-orig-src=\"https:\/\/sadudelangedata.blob.core.windows.net\/files\/2021\/10\/STEP.gif\" alt=\"STEP\" width=\"94\" height=\"120\" \/><\/td>\n<td style=\"width: 77.0352%;\">Syndicat intercommunal pour l&rsquo;exploitation de la station d&rsquo;\u00e9puration de Bettembourg et pour la r\u00e9alisation de toutes activit\u00e9s de recyclage et de gestion \u00e9cologique. Plus d&rsquo;infos: <span style=\"color: #ef4030;\"><span style=\"color: #ef4030;\"><a style=\"color: #ef4030;\" href=\"http:\/\/www.step.lu\/\" target=\"_blank\" rel=\"noopener\"><span style=\"text-decoration: underline;\"><span style=\"color: #ef4030; text-decoration: underline;\">www.step.lu<\/span><\/span><\/a><\/span><\/span><\/p>\n<p><strong>D\u00e9l\u00e9gu\u00e9s:<\/strong><\/p>\n<ul>\n<li>Loris Spina, \u00e9chevin<\/li>\n<li>Ren\u00e9 Manderscheid, \u00e9chevin<\/li>\n<\/ul>\n<\/td>\n<\/tr>\n<\/tbody>\n<\/table>\n","protected":false},"excerpt":{"rendered":"<p>Syndicat intercommunal pour l&rsquo;exploitation de la station d&rsquo;\u00e9puration de Bettembourg [&hellip;]<\/p>\n","protected":false},"author":9,"featured_media":0,"parent":2518,"menu_order":0,"comment_status":"closed","ping_status":"closed","template":"","meta":{"footnotes":""},"class_list":["post-13762","page","type-page","status-publish","hentry"],"publishpress_future_action":{"enabled":false,"date":"2026-05-08 17:41:19","action":"change-status","newStatus":"draft","terms":[],"taxonomy":"","extraData":[]},"publishpress_future_workflow_manual_trigger":{"enabledWorkflows":[]},"_links":{"self":[{"href":"https:\/\/www.dudelange.lu\/index.php\/wp-json\/wp\/v2\/pages\/13762","targetHints":{"allow":["GET"]}}],"collection":[{"href":"https:\/\/www.dudelange.lu\/index.php\/wp-json\/wp\/v2\/pages"}],"about":[{"href":"https:\/\/www.dudelange.lu\/index.php\/wp-json\/wp\/v2\/types\/page"}],"author":[{"embeddable":true,"href":"https:\/\/www.dudelange.lu\/index.php\/wp-json\/wp\/v2\/users\/9"}],"replies":[{"embeddable":true,"href":"https:\/\/www.dudelange.lu\/index.php\/wp-json\/wp\/v2\/comments?post=13762"}],"version-history":[{"count":15,"href":"https:\/\/www.dudelange.lu\/index.php\/wp-json\/wp\/v2\/pages\/13762\/revisions"}],"predecessor-version":[{"id":14213,"href":"https:\/\/www.dudelange.lu\/index.php\/wp-json\/wp\/v2\/pages\/13762\/revisions\/14213"}],"up":[{"embeddable":true,"href":"https:\/\/www.dudelange.lu\/index.php\/wp-json\/wp\/v2\/pages\/2518"}],"wp:attachment":[{"href":"https:\/\/www.dudelange.lu\/index.php\/wp-json\/wp\/v2\/media?parent=13762"}],"curies":[{"name":"wp","href":"https:\/\/api.w.org\/{rel}","templated":true}]}}