{"id":13795,"date":"2021-10-28T11:43:15","date_gmt":"2021-10-28T09:43:15","guid":{"rendered":"https:\/\/dudelange.devoteamlab.lu\/?page_id=13795"},"modified":"2021-11-05T14:54:24","modified_gmt":"2021-11-05T13:54:24","slug":"syvicol","status":"publish","type":"page","link":"https:\/\/www.dudelange.lu\/index.php\/syndicats-communaux\/syvicol\/","title":{"rendered":"SYVICOL"},"content":{"rendered":"<table style=\"border-collapse: collapse; width: 100%;\">\n<tbody>\n<tr>\n<td style=\"width: 22.9682%;\"><img decoding=\"async\" class=\"lazyload  wp-image-14240\" src=\"data:image\/svg+xml,%3Csvg%20xmlns%3D%27http%3A%2F%2Fwww.w3.org%2F2000%2Fsvg%27%20width%3D%27360%27%20height%3D%2790%27%20viewBox%3D%270%200%20360%2090%27%3E%3Crect%20width%3D%27360%27%20height%3D%2790%27%20fill-opacity%3D%220%22%2F%3E%3C%2Fsvg%3E\" data-orig-src=\"https:\/\/sadudelangedata.blob.core.windows.net\/files\/2021\/11\/syvicol.png\" alt=\"SYVICOL\" width=\"360\" height=\"90\" \/><\/td>\n<td style=\"width: 77.0318%;\"><span id=\"DeltaPlaceHolderMain\">Syndicat des villes et communes luxembourgoises.<br \/>\nPlus d&rsquo;infos: <\/span><span id=\"DeltaPlaceHolderMain\" style=\"color: #ef4030;\"><a style=\"color: #ef4030;\" title=\"www.syvicol.lu\" href=\"http:\/\/www.syvicol.lu\/\" target=\"_blank\" rel=\"noopener\"><span style=\"text-decoration: underline;\"><span style=\"color: #ef4030; text-decoration: underline;\">www.syvicol.lu<\/span><\/span><\/a><\/span><span style=\"text-decoration: underline;\"><span style=\"color: #ef4030; text-decoration: underline;\">\u200b<\/span><\/span><\/p>\n<p><strong>D\u00e9l\u00e9gu\u00e9:<\/strong><\/p>\n<ul>\n<li>Dan Biancalana, bourgmestre<\/li>\n<\/ul>\n<\/td>\n<\/tr>\n<\/tbody>\n<\/table>\n","protected":false},"excerpt":{"rendered":"<p>Syndicat des villes et communes luxembourgoises. Plus d&rsquo;infos: www.syvicol.lu\u200b D\u00e9l\u00e9gu\u00e9: [&hellip;]<\/p>\n","protected":false},"author":9,"featured_media":0,"parent":2518,"menu_order":0,"comment_status":"closed","ping_status":"closed","template":"","meta":{"footnotes":""},"class_list":["post-13795","page","type-page","status-publish","hentry"],"publishpress_future_action":{"enabled":false,"date":"2026-05-08 18:01:51","action":"change-status","newStatus":"draft","terms":[],"taxonomy":"","extraData":[]},"publishpress_future_workflow_manual_trigger":{"enabledWorkflows":[]},"_links":{"self":[{"href":"https:\/\/www.dudelange.lu\/index.php\/wp-json\/wp\/v2\/pages\/13795","targetHints":{"allow":["GET"]}}],"collection":[{"href":"https:\/\/www.dudelange.lu\/index.php\/wp-json\/wp\/v2\/pages"}],"about":[{"href":"https:\/\/www.dudelange.lu\/index.php\/wp-json\/wp\/v2\/types\/page"}],"author":[{"embeddable":true,"href":"https:\/\/www.dudelange.lu\/index.php\/wp-json\/wp\/v2\/users\/9"}],"replies":[{"embeddable":true,"href":"https:\/\/www.dudelange.lu\/index.php\/wp-json\/wp\/v2\/comments?post=13795"}],"version-history":[{"count":6,"href":"https:\/\/www.dudelange.lu\/index.php\/wp-json\/wp\/v2\/pages\/13795\/revisions"}],"predecessor-version":[{"id":14242,"href":"https:\/\/www.dudelange.lu\/index.php\/wp-json\/wp\/v2\/pages\/13795\/revisions\/14242"}],"up":[{"embeddable":true,"href":"https:\/\/www.dudelange.lu\/index.php\/wp-json\/wp\/v2\/pages\/2518"}],"wp:attachment":[{"href":"https:\/\/www.dudelange.lu\/index.php\/wp-json\/wp\/v2\/media?parent=13795"}],"curies":[{"name":"wp","href":"https:\/\/api.w.org\/{rel}","templated":true}]}}

<table style="border-collapse: collapse; width: 100%;">
<tbody>
<tr>
<td style="width: 22.9682%;"><img decoding="async" class="lazyload  wp-image-14240" src="data:image/svg+xml,%3Csvg%20xmlns%3D%27http%3A%2F%2Fwww.w3.org%2F2000%2Fsvg%27%20width%3D%27360%27%20height%3D%2790%27%20viewBox%3D%270%200%20360%2090%27%3E%3Crect%20width%3D%27360%27%20height%3D%2790%27%20fill-opacity%3D%220%22%2F%3E%3C%2Fsvg%3E" data-orig-src="https://sadudelangedata.blob.core.windows.net/files/2021/11/syvicol.png" alt="SYVICOL" width="360" height="90" /></td>
<td style="width: 77.0318%;"><span id="DeltaPlaceHolderMain">Syndicat des villes et communes luxembourgoises.<br />
Plus d&rsquo;infos: </span><span id="DeltaPlaceHolderMain" style="color: #ef4030;"><a style="color: #ef4030;" title="www.syvicol.lu" href="http://www.syvicol.lu/" target="_blank" rel="noopener"><span style="text-decoration: underline;"><span style="color: #ef4030; text-decoration: underline;">www.syvicol.lu</span></span></a></span><span style="text-decoration: underline;"><span style="color: #ef4030; text-decoration: underline;">​</span></span></p>
<p><strong>Délégué:</strong></p>
<ul>
<li>Dan Biancalana, bourgmestre</li>
</ul>
</td>
</tr>
</tbody>
</table>

<p>Syndicat des villes et communes luxembourgoises. Plus d&rsquo;infos: www.syvicol.lu​ Délégué: [&hellip;]</p>
