{"id":14133,"date":"2021-11-05T08:33:57","date_gmt":"2021-11-05T07:33:57","guid":{"rendered":"https:\/\/dudelange.devoteamlab.lu\/?page_id=14133"},"modified":"2026-04-27T08:11:17","modified_gmt":"2026-04-27T06:11:17","slug":"autorisations-de-batir","status":"publish","type":"page","link":"https:\/\/www.dudelange.lu\/index.php\/autorisations-de-batir\/","title":{"rendered":"Autorisations de b\u00e2tir accord\u00e9es"},"content":{"rendered":"<p>Document \u00e0 t\u00e9l\u00e9charger:<\/p>\n<ul>\n<li><span style=\"text-decoration: underline;\"><span style=\"color: #ef4030;\"><a style=\"color: #ef4030; text-decoration: underline;\" href=\"https:\/\/sadudelangedata.blob.core.windows.net\/files\/2026\/04\/Autorisations-de-batir-accordees.pdf\">Autorisations de b\u00e2tir accord\u00e9es<\/a><\/span><\/span> (PDF, 47,8 KB)<\/li>\n<\/ul>\n<p>Comment obtenir une autorisation de b\u00e2tir?<br \/>\nVeuillez cliquer <span style=\"text-decoration: underline;\"><span style=\"color: #ef4030;\"><a style=\"color: #ef4030; text-decoration: underline;\" href=\"https:\/\/www.dudelange.lu\/index.php\/demarches-administratives\/autorisation-de-batir\/\">&gt; ici &lt;<\/a><\/span><\/span><\/p>\n","protected":false},"excerpt":{"rendered":"<p>Document \u00e0 t\u00e9l\u00e9charger: Autorisations de b\u00e2tir accord\u00e9es (PDF, 47,8 KB) [&hellip;]<\/p>\n","protected":false},"author":8,"featured_media":14136,"parent":0,"menu_order":0,"comment_status":"closed","ping_status":"closed","template":"","meta":{"footnotes":""},"class_list":["post-14133","page","type-page","status-publish","has-post-thumbnail","hentry"],"publishpress_future_action":{"enabled":false,"date":"2026-05-10 06:00:00","action":"change-status","newStatus":"draft","terms":[],"taxonomy":"","extraData":[]},"publishpress_future_workflow_manual_trigger":{"enabledWorkflows":[]},"_links":{"self":[{"href":"https:\/\/www.dudelange.lu\/index.php\/wp-json\/wp\/v2\/pages\/14133","targetHints":{"allow":["GET"]}}],"collection":[{"href":"https:\/\/www.dudelange.lu\/index.php\/wp-json\/wp\/v2\/pages"}],"about":[{"href":"https:\/\/www.dudelange.lu\/index.php\/wp-json\/wp\/v2\/types\/page"}],"author":[{"embeddable":true,"href":"https:\/\/www.dudelange.lu\/index.php\/wp-json\/wp\/v2\/users\/8"}],"replies":[{"embeddable":true,"href":"https:\/\/www.dudelange.lu\/index.php\/wp-json\/wp\/v2\/comments?post=14133"}],"version-history":[{"count":288,"href":"https:\/\/www.dudelange.lu\/index.php\/wp-json\/wp\/v2\/pages\/14133\/revisions"}],"predecessor-version":[{"id":30673,"href":"https:\/\/www.dudelange.lu\/index.php\/wp-json\/wp\/v2\/pages\/14133\/revisions\/30673"}],"wp:featuredmedia":[{"embeddable":true,"href":"https:\/\/www.dudelange.lu\/index.php\/wp-json\/wp\/v2\/media\/14136"}],"wp:attachment":[{"href":"https:\/\/www.dudelange.lu\/index.php\/wp-json\/wp\/v2\/media?parent=14133"}],"curies":[{"name":"wp","href":"https:\/\/api.w.org\/{rel}","templated":true}]}}