{"id":15163,"date":"2021-11-29T14:15:52","date_gmt":"2021-11-29T13:15:52","guid":{"rendered":"https:\/\/dudelange.devoteamlab.lu\/?page_id=15163"},"modified":"2025-03-24T09:12:18","modified_gmt":"2025-03-24T08:12:18","slug":"commerces-entreprises","status":"publish","type":"page","link":"https:\/\/www.dudelange.lu\/index.php\/commerces-entreprises\/","title":{"rendered":"Commerces &#038; entreprises"},"content":{"rendered":"<p>Les nouveaux am\u00e9nagements du centre-ville, l\u2019augmentation croissante de la population, son pouvoir d\u2019achat \u00e9lev\u00e9 dans la r\u00e9gion sud ou encore la bonne qualit\u00e9 des infrastructures existantes font de Dudelange un lieu id\u00e9al pour y implanter son commerce. Centre r\u00e9gional \u00e9conomique et culturel, la ville b\u00e9n\u00e9ficie d\u2019une situation id\u00e9ale. Facile d\u2019acc\u00e8s, au c\u0153ur d\u2019un r\u00e9seau routier dense, bien desservie par les transports en commun, elle profite d\u2019un d\u00e9veloppement urbain r\u00e9solument moderne et attrayant. Gr\u00e2ce \u00e0 sa localisation et des investissements dans des infrastructures modernes et de pointes, Dudelange dispose de tous les atouts et entend accueillir de nouveaux commer\u00e7ants, des professions lib\u00e9rales ainsi que des chefs d\u2019entreprise d\u00e9sireux de participer au renouveau de toute une r\u00e9gion.<\/p>\n<p><strong><br \/>\nPlus d&rsquo;infos<\/strong><\/p>\n<ul>\n<li>[BLOG] <a href=\"https:\/\/www.ondiraitlesud.lu\/category\/entreprises\/\" target=\"_blank\" rel=\"noopener\"><span style=\"text-decoration: underline;\"><span style=\"color: #ef4030; text-decoration: underline;\">Commerces &amp; entreprises \u00e0 Dudelange &#8211; articles<\/span><\/span><\/a><\/li>\n<li>[VIDEO] <a href=\"https:\/\/youtu.be\/fNnJ3biBcEY\" target=\"_blank\" rel=\"noopener\"><span style=\"text-decoration: underline;\"><span style=\"color: #ef4030; text-decoration: underline;\">S&rsquo;installer \u00e0 Dudelange (2019)<\/span><\/span><\/a><\/li>\n<li>[PDF] <span style=\"text-decoration: underline;\"><span style=\"color: #ef4030; text-decoration: underline;\"><a style=\"color: #ef4030; text-decoration: underline;\" href=\"https:\/\/sadudelangedata.blob.core.windows.net\/files\/2021\/11\/Sinstaller-a-Dudelange-2017.pdf\" target=\"_blank\" rel=\"noopener\">Brochure: S&rsquo;installer \u00e0 Dudelange (2017)<\/a><\/span><\/span><\/li>\n<li>[LIEN] <span style=\"color: #ef4030;\"><a style=\"color: #ef4030;\" href=\"https:\/\/letzshop.lu\/de\/dudelange\/vendors\" target=\"_blank\" rel=\"noopener\"><span style=\"text-decoration: underline;\">Letzshop &#8211; Commerces \u00e0 Dudelange<\/span><\/a><\/span><\/li>\n<li>[LIEN] <span style=\"text-decoration: underline; color: #ef4030;\"><a style=\"color: #ef4030; text-decoration: underline;\" href=\"https:\/\/www.dudelange.lu\/index.php\/innovation-hub\/\" target=\"_blank\" rel=\"noopener\">Innovation Hub (start-ups en \u00e9cotechnologie)<\/a><\/span><\/li>\n<\/ul>\n<p>&nbsp;<\/p>\n<p><strong>Contact<\/strong><br \/>\nVille de Dudelange<br \/>\n<span style=\"color: #ef4030;\"><a style=\"color: #ef4030;\" href=\"https:\/\/www.dudelange.lu\/index.php\/services-communaux\/developpement-commerces-et-entreprises\/\"><span style=\"text-decoration: underline;\">D\u00e9veloppement des commerces et entreprises<\/span><\/a><\/span><br \/>\nT 516121 -2323\/-2326<\/p>\n<p>&nbsp;<\/p>\n","protected":false},"excerpt":{"rendered":"<p>Les nouveaux am\u00e9nagements du centre-ville, l\u2019augmentation croissante de la population, [&hellip;]<\/p>\n","protected":false},"author":8,"featured_media":15168,"parent":0,"menu_order":0,"comment_status":"closed","ping_status":"closed","template":"","meta":{"footnotes":""},"class_list":["post-15163","page","type-page","status-publish","has-post-thumbnail","hentry"],"publishpress_future_action":{"enabled":false,"date":"2026-04-15 05:55:58","action":"change-status","newStatus":"draft","terms":[],"taxonomy":"","extraData":[]},"publishpress_future_workflow_manual_trigger":{"enabledWorkflows":[]},"_links":{"self":[{"href":"https:\/\/www.dudelange.lu\/index.php\/wp-json\/wp\/v2\/pages\/15163","targetHints":{"allow":["GET"]}}],"collection":[{"href":"https:\/\/www.dudelange.lu\/index.php\/wp-json\/wp\/v2\/pages"}],"about":[{"href":"https:\/\/www.dudelange.lu\/index.php\/wp-json\/wp\/v2\/types\/page"}],"author":[{"embeddable":true,"href":"https:\/\/www.dudelange.lu\/index.php\/wp-json\/wp\/v2\/users\/8"}],"replies":[{"embeddable":true,"href":"https:\/\/www.dudelange.lu\/index.php\/wp-json\/wp\/v2\/comments?post=15163"}],"version-history":[{"count":12,"href":"https:\/\/www.dudelange.lu\/index.php\/wp-json\/wp\/v2\/pages\/15163\/revisions"}],"predecessor-version":[{"id":27049,"href":"https:\/\/www.dudelange.lu\/index.php\/wp-json\/wp\/v2\/pages\/15163\/revisions\/27049"}],"wp:featuredmedia":[{"embeddable":true,"href":"https:\/\/www.dudelange.lu\/index.php\/wp-json\/wp\/v2\/media\/15168"}],"wp:attachment":[{"href":"https:\/\/www.dudelange.lu\/index.php\/wp-json\/wp\/v2\/media?parent=15163"}],"curies":[{"name":"wp","href":"https:\/\/api.w.org\/{rel}","templated":true}]}}