{"id":17495,"date":"2022-06-30T09:58:42","date_gmt":"2022-06-30T07:58:42","guid":{"rendered":"https:\/\/www.dudelange.lu\/?page_id=17495"},"modified":"2025-03-12T16:45:52","modified_gmt":"2025-03-12T15:45:52","slug":"pacte-logement","status":"publish","type":"page","link":"https:\/\/www.dudelange.lu\/index.php\/pacte-logement\/","title":{"rendered":"Pacte Logement 2.0"},"content":{"rendered":"<p>Plus de logements abordables, ensemble avec les communes ! Le Pacte logement est un partenariat entre l\u2019\u00c9tat et les communes qui a pour objectif de les soutenir dans le d\u00e9veloppement de logements abordables et de la qualit\u00e9 r\u00e9sidentielle. Au niveau national, le Pacte logement 2.0 poursuit trois objectifs op\u00e9rationnels :<\/p>\n<ol>\n<li>L\u2019augmentation de l\u2019offre de logements abordables et durables au niveau communal<\/li>\n<li>La mobilisation du potentiel foncier et r\u00e9sidentiel existant au niveau communal<\/li>\n<li>L\u2019am\u00e9lioration de la qualit\u00e9 de r\u00e9sidentielle.<\/li>\n<\/ol>\n<p>&nbsp;<\/p>\n<p><strong>LOGEMENT ABORDABLE \u00c0 DUDELANGE<\/strong><br \/>\nSoir\u00e9e d\u2019information et d\u2019\u00e9change sur le pacte logement 2.0 du 16.06.2022 \u00e0 l&rsquo;H\u00f4tel de ville<\/p>\n<p>Pr\u00e9sentations:<\/p>\n<ul>\n<li><span style=\"text-decoration: underline; color: #ef4030;\"><a style=\"color: #ef4030; text-decoration: underline;\" href=\"https:\/\/sadudelangedata.blob.core.windows.net\/files\/2022\/06\/Umsetzung-des-Pacte-Logement.pdf\" target=\"_blank\" rel=\"noopener\">Umsetzung des Pacte Logement<\/a><\/span> &#8211; Auteur: Zeyen-Baumann (PDF, 9,85 MB, en allemand)<\/li>\n<li><a href=\"https:\/\/sadudelangedata.blob.core.windows.net\/files\/2022\/06\/Le-marche-immobilier-a-Dudelange.pdf\" target=\"_blank\" rel=\"noopener\"><span style=\"color: #ef4030;\"><span style=\"text-decoration: underline;\">Une perspective socio-\u00e9conomique sur le march\u00e9 immobilier \u00e0 Dudelange<\/span><\/span><\/a> &#8211; Auteur: Antoine Paccoud LISER \/ Observatoire de l\u2019Habitat (PDF, 352 KB, en fran\u00e7ais)<\/li>\n<\/ul>\n<p>&nbsp;<\/p>\n<p><strong>HABITER \u00c0 DUDELANGE<\/strong><\/p>\n<p class=\"p1\">La Ville de Dudelange est active depuis 2021 dans le cadre du Pacte Logement 2.0. Sur ce site, la Ville souhaite mettre \u00e0 disposition l\u2019ensemble des informations relatives au logement (abordable) et au Pacte Logement. Ce site s\u2019adresse \u00e0 toutes les personnes qui s\u2019int\u00e9ressent \u00e0 ce sujet et fournit des informations sur les mesures actuelles au niveau national et communal ainsi que sur les acteurs et les instruments qui contribuent \u00e0 la cr\u00e9ation de logements abordables \u00e0 Dudelange. Vous y trouverez \u00e9galement des coordonn\u00e9es utiles si vous recherchez un logement abordable mais \u00e9galement si vous voulez d\u00e9velopper des logements ou mettre \u00e0 disposition des terrains ou des logements inutilis\u00e9s \u00e0 la commune ou \u00e0 un acteur national.<\/p>\n<p>&gt;&gt;&gt; <strong>Lien site internet<\/strong>\u00a0<span style=\"text-decoration: underline;\"><span style=\"color: #ef4030;\"><a style=\"color: #ef4030; text-decoration: underline;\" title=\"Wunnen Zu Diddeleng \/ Habiter \u00e0 Dudelange\" href=\"https:\/\/wunnenzudiddeleng.lu\/fr\/\" target=\"_blank\" rel=\"noopener\">Wunnen zu Diddeleng \/ Habiter \u00e0 Dudelange<\/a><\/span><\/span><\/p>\n<p>&nbsp;<\/p>\n<p><strong>Plus d&rsquo;infos<\/strong><br \/>\nHotline: T 8002 8989<br \/>\n<span style=\"text-decoration: underline;\"><span style=\"color: #ef4030; text-decoration: underline;\"><a style=\"color: #ef4030; text-decoration: underline;\" href=\"mailto:pactelogement@ml.etat.lu\">pactelogement@ml.etat.lu<\/a><\/span><\/span><br \/>\n<span style=\"text-decoration: underline;\"><span style=\"color: #ef4030; text-decoration: underline;\"><a style=\"color: #ef4030; text-decoration: underline;\" href=\"https:\/\/logement.public.lu\/fr\/politique\/pacte-logement.html\">www.logement.public.lu<\/a><\/span><\/span><\/p>\n","protected":false},"excerpt":{"rendered":"<p>Plus de logements abordables, ensemble avec les communes ! Le [&hellip;]<\/p>\n","protected":false},"author":8,"featured_media":17025,"parent":0,"menu_order":0,"comment_status":"closed","ping_status":"closed","template":"","meta":{"footnotes":""},"class_list":["post-17495","page","type-page","status-publish","has-post-thumbnail","hentry"],"publishpress_future_action":{"enabled":false,"date":"2026-05-09 15:24:13","action":"change-status","newStatus":"draft","terms":[],"taxonomy":"","extraData":[]},"publishpress_future_workflow_manual_trigger":{"enabledWorkflows":[]},"_links":{"self":[{"href":"https:\/\/www.dudelange.lu\/index.php\/wp-json\/wp\/v2\/pages\/17495","targetHints":{"allow":["GET"]}}],"collection":[{"href":"https:\/\/www.dudelange.lu\/index.php\/wp-json\/wp\/v2\/pages"}],"about":[{"href":"https:\/\/www.dudelange.lu\/index.php\/wp-json\/wp\/v2\/types\/page"}],"author":[{"embeddable":true,"href":"https:\/\/www.dudelange.lu\/index.php\/wp-json\/wp\/v2\/users\/8"}],"replies":[{"embeddable":true,"href":"https:\/\/www.dudelange.lu\/index.php\/wp-json\/wp\/v2\/comments?post=17495"}],"version-history":[{"count":11,"href":"https:\/\/www.dudelange.lu\/index.php\/wp-json\/wp\/v2\/pages\/17495\/revisions"}],"predecessor-version":[{"id":26978,"href":"https:\/\/www.dudelange.lu\/index.php\/wp-json\/wp\/v2\/pages\/17495\/revisions\/26978"}],"wp:featuredmedia":[{"embeddable":true,"href":"https:\/\/www.dudelange.lu\/index.php\/wp-json\/wp\/v2\/media\/17025"}],"wp:attachment":[{"href":"https:\/\/www.dudelange.lu\/index.php\/wp-json\/wp\/v2\/media?parent=17495"}],"curies":[{"name":"wp","href":"https:\/\/api.w.org\/{rel}","templated":true}]}}

<p>Plus de logements abordables, ensemble avec les communes ! Le Pacte logement est un partenariat entre l’État et les communes qui a pour objectif de les soutenir dans le développement de logements abordables et de la qualité résidentielle. Au niveau national, le Pacte logement 2.0 poursuit trois objectifs opérationnels :</p>
<ol>
<li>L’augmentation de l’offre de logements abordables et durables au niveau communal</li>
<li>La mobilisation du potentiel foncier et résidentiel existant au niveau communal</li>
<li>L’amélioration de la qualité de résidentielle.</li>
</ol>
<p>&nbsp;</p>
<p><strong>LOGEMENT ABORDABLE À DUDELANGE</strong><br />
Soirée d’information et d’échange sur le pacte logement 2.0 du 16.06.2022 à l&rsquo;Hôtel de ville</p>
<p>Présentations:</p>
<ul>
<li><span style="text-decoration: underline; color: #ef4030;"><a style="color: #ef4030; text-decoration: underline;" href="https://sadudelangedata.blob.core.windows.net/files/2022/06/Umsetzung-des-Pacte-Logement.pdf" target="_blank" rel="noopener">Umsetzung des Pacte Logement</a></span> &#8211; Auteur: Zeyen-Baumann (PDF, 9,85 MB, en allemand)</li>
<li><a href="https://sadudelangedata.blob.core.windows.net/files/2022/06/Le-marche-immobilier-a-Dudelange.pdf" target="_blank" rel="noopener"><span style="color: #ef4030;"><span style="text-decoration: underline;">Une perspective socio-économique sur le marché immobilier à Dudelange</span></span></a> &#8211; Auteur: Antoine Paccoud LISER / Observatoire de l’Habitat (PDF, 352 KB, en français)</li>
</ul>
<p>&nbsp;</p>
<p><strong>HABITER À DUDELANGE</strong></p>
<p class="p1">La Ville de Dudelange est active depuis 2021 dans le cadre du Pacte Logement 2.0. Sur ce site, la Ville souhaite mettre à disposition l’ensemble des informations relatives au logement (abordable) et au Pacte Logement. Ce site s’adresse à toutes les personnes qui s’intéressent à ce sujet et fournit des informations sur les mesures actuelles au niveau national et communal ainsi que sur les acteurs et les instruments qui contribuent à la création de logements abordables à Dudelange. Vous y trouverez également des coordonnées utiles si vous recherchez un logement abordable mais également si vous voulez développer des logements ou mettre à disposition des terrains ou des logements inutilisés à la commune ou à un acteur national.</p>
<p>&gt;&gt;&gt; <strong>Lien site internet</strong> <span style="text-decoration: underline;"><span style="color: #ef4030;"><a style="color: #ef4030; text-decoration: underline;" title="Wunnen Zu Diddeleng / Habiter à Dudelange" href="https://wunnenzudiddeleng.lu/fr/" target="_blank" rel="noopener">Wunnen zu Diddeleng / Habiter à Dudelange</a></span></span></p>
<p>&nbsp;</p>
<p><strong>Plus d&rsquo;infos</strong><br />
Hotline: T 8002 8989<br />
<span style="text-decoration: underline;"><span style="color: #ef4030; text-decoration: underline;"><a style="color: #ef4030; text-decoration: underline;" href="mailto:pactelogement@ml.etat.lu">pactelogement@ml.etat.lu</a></span></span><br />
<span style="text-decoration: underline;"><span style="color: #ef4030; text-decoration: underline;"><a style="color: #ef4030; text-decoration: underline;" href="https://logement.public.lu/fr/politique/pacte-logement.html">www.logement.public.lu</a></span></span></p>
