{"id":17626,"date":"2022-07-11T10:35:58","date_gmt":"2022-07-11T08:35:58","guid":{"rendered":"https:\/\/www.dudelange.lu\/?page_id=17626"},"modified":"2026-04-17T10:22:25","modified_gmt":"2026-04-17T08:22:25","slug":"publications-enfance-jeunesse","status":"publish","type":"page","link":"https:\/\/www.dudelange.lu\/index.php\/publications-enfance-jeunesse\/","title":{"rendered":"Publications enfance &#038; jeunesse"},"content":{"rendered":"<p><strong>Newsletter<\/strong><\/p>\n<ul style=\"list-style-type: disc;\">\n<li><span style=\"text-decoration: underline;\"><span style=\"color: #ef4030; text-decoration: underline;\"><a style=\"color: #ef4030; text-decoration: underline;\" href=\"https:\/\/sadudelangedata.blob.core.windows.net\/files\/2026\/04\/20260330_Ville-de-Dudelange_Newsletter_April_A2_HD_Web_v01.pdf\" target=\"_blank\" rel=\"noopener\">Kanner-Newsletter nr. 13 \/ avril 2026 &#8211; FR\/DE<\/a><\/span><\/span><\/li>\n<li><span style=\"text-decoration: underline;\"><span style=\"color: #ef4030; text-decoration: underline;\"><a style=\"color: #ef4030; text-decoration: underline;\" href=\"https:\/\/sadudelangedata.blob.core.windows.net\/files\/2025\/12\/20251126_Ville-de-Dudelange_Newsletter_Dezember_A2_HD_Web_v01.pdf\" target=\"_blank\" rel=\"noopener\">Newsletter \u00e9coles et maisons relais no. 12 \/ d\u00e9cembre 2025 &#8211; FR\/DE<\/a><\/span><\/span><\/li>\n<li><span style=\"text-decoration: underline;\"><span style=\"color: #ef4030; text-decoration: underline;\"><a style=\"color: #ef4030; text-decoration: underline;\" href=\"https:\/\/sadudelangedata.blob.core.windows.net\/files\/2025\/10\/20250924_Ville-de-Dudelange_Newsletter_Oktober_A2_HD_Web_v01.pdf\" target=\"_blank\" rel=\"noopener\">Newsletter \u00e9coles et maisons relais no.11 \/ octobre 2025 &#8211; FR\/DE<\/a><\/span><\/span><\/li>\n<li><span style=\"text-decoration: underline;\"><span style=\"color: #ef4030; text-decoration: underline;\"><a style=\"color: #ef4030; text-decoration: underline;\" href=\"https:\/\/sadudelangedata.blob.core.windows.net\/files\/2025\/05\/20250516_Ville-de-Dudelange_Newsletter_Mai_A2_HD_Web_v02.pdf\" target=\"_blank\" rel=\"noopener\">Newsletter \u00e9coles et maisons relais no.10 \/ mai 2025 &#8211; FR\/DE<\/a><\/span><\/span><\/li>\n<li><span style=\"text-decoration: underline;\"><span style=\"color: #ef4030; text-decoration: underline;\"><a style=\"color: #ef4030; text-decoration: underline;\" href=\"https:\/\/sadudelangedata.blob.core.windows.net\/files\/2024\/12\/20241128_VDD_Newsletter_Dezember_A2_HDWeb_v01.pdf\" target=\"_blank\" rel=\"noopener\">Newsletter \u00e9coles et maisons relais no.9 \/ d\u00e9cembre 2024 &#8211; FR\/DE<\/a><\/span><\/span><\/li>\n<li><span style=\"text-decoration: underline;\"><span style=\"color: #ef4030;\"><a style=\"color: #ef4030; text-decoration: underline;\" href=\"https:\/\/sadudelangedata.blob.core.windows.net\/files\/2024\/11\/20240814_Ville-de-Dudelange_Newsletter_September_WEB_HD_v01.pdf\" target=\"_blank\" rel=\"noopener\">Newsletter \u00e9coles et maisons relais no.8 \/ septembre 2024 &#8211; FR\/DE<\/a><\/span><\/span><\/li>\n<li><span style=\"text-decoration: underline;\"><span style=\"color: #ef4030; text-decoration: underline;\"><a style=\"color: #ef4030; text-decoration: underline;\" href=\"https:\/\/sadudelangedata.blob.core.windows.net\/files\/2024\/05\/20240507_Ville-de-Dudelange_Newsletter_Mai_A2_WebHD_v02.pdf\" target=\"_blank\" rel=\"noopener\">Newsletter \u00e9coles et maisons relais no.7 \/ mai 2024 &#8211; FR\/DE<\/a><\/span><\/span><\/li>\n<li><span style=\"text-decoration: underline;\"><span style=\"color: #ef4030; text-decoration: underline;\"><a style=\"color: #ef4030; text-decoration: underline;\" href=\"https:\/\/sadudelangedata.blob.core.windows.net\/files\/2023\/12\/20231128_Ville-de-Dudelange_Newsletter_Dezember_A2_WebHD_v02.pdf\" target=\"_blank\" rel=\"noopener\">Newsletter \u00e9coles et maisons relais no.6 \/ d\u00e9cembre 2023 &#8211; FR\/DE<\/a><\/span><\/span><\/li>\n<li><span style=\"text-decoration: underline;\"><span style=\"color: #ef4030; text-decoration: underline;\"><a style=\"color: #ef4030; text-decoration: underline;\" href=\"https:\/\/sadudelangedata.blob.core.windows.net\/files\/2023\/07\/20230621_Dudelange_Newsletter-Juli_A2_A4_Web_HD_v01.pdf\" target=\"_blank\" rel=\"noopener\">Newsletter \u00e9coles et maisons relais no.5 \/ juillet 2023 &#8211; FR\/DE<\/a><\/span><\/span><\/li>\n<li><span style=\"text-decoration: underline;\"><span style=\"color: #ef4030; text-decoration: underline;\"><a style=\"color: #ef4030; text-decoration: underline;\" href=\"https:\/\/sadudelangedata.blob.core.windows.net\/files\/2023\/07\/20230313_Dudelange_Newsletter_A2_A4_HD-WEB_v01.pdf\" target=\"_blank\" rel=\"noopener\">Newsletter \u00e9coles et maisons relais no.4 \/ avril 2023 &#8211; FR\/DE<\/a><\/span><\/span><\/li>\n<li><span style=\"text-decoration: underline;\"><span style=\"color: #ef4030;\"><a style=\"color: #ef4030; text-decoration: underline;\" href=\"https:\/\/sadudelangedata.blob.core.windows.net\/files\/2022\/10\/20220927_Dudelange_Newsletter_A2_A4_HD_WEB_v01.pdf\" target=\"_blank\" rel=\"noopener\">Newsletter \u00e9coles et maisons relais no.3 \/ oct 2022 &#8211; FR\/DE<\/a><\/span><\/span><\/li>\n<li><span style=\"text-decoration: underline;\"><span style=\"color: #ef4030; text-decoration: underline;\"><a style=\"color: #ef4030; text-decoration: underline;\" href=\"https:\/\/sadudelangedata.blob.core.windows.net\/files\/2022\/07\/20220414_Dudelange_Newsletter_A2_A4_DE_v03.pdf\" target=\"_blank\" rel=\"noopener\">Newsletter \u00e9coles et maisons relais no.2 \/ mai 2022 &#8211; DE<\/a><\/span><\/span><\/li>\n<li><span style=\"text-decoration: underline;\"><span style=\"color: #ef4030; text-decoration: underline;\"><a style=\"color: #ef4030; text-decoration: underline;\" href=\"https:\/\/sadudelangedata.blob.core.windows.net\/files\/2022\/07\/20220414_Dudelange_Newsletter_A2_A4_FR_v04.pdf\" target=\"_blank\" rel=\"noopener\">Newsletter \u00e9coles et maisons relais no.2 \/ mai 2022 &#8211; FR<\/a><\/span><\/span><\/li>\n<li><span style=\"text-decoration: underline;\"><span style=\"color: #ef4030; text-decoration: underline;\"><a style=\"color: #ef4030; text-decoration: underline;\" href=\"https:\/\/sadudelangedata.blob.core.windows.net\/files\/2021\/12\/20211116_Dudelange_Newsletter_A2_A4_v06_version-DEF.pdf\" target=\"_blank\" rel=\"noopener\">Newsletter \u00e9coles et maisons relais no.1 \/ nov 2021 &#8211; FR\/DE<\/a><\/span><\/span><\/li>\n<\/ul>\n<p>&nbsp;<\/p>\n<p>Cher\u00b7\u00e8res parents et tuteur\u00b7rices l\u00e9gaux\u00b7ales,<\/p>\n<p>Par la pr\u00e9sente, nous souhaitons vous informer que depuis l&rsquo;ann\u00e9e scolaire 202\/2026, le Carnet d\u2019informations pratiques ne vous est plus envoy\u00e9 sous forme papier. Vous retrouvez toutes les informations utiles qui figuraient jusqu&rsquo;\u00e0 pr\u00e9sent dans le carnet sur les sites Internet des \u00e9coles et des structures d&rsquo;accueil de la Ville de Dudelange : <span style=\"text-decoration: underline;\"><span style=\"color: #ef4030; text-decoration: underline;\"><a style=\"color: #ef4030; text-decoration: underline;\" href=\"http:\/\/www.ecoles-dudelange.lu\" target=\"_blank\" rel=\"noopener\">www.ecoles-dudelange.lu<\/a> <\/span><\/span>&amp; <span style=\"text-decoration: underline;\"><span style=\"color: #ef4030;\"><a style=\"color: #ef4030; text-decoration: underline;\" href=\"http:\/\/www.sea-dudelange.lu\" target=\"_blank\" rel=\"noopener\">www.sea-dudelange.lu<\/a><\/span><\/span>.<\/p>\n<p>Vous pouvez y consulter toutes les informations sur diff\u00e9rents sujets : les b\u00e2timents scolaires et les Maisons relais, les enseignant\u00b7es et le personnel d&rsquo;encadrement, les horaires, les comit\u00e9s d&rsquo;\u00e9cole et les repr\u00e9sentant\u00b7es des parents d\u2019\u00e9l\u00e8ves ainsi que tous les contacts importants. Vous y trouvez \u00e9galement tous les formulaires utiles ainsi que des informations sur les activit\u00e9s de vacances et d\u2019autres offres extrascolaires. Nous souhaitons par cette mesure \u00e9conomiser du papier et contribuer \u00e0 la protection de l&rsquo;environnement. Nous misons ainsi sur une solution num\u00e9rique afin de rendre la communication plus efficace et plus durable.<\/p>\n<p>Si vous avez des questions ou des pr\u00e9occupations, n\u2019h\u00e9sitez pas \u00e0 vous adresser au Service Enseignement ou au Service \u00c9ducation et Accueil. Nous nous tenons \u00e0 votre disposition et vous remercions de votre compr\u00e9hension et de votre soutien.<\/p>\n<p>&nbsp;<\/p>\n<p><strong>Contact:<\/strong><\/p>\n<p><span style=\"text-decoration: underline; color: #ef4030;\"><span style=\"text-decoration: underline;\"><a style=\"color: #ef4030; text-decoration: underline;\" href=\"https:\/\/www.dudelange.lu\/index.php\/services-communaux\/enseignement-fondamental-2\/\" target=\"_blank\" rel=\"noopener\">Service Enseignement Fondamental<\/a><\/span><\/span><\/p>\n<p><span style=\"text-decoration: underline;\"><span style=\"color: #ef4030; text-decoration: underline;\"><a style=\"color: #ef4030; text-decoration: underline;\" href=\"https:\/\/www.dudelange.lu\/index.php\/services-communaux\/education-et-accueil\/\" target=\"_blank\" rel=\"noopener\">Service \u00c9ducation et Accueil<\/a><\/span><\/span><\/p>\n","protected":false},"excerpt":{"rendered":"<p>Newsletter Kanner-Newsletter nr. 13 \/ avril 2026 &#8211; FR\/DE Newsletter [&hellip;]<\/p>\n","protected":false},"author":9,"featured_media":0,"parent":0,"menu_order":0,"comment_status":"closed","ping_status":"closed","template":"","meta":{"footnotes":""},"class_list":["post-17626","page","type-page","status-publish","hentry"],"publishpress_future_action":{"enabled":false,"date":"2026-05-09 08:09:05","action":"change-status","newStatus":"draft","terms":[],"taxonomy":"","extraData":[]},"publishpress_future_workflow_manual_trigger":{"enabledWorkflows":[]},"_links":{"self":[{"href":"https:\/\/www.dudelange.lu\/index.php\/wp-json\/wp\/v2\/pages\/17626","targetHints":{"allow":["GET"]}}],"collection":[{"href":"https:\/\/www.dudelange.lu\/index.php\/wp-json\/wp\/v2\/pages"}],"about":[{"href":"https:\/\/www.dudelange.lu\/index.php\/wp-json\/wp\/v2\/types\/page"}],"author":[{"embeddable":true,"href":"https:\/\/www.dudelange.lu\/index.php\/wp-json\/wp\/v2\/users\/9"}],"replies":[{"embeddable":true,"href":"https:\/\/www.dudelange.lu\/index.php\/wp-json\/wp\/v2\/comments?post=17626"}],"version-history":[{"count":38,"href":"https:\/\/www.dudelange.lu\/index.php\/wp-json\/wp\/v2\/pages\/17626\/revisions"}],"predecessor-version":[{"id":30601,"href":"https:\/\/www.dudelange.lu\/index.php\/wp-json\/wp\/v2\/pages\/17626\/revisions\/30601"}],"wp:attachment":[{"href":"https:\/\/www.dudelange.lu\/index.php\/wp-json\/wp\/v2\/media?parent=17626"}],"curies":[{"name":"wp","href":"https:\/\/api.w.org\/{rel}","templated":true}]}}

<p><strong>Newsletter</strong></p>
<ul style="list-style-type: disc;">
<li><span style="text-decoration: underline;"><span style="color: #ef4030; text-decoration: underline;"><a style="color: #ef4030; text-decoration: underline;" href="https://sadudelangedata.blob.core.windows.net/files/2026/04/20260330_Ville-de-Dudelange_Newsletter_April_A2_HD_Web_v01.pdf" target="_blank" rel="noopener">Kanner-Newsletter nr. 13 / avril 2026 &#8211; FR/DE</a></span></span></li>
<li><span style="text-decoration: underline;"><span style="color: #ef4030; text-decoration: underline;"><a style="color: #ef4030; text-decoration: underline;" href="https://sadudelangedata.blob.core.windows.net/files/2025/12/20251126_Ville-de-Dudelange_Newsletter_Dezember_A2_HD_Web_v01.pdf" target="_blank" rel="noopener">Newsletter écoles et maisons relais no. 12 / décembre 2025 &#8211; FR/DE</a></span></span></li>
<li><span style="text-decoration: underline;"><span style="color: #ef4030; text-decoration: underline;"><a style="color: #ef4030; text-decoration: underline;" href="https://sadudelangedata.blob.core.windows.net/files/2025/10/20250924_Ville-de-Dudelange_Newsletter_Oktober_A2_HD_Web_v01.pdf" target="_blank" rel="noopener">Newsletter écoles et maisons relais no.11 / octobre 2025 &#8211; FR/DE</a></span></span></li>
<li><span style="text-decoration: underline;"><span style="color: #ef4030; text-decoration: underline;"><a style="color: #ef4030; text-decoration: underline;" href="https://sadudelangedata.blob.core.windows.net/files/2025/05/20250516_Ville-de-Dudelange_Newsletter_Mai_A2_HD_Web_v02.pdf" target="_blank" rel="noopener">Newsletter écoles et maisons relais no.10 / mai 2025 &#8211; FR/DE</a></span></span></li>
<li><span style="text-decoration: underline;"><span style="color: #ef4030; text-decoration: underline;"><a style="color: #ef4030; text-decoration: underline;" href="https://sadudelangedata.blob.core.windows.net/files/2024/12/20241128_VDD_Newsletter_Dezember_A2_HDWeb_v01.pdf" target="_blank" rel="noopener">Newsletter écoles et maisons relais no.9 / décembre 2024 &#8211; FR/DE</a></span></span></li>
<li><span style="text-decoration: underline;"><span style="color: #ef4030;"><a style="color: #ef4030; text-decoration: underline;" href="https://sadudelangedata.blob.core.windows.net/files/2024/11/20240814_Ville-de-Dudelange_Newsletter_September_WEB_HD_v01.pdf" target="_blank" rel="noopener">Newsletter écoles et maisons relais no.8 / septembre 2024 &#8211; FR/DE</a></span></span></li>
<li><span style="text-decoration: underline;"><span style="color: #ef4030; text-decoration: underline;"><a style="color: #ef4030; text-decoration: underline;" href="https://sadudelangedata.blob.core.windows.net/files/2024/05/20240507_Ville-de-Dudelange_Newsletter_Mai_A2_WebHD_v02.pdf" target="_blank" rel="noopener">Newsletter écoles et maisons relais no.7 / mai 2024 &#8211; FR/DE</a></span></span></li>
<li><span style="text-decoration: underline;"><span style="color: #ef4030; text-decoration: underline;"><a style="color: #ef4030; text-decoration: underline;" href="https://sadudelangedata.blob.core.windows.net/files/2023/12/20231128_Ville-de-Dudelange_Newsletter_Dezember_A2_WebHD_v02.pdf" target="_blank" rel="noopener">Newsletter écoles et maisons relais no.6 / décembre 2023 &#8211; FR/DE</a></span></span></li>
<li><span style="text-decoration: underline;"><span style="color: #ef4030; text-decoration: underline;"><a style="color: #ef4030; text-decoration: underline;" href="https://sadudelangedata.blob.core.windows.net/files/2023/07/20230621_Dudelange_Newsletter-Juli_A2_A4_Web_HD_v01.pdf" target="_blank" rel="noopener">Newsletter écoles et maisons relais no.5 / juillet 2023 &#8211; FR/DE</a></span></span></li>
<li><span style="text-decoration: underline;"><span style="color: #ef4030; text-decoration: underline;"><a style="color: #ef4030; text-decoration: underline;" href="https://sadudelangedata.blob.core.windows.net/files/2023/07/20230313_Dudelange_Newsletter_A2_A4_HD-WEB_v01.pdf" target="_blank" rel="noopener">Newsletter écoles et maisons relais no.4 / avril 2023 &#8211; FR/DE</a></span></span></li>
<li><span style="text-decoration: underline;"><span style="color: #ef4030;"><a style="color: #ef4030; text-decoration: underline;" href="https://sadudelangedata.blob.core.windows.net/files/2022/10/20220927_Dudelange_Newsletter_A2_A4_HD_WEB_v01.pdf" target="_blank" rel="noopener">Newsletter écoles et maisons relais no.3 / oct 2022 &#8211; FR/DE</a></span></span></li>
<li><span style="text-decoration: underline;"><span style="color: #ef4030; text-decoration: underline;"><a style="color: #ef4030; text-decoration: underline;" href="https://sadudelangedata.blob.core.windows.net/files/2022/07/20220414_Dudelange_Newsletter_A2_A4_DE_v03.pdf" target="_blank" rel="noopener">Newsletter écoles et maisons relais no.2 / mai 2022 &#8211; DE</a></span></span></li>
<li><span style="text-decoration: underline;"><span style="color: #ef4030; text-decoration: underline;"><a style="color: #ef4030; text-decoration: underline;" href="https://sadudelangedata.blob.core.windows.net/files/2022/07/20220414_Dudelange_Newsletter_A2_A4_FR_v04.pdf" target="_blank" rel="noopener">Newsletter écoles et maisons relais no.2 / mai 2022 &#8211; FR</a></span></span></li>
<li><span style="text-decoration: underline;"><span style="color: #ef4030; text-decoration: underline;"><a style="color: #ef4030; text-decoration: underline;" href="https://sadudelangedata.blob.core.windows.net/files/2021/12/20211116_Dudelange_Newsletter_A2_A4_v06_version-DEF.pdf" target="_blank" rel="noopener">Newsletter écoles et maisons relais no.1 / nov 2021 &#8211; FR/DE</a></span></span></li>
</ul>
<p>&nbsp;</p>
<p>Cher·ères parents et tuteur·rices légaux·ales,</p>
<p>Par la présente, nous souhaitons vous informer que depuis l&rsquo;année scolaire 202/2026, le Carnet d’informations pratiques ne vous est plus envoyé sous forme papier. Vous retrouvez toutes les informations utiles qui figuraient jusqu&rsquo;à présent dans le carnet sur les sites Internet des écoles et des structures d&rsquo;accueil de la Ville de Dudelange : <span style="text-decoration: underline;"><span style="color: #ef4030; text-decoration: underline;"><a style="color: #ef4030; text-decoration: underline;" href="http://www.ecoles-dudelange.lu" target="_blank" rel="noopener">www.ecoles-dudelange.lu</a> </span></span>&amp; <span style="text-decoration: underline;"><span style="color: #ef4030;"><a style="color: #ef4030; text-decoration: underline;" href="http://www.sea-dudelange.lu" target="_blank" rel="noopener">www.sea-dudelange.lu</a></span></span>.</p>
<p>Vous pouvez y consulter toutes les informations sur différents sujets : les bâtiments scolaires et les Maisons relais, les enseignant·es et le personnel d&rsquo;encadrement, les horaires, les comités d&rsquo;école et les représentant·es des parents d’élèves ainsi que tous les contacts importants. Vous y trouvez également tous les formulaires utiles ainsi que des informations sur les activités de vacances et d’autres offres extrascolaires. Nous souhaitons par cette mesure économiser du papier et contribuer à la protection de l&rsquo;environnement. Nous misons ainsi sur une solution numérique afin de rendre la communication plus efficace et plus durable.</p>
<p>Si vous avez des questions ou des préoccupations, n’hésitez pas à vous adresser au Service Enseignement ou au Service Éducation et Accueil. Nous nous tenons à votre disposition et vous remercions de votre compréhension et de votre soutien.</p>
<p>&nbsp;</p>
<p><strong>Contact:</strong></p>
<p><span style="text-decoration: underline; color: #ef4030;"><span style="text-decoration: underline;"><a style="color: #ef4030; text-decoration: underline;" href="https://www.dudelange.lu/index.php/services-communaux/enseignement-fondamental-2/" target="_blank" rel="noopener">Service Enseignement Fondamental</a></span></span></p>
<p><span style="text-decoration: underline;"><span style="color: #ef4030; text-decoration: underline;"><a style="color: #ef4030; text-decoration: underline;" href="https://www.dudelange.lu/index.php/services-communaux/education-et-accueil/" target="_blank" rel="noopener">Service Éducation et Accueil</a></span></span></p>
