{"id":18104,"date":"2022-08-18T08:36:30","date_gmt":"2022-08-18T06:36:30","guid":{"rendered":"https:\/\/www.dudelange.lu\/?page_id=18104"},"modified":"2024-01-23T15:47:22","modified_gmt":"2024-01-23T14:47:22","slug":"floater","status":"publish","type":"page","link":"https:\/\/www.dudelange.lu\/index.php\/floater\/","title":{"rendered":"Floater"},"content":{"rendered":"<p><strong>Le floater, g\u00eete insolite avec vue imprenable sur la nature et l\u2019histoire de Dudelange<\/strong><\/p>\n<p>Le floater est l\u2019un des 11 g\u00eetes insolites r\u00e9alis\u00e9s dans le cadre de Esch2022 \u2013 capitale europ\u00e9enne de la culture \u2013 sur le sentier de randonn\u00e9e \u00ab Minett Trail \u00bb dont Dudelange constitue l\u2019un des points d\u2019arriv\u00e9e et de d\u00e9part. Cette \u00ab cabane \u00bb en acier est pos\u00e9e directement \u00e0 la surface de l\u2019eau, sur l\u2019ancien bassin de refroidissement de l\u2019aci\u00e9rie. Elle est le r\u00e9sultat unique d\u2019une \u00e9troite collaboration entre artistes, ing\u00e9nieurs et architectes.<\/p>\n<p>Envie d\u2019une nuit insolite dans un cocon \u00e0 la surface de l\u2019eau ? Le floater pr\u00e9sente une grande baie vitr\u00e9e offrant des vues fascinantes sur le patrimoine industriel et la nature et d\u2019\u00e9tonnants reflets sur l\u2019eau, cocon id\u00e9al et exp\u00e9rience unique pour les marcheurs et autres curieux. Ses presque 50 m\u00b2 procurent suffisamment d\u2019espace pour 4 lits, une kitchenette et une salle de bains avec douche et wc.<\/p>\n<p>R\u00e9servation:<\/p>\n<ul>\n<li>+352 691 775 514<\/li>\n<li><span style=\"text-decoration: underline; color: #ef4030;\"><a style=\"color: #ef4030; text-decoration: underline;\" href=\"https:\/\/www.simpleviu.com\/dudelange\" target=\"_blank\" rel=\"noopener\">www.simpleviu.com<\/a><\/span><\/li>\n<\/ul>\n<p>Acc\u00e8s:<\/p>\n<ul>\n<li>Train CFL 60A : arr\u00eat Dudelange-Centre<\/li>\n<li>Bus TICE 8 : arr\u00eat Centre culturel opderschmelz\/CNA<\/li>\n<li>V\u00ebl\u2019Ok &amp; parking \u00e0 v\u00e9los : Centre culturel opderschmelz\/CNA<\/li>\n<li>Infos: <span style=\"text-decoration: underline;\">www.mobiliteit.lu<\/span> \/ <span style=\"text-decoration: underline;\">www.velok.lu<\/span><\/li>\n<\/ul>\n<p>Plus d&rsquo;infos:<\/p>\n<ul>\n<li><span style=\"color: #ef4030;\"><a href=\"https:\/\/sadudelangedata.blob.core.windows.net\/files\/2023\/05\/Flyer-Floater-MA-2023-web.pdf\" target=\"_blank\" rel=\"noopener\"><span style=\"text-decoration: underline;\"><span style=\"color: #ef4030; text-decoration: underline;\">Floater<\/span><\/span><\/a>\u00a0<span style=\"color: #3e3e3e;\">(PDF, 586 KB &#8211; FR\/DE\/EN)<\/span><\/span><\/li>\n<li><span style=\"text-decoration: underline; color: #ef4030;\"><span style=\"text-decoration: underline; color: #ef4030;\"><a style=\"color: #ef4030; text-decoration: underline;\" href=\"http:\/\/www.minetttrail.lu\" target=\"_blank\" rel=\"noopener\">www.minetttrail.lu<\/a><\/span><\/span><\/li>\n<li><span style=\"text-decoration: underline;\"><span style=\"color: #ef4030; text-decoration: underline;\"><a style=\"color: #ef4030; text-decoration: underline;\" href=\"https:\/\/www.youtube.com\/watch?v=7UpEaMWTqCA&amp;list=PLBAFo8tXOLYvIR-MSfWr4m3yca7blrzxY\" target=\"_blank\" rel=\"noopener\">Vid\u00e9o sur le processus de construction du Floater<\/a><\/span><\/span><\/li>\n<\/ul>\n<p>&nbsp;<\/p>\n<div style=\"width: 1370px;\" class=\"wp-video\"><video class=\"wp-video-shortcode\" id=\"video-18104-1\" width=\"1370\" height=\"771\" preload=\"metadata\" controls=\"controls\"><source type=\"video\/mp4\" src=\"https:\/\/sadudelangedata.blob.core.windows.net\/files\/2023\/03\/Floater_LU.mp4?_=1\" \/><a href=\"https:\/\/sadudelangedata.blob.core.windows.net\/files\/2023\/03\/Floater_LU.mp4\">https:\/\/sadudelangedata.blob.core.windows.net\/files\/2023\/03\/Floater_LU.mp4<\/a><\/video><\/div>\n<p>&nbsp;<\/p>\n<p><iframe style=\"border: 0;\" src=\"https:\/\/www.google.com\/maps\/embed?pb=!1m18!1m12!1m3!1d2592.5815630543484!2d6.080396216276031!3d49.47352056514993!2m3!1f0!2f0!3f0!3m2!1i1024!2i768!4f13.1!3m3!1m2!1s0x479537c64c6d7925%3A0x7c58443d7c874a64!2sFloater!5e0!3m2!1sen!2slu!4v1673506169057!5m2!1sen!2slu\" width=\"600\" height=\"450\" allowfullscreen=\"allowfullscreen\"><\/iframe><\/p>\n<p><em>Architectes: M3 Architectes \/ <\/em><em>Artiste: Franck Miltgen <\/em><br \/>\n<em>Ing\u00e9nieur statique: TR-Engineering \/ <\/em><em>Ing\u00e9nieur technique: Werkbund s.\u00e0 r.l.<\/em><br \/>\n<em>Construction: ZDK Langer s.\u00e0 r.l.<\/em><\/p>\n","protected":false},"excerpt":{"rendered":"<p>Le floater, g\u00eete insolite avec vue imprenable sur la nature [&hellip;]<\/p>\n","protected":false},"author":8,"featured_media":18107,"parent":0,"menu_order":0,"comment_status":"closed","ping_status":"closed","template":"","meta":{"footnotes":""},"class_list":["post-18104","page","type-page","status-publish","has-post-thumbnail","hentry"],"publishpress_future_action":{"enabled":false,"date":"2026-05-10 06:00:00","action":"change-status","newStatus":"draft","terms":[],"taxonomy":"","extraData":[]},"publishpress_future_workflow_manual_trigger":{"enabledWorkflows":[]},"_links":{"self":[{"href":"https:\/\/www.dudelange.lu\/index.php\/wp-json\/wp\/v2\/pages\/18104","targetHints":{"allow":["GET"]}}],"collection":[{"href":"https:\/\/www.dudelange.lu\/index.php\/wp-json\/wp\/v2\/pages"}],"about":[{"href":"https:\/\/www.dudelange.lu\/index.php\/wp-json\/wp\/v2\/types\/page"}],"author":[{"embeddable":true,"href":"https:\/\/www.dudelange.lu\/index.php\/wp-json\/wp\/v2\/users\/8"}],"replies":[{"embeddable":true,"href":"https:\/\/www.dudelange.lu\/index.php\/wp-json\/wp\/v2\/comments?post=18104"}],"version-history":[{"count":19,"href":"https:\/\/www.dudelange.lu\/index.php\/wp-json\/wp\/v2\/pages\/18104\/revisions"}],"predecessor-version":[{"id":23232,"href":"https:\/\/www.dudelange.lu\/index.php\/wp-json\/wp\/v2\/pages\/18104\/revisions\/23232"}],"wp:featuredmedia":[{"embeddable":true,"href":"https:\/\/www.dudelange.lu\/index.php\/wp-json\/wp\/v2\/media\/18107"}],"wp:attachment":[{"href":"https:\/\/www.dudelange.lu\/index.php\/wp-json\/wp\/v2\/media?parent=18104"}],"curies":[{"name":"wp","href":"https:\/\/api.w.org\/{rel}","templated":true}]}}