{"id":18543,"date":"2022-10-07T11:28:30","date_gmt":"2022-10-07T09:28:30","guid":{"rendered":"https:\/\/www.dudelange.lu\/?page_id=18543"},"modified":"2025-04-30T07:32:09","modified_gmt":"2025-04-30T05:32:09","slug":"charte-vivre-ensemble","status":"publish","type":"page","link":"https:\/\/www.dudelange.lu\/index.php\/charte-vivre-ensemble\/","title":{"rendered":"Charte locale du vivre-ensemble"},"content":{"rendered":"<p><img decoding=\"async\" class=\"lazyload \" src=\"data:image\/svg+xml,%3Csvg%20xmlns%3D%27http%3A%2F%2Fwww.w3.org%2F2000%2Fsvg%27%20width%3D%2723%27%20height%3D%2723%27%20viewBox%3D%270%200%2023%2023%27%3E%3Crect%20width%3D%2723%27%20height%3D%2723%27%20fill-opacity%3D%220%22%2F%3E%3C%2Fsvg%3E\" data-orig-src=\"https:\/\/cdn-icons-png.flaticon.com\/512\/330\/330029.png\" width=\"23\" height=\"23\" \/> <span style=\"text-decoration: underline; color: #ef4030;\"><a style=\"color: #ef4030; text-decoration: underline;\" href=\"https:\/\/sadudelangedata.blob.core.windows.net\/files\/2022\/11\/LOKAL-CHARTA-LUX-.pdf\" target=\"_blank\" rel=\"noopener\">LOKAL CHARTA FIR D&rsquo;ZESUMMELIEWEN<\/a><\/span> (PDF, 408KB)<\/p>\n<p><span style=\"text-decoration: underline;\"><span style=\"color: #ef4030; text-decoration: underline;\"><a style=\"color: #ef4030; text-decoration: underline;\" href=\"https:\/\/sadudelangedata.blob.core.windows.net\/files\/2022\/11\/LOKALE-CHARTA.pdf\" target=\"_blank\" rel=\"noopener\"><img decoding=\"async\" class=\"lazyload \" src=\"data:image\/svg+xml,%3Csvg%20xmlns%3D%27http%3A%2F%2Fwww.w3.org%2F2000%2Fsvg%27%20width%3D%2724%27%20height%3D%2724%27%20viewBox%3D%270%200%2024%2024%27%3E%3Crect%20width%3D%2724%27%20height%3D%2724%27%20fill-opacity%3D%220%22%2F%3E%3C%2Fsvg%3E\" data-orig-src=\"https:\/\/cdn-icons-png.flaticon.com\/512\/329\/329985.png\" alt=\"Germany free icon\" width=\"24\" height=\"24\" \/><\/a><\/span><\/span> <span style=\"text-decoration: underline;\"><span style=\"color: #ef4030; text-decoration: underline;\"><a style=\"color: #ef4030; text-decoration: underline;\" href=\"https:\/\/sadudelangedata.blob.core.windows.net\/files\/2022\/11\/LOKALE-CHARTA.pdf\" target=\"_blank\" rel=\"noopener\">LOKALE CHARTA F\u00dcR DAS ZUSAMMENLEBEN<\/a><\/span><\/span>\u00a0(PDF, 410KB)<\/p>\n<p><img decoding=\"async\" class=\"lazyload \" src=\"data:image\/svg+xml,%3Csvg%20xmlns%3D%27http%3A%2F%2Fwww.w3.org%2F2000%2Fsvg%27%20width%3D%2724%27%20height%3D%2724%27%20viewBox%3D%270%200%2024%2024%27%3E%3Crect%20width%3D%2724%27%20height%3D%2724%27%20fill-opacity%3D%220%22%2F%3E%3C%2Fsvg%3E\" data-orig-src=\"https:\/\/cdn-icons-png.flaticon.com\/512\/330\/330146.png\" alt=\"United kingdom free icon\" width=\"24\" height=\"24\" \/> <span style=\"color: #ef4030;\"><a style=\"color: #ef4030;\" href=\"https:\/\/sadudelangedata.blob.core.windows.net\/files\/2022\/12\/LOCAL-CHARTER-EN-.pdf\"><span style=\"text-decoration: underline; color: #ef4030;\">LOCAL\u00a0CHARTER OF PEACEFUL COMMUNITY LIVING<\/span><\/a><\/span>\u00a0(PDF, 384KB)<\/p>\n<p><img decoding=\"async\" class=\"lazyload \" src=\"data:image\/svg+xml,%3Csvg%20xmlns%3D%27http%3A%2F%2Fwww.w3.org%2F2000%2Fsvg%27%20width%3D%2723%27%20height%3D%2723%27%20viewBox%3D%270%200%2023%2023%27%3E%3Crect%20width%3D%2723%27%20height%3D%2723%27%20fill-opacity%3D%220%22%2F%3E%3C%2Fsvg%3E\" data-orig-src=\"https:\/\/cdn-icons-png.flaticon.com\/512\/330\/330079.png\" width=\"23\" height=\"23\" \/> <a href=\"https:\/\/sadudelangedata.blob.core.windows.net\/files\/2022\/12\/CARTA-LOCAL-PT-.pdf\"><span style=\"text-decoration: underline;\"><span style=\"color: #ef4030; text-decoration: underline;\">CARTA LOCAL DA CONVIV\u00caNCIA<\/span><\/span><\/a>\u00a0(PDF, 384KB)<\/p>\n<p>&nbsp;<\/p>\n<p><strong>La qualit\u00e9 de vie et le bien vivre-ensemble<\/strong><\/p>\n<p>La qualit\u00e9 de vie et le bien vivre-ensemble sont des valeurs au coeur de la dynamique dudelangeoise. Chaque g\u00e9n\u00e9ration a sa place et tout le monde est le\/la bienvenu\u00b7e. Cette charte locale du bien vivre-ensemble a \u00e9t\u00e9 \u00e9labor\u00e9e afin de soutenir la mise en pratique de ces valeurs, le vivre-ensemble et la compr\u00e9hension mutuelle. Elle a \u00e9t\u00e9 \u00e9labor\u00e9e \u00e0 l\u2019initiative du coll\u00e8ge des bourgmestre et \u00e9chevin\u00b7e\u00b7s et r\u00e9dig\u00e9e par le Service Ensemble Quartiers Dudelange d\u2019Inter-Actions a.s.b.l. et le Service \u00e0 l\u2019\u00e9galit\u00e9 des chances de la Ville de Dudelange.<\/p>\n<p>Le contenu de la charte a \u00e9t\u00e9 recueilli dans le cadre d\u2019un processus participatif au cours duquel diff\u00e9rentes commissions consultatives, les responsables des services communaux et un panel de citoyen\u00b7ne\u00b7s de Dudelange ont \u00e9t\u00e9 interrog\u00e9\u00b7e\u00b7s sur le vivre ensemble. La charte rassemble les id\u00e9es de toutes ces personnes sur l\u2019art et la mani\u00e8re de r\u00e9ussir la cohabitation sur le territoire de notre ville. Chaque personne doit pouvoir se sentir \u00e0 l\u2019aise dans notre ville et pour cela, chacun\u00b7e doit contribuer au vivre-ensemble au sein d\u2019une communaut\u00e9 respectueuse. Ce n\u2019est qu\u2019ensemble que nous pouvons construire la soci\u00e9t\u00e9 dans laquelle nous voulons vivre.<\/p>\n<p><span style=\"text-decoration: underline;\">Chaque habitant\u00b7e de Dudelange est invit\u00e9\u00b7e \u00e0 signer cette charte<\/span>. La signature d\u2019une personne symbolise son engagement \u00e0 apporter sa contribution \u00e0 un vivre-ensemble en paix.\u00a0A l\u2019avenir, la charte sera propos\u00e9e \u00e0 la signature dans notre ville lors de diff\u00e9rentes manifestations, et notamment celles qui ouvrent un espace de rencontre.<\/p>\n<p><strong>Prochaine date pour la signature de la charte :<\/strong><\/p>\n<ul>\n<li><strong>Samedi 17.5.2025 \/ 14.00 &#8211; 18.00 \/ \u00c4ishelleg, Vewa, Site Neischmelz au Stand du \u00ab\u00a0hub social\u00a0\u00bb<\/strong><\/li>\n<li><strong>Samedi 5.7.2025 \/ 17:00-24:00 &amp; Dimanche 6.7.2025 \/ 11:00-18:00 \/ F\u00eate des cultures, Place de l&rsquo;H\u00f4tel de Ville\u00a0<\/strong><\/li>\n<\/ul>\n<p>&nbsp;<\/p>\n<p><strong>CHARTE LOCALE DU VIVRE-ENSEMBLE<\/strong><\/p>\n<p>En tant qu\u2019habitant\u00b7e de la Ville de Dudelange, je contribue activement au bien vivre-ensemble.<\/p>\n<p><span style=\"text-decoration: underline;\">RESPECT ET TOL\u00c9RANCE<\/span><\/p>\n<p>1) Je consid\u00e8re mes semblables comme \u00e9gaux\/\u00e9gales en droits et en dignit\u00e9 dans toutes leurs diff\u00e9rences, ind\u00e9pendamment de leur nationalit\u00e9, de leur origine, de leur religion, de leur genre, de leur orientation sexuelle et de leur condition physique ou mentale. Je reconnais cette diversit\u00e9 comme une chance.<\/p>\n<p>2) Je m\u2019engage \u00e0 traiter mes semblables avec bienveillance, respect et politesse car je souhaite \u00eatre trait\u00e9\u00b7e de la m\u00eame fa\u00e7on.<\/p>\n<p>3) Je m\u2019engage \u00e0 rechercher le dialogue en cas de conflit, \u00e0 donner mon avisen toute honn\u00eatet\u00e9 et \u00e0 r\u00e9soudre les difficult\u00e9s dans le respect mutuel. Le cas \u00e9ch\u00e9ant, je m\u2019informe pour trouver aide et soutien.<\/p>\n<p>4) Je respecte la vie priv\u00e9e des autres.<\/p>\n<p>5) Je suis conscient\u00b7e de ma responsabilit\u00e9 dans l\u2019utilisation des r\u00e9seaux sociaux et je ne publie que des contenus pour lesquels j\u2019ai eu l\u2019accord et qui ne peuvent pas nuire \u00e0 autrui.<\/p>\n<p><span style=\"text-decoration: underline;\">COMMUNAUT\u00c9<\/span><\/p>\n<p>6) J\u2019appr\u00e9cie la valeur d\u2019un bon voisinage et je m\u2019engage \u00e0 offrir mon aide \u00e0 mes voisin\u00b7e\u00b7s en cas de besoin.<\/p>\n<p>7) Je m\u2019engage dans la vie de mon quartier et contribue \u00e0 y maintenir, voire \u00e0 y am\u00e9liorer la qualit\u00e9 de vie.<\/p>\n<p>8) Je m\u2019informe sur les \u00e9v\u00e9nements publics ou les activit\u00e9s associatives \u00e0 Dudelange et je les reconnais comme une occasion de nouer et d\u2019entretenir des contacts.<\/p>\n<p>9) J\u2019ai de l\u2019\u00e9gard envers mes semblables.<\/p>\n<p>10) Si je suis t\u00e9moin de violence, je ne d\u00e9tourne pas le regard, je cherche de l\u2019aide.<\/p>\n<p>11) Si je pense qu\u2019une personne est en danger, j\u2019appelle \u00e0 l\u2019aide.<\/p>\n<p><span style=\"text-decoration: underline;\">DURABILIT\u00c9<\/span><\/p>\n<p>12) J\u2019essaie de faire un maximum de trajets \u00e0 pied, \u00e0 v\u00e9lo ou en transports publics.<\/p>\n<p>13) Pour mes achats et mes prestations, je soutiens le plus possible les entreprises et les commerces locaux.<\/p>\n<p>14)\u00a0 Je m\u2019informe sur l\u2019offre de services et d\u2019institutions locales et j\u2019y fais appel lorsque je souhaite utiliser leurs services.<\/p>\n<p>15) Je m\u2019engage \u00e0 prendre soin de la nature et de l\u2019environnement, \u00e0 les pr\u00e9server et \u00e0 les prot\u00e9ger activement. J\u2019\u00e9vite le plus possible la production de d\u00e9chets, je les trie et j\u2019utilise les ressources de la mani\u00e8re la plus \u00e9conome possible en \u00e9nergie.<\/p>\n<p>16) Je m\u2019efforce de favoriser la biodiversit\u00e9 dans les plantations de mon jardin et de mon balcon.<\/p>\n<p><span style=\"text-decoration: underline;\">ESPACE PUBLIC ET PRIV\u00c9<\/span><\/p>\n<p>17) Je suis co-responsable de la pr\u00e9servation des infrastructures communales. J\u2019entretiens mon terrain, mon logement et mes biens de mani\u00e8re \u00e0 ce qu\u2019ils soient propres et s\u00fbrs pour tout le monde.<\/p>\n<p>18) J\u2019utilise les structures publiques pour ce qu\u2019elles ont \u00e9t\u00e9 con\u00e7ues, je les laisse propres et j\u2019appr\u00e9cie le travail de toutes les personnes qui entretiennent ces infrastructures. Si j\u2019ai des questions ou des remarques \u00e0 \u00e9mettre, je m\u2019adresse directement au service comp\u00e9tent.<\/p>\n<p>19) Je me renseigne sur les lois et les r\u00e9glementations locales en vigueur (p. ex. bruit, d\u00e9chets, d\u00e9tention d\u2019animaux, circulation et constructions) et je les respecte.<\/p>\n","protected":false},"excerpt":{"rendered":"<p>LOKAL CHARTA FIR D&rsquo;ZESUMMELIEWEN (PDF, 408KB) LOKALE CHARTA F\u00dcR DAS [&hellip;]<\/p>\n","protected":false},"author":8,"featured_media":18544,"parent":0,"menu_order":0,"comment_status":"closed","ping_status":"closed","template":"","meta":{"footnotes":""},"class_list":["post-18543","page","type-page","status-publish","has-post-thumbnail","hentry"],"publishpress_future_action":{"enabled":false,"date":"2026-05-09 00:03:18","action":"change-status","newStatus":"draft","terms":[],"taxonomy":"","extraData":[]},"publishpress_future_workflow_manual_trigger":{"enabledWorkflows":[]},"_links":{"self":[{"href":"https:\/\/www.dudelange.lu\/index.php\/wp-json\/wp\/v2\/pages\/18543","targetHints":{"allow":["GET"]}}],"collection":[{"href":"https:\/\/www.dudelange.lu\/index.php\/wp-json\/wp\/v2\/pages"}],"about":[{"href":"https:\/\/www.dudelange.lu\/index.php\/wp-json\/wp\/v2\/types\/page"}],"author":[{"embeddable":true,"href":"https:\/\/www.dudelange.lu\/index.php\/wp-json\/wp\/v2\/users\/8"}],"replies":[{"embeddable":true,"href":"https:\/\/www.dudelange.lu\/index.php\/wp-json\/wp\/v2\/comments?post=18543"}],"version-history":[{"count":24,"href":"https:\/\/www.dudelange.lu\/index.php\/wp-json\/wp\/v2\/pages\/18543\/revisions"}],"predecessor-version":[{"id":27532,"href":"https:\/\/www.dudelange.lu\/index.php\/wp-json\/wp\/v2\/pages\/18543\/revisions\/27532"}],"wp:featuredmedia":[{"embeddable":true,"href":"https:\/\/www.dudelange.lu\/index.php\/wp-json\/wp\/v2\/media\/18544"}],"wp:attachment":[{"href":"https:\/\/www.dudelange.lu\/index.php\/wp-json\/wp\/v2\/media?parent=18543"}],"curies":[{"name":"wp","href":"https:\/\/api.w.org\/{rel}","templated":true}]}}

<p><img decoding="async" class="lazyload " src="data:image/svg+xml,%3Csvg%20xmlns%3D%27http%3A%2F%2Fwww.w3.org%2F2000%2Fsvg%27%20width%3D%2723%27%20height%3D%2723%27%20viewBox%3D%270%200%2023%2023%27%3E%3Crect%20width%3D%2723%27%20height%3D%2723%27%20fill-opacity%3D%220%22%2F%3E%3C%2Fsvg%3E" data-orig-src="https://cdn-icons-png.flaticon.com/512/330/330029.png" width="23" height="23" /> <span style="text-decoration: underline; color: #ef4030;"><a style="color: #ef4030; text-decoration: underline;" href="https://sadudelangedata.blob.core.windows.net/files/2022/11/LOKAL-CHARTA-LUX-.pdf" target="_blank" rel="noopener">LOKAL CHARTA FIR D&rsquo;ZESUMMELIEWEN</a></span> (PDF, 408KB)</p>
<p><span style="text-decoration: underline;"><span style="color: #ef4030; text-decoration: underline;"><a style="color: #ef4030; text-decoration: underline;" href="https://sadudelangedata.blob.core.windows.net/files/2022/11/LOKALE-CHARTA.pdf" target="_blank" rel="noopener"><img decoding="async" class="lazyload " src="data:image/svg+xml,%3Csvg%20xmlns%3D%27http%3A%2F%2Fwww.w3.org%2F2000%2Fsvg%27%20width%3D%2724%27%20height%3D%2724%27%20viewBox%3D%270%200%2024%2024%27%3E%3Crect%20width%3D%2724%27%20height%3D%2724%27%20fill-opacity%3D%220%22%2F%3E%3C%2Fsvg%3E" data-orig-src="https://cdn-icons-png.flaticon.com/512/329/329985.png" alt="Germany free icon" width="24" height="24" /></a></span></span> <span style="text-decoration: underline;"><span style="color: #ef4030; text-decoration: underline;"><a style="color: #ef4030; text-decoration: underline;" href="https://sadudelangedata.blob.core.windows.net/files/2022/11/LOKALE-CHARTA.pdf" target="_blank" rel="noopener">LOKALE CHARTA FÜR DAS ZUSAMMENLEBEN</a></span></span> (PDF, 410KB)</p>
<p><img decoding="async" class="lazyload " src="data:image/svg+xml,%3Csvg%20xmlns%3D%27http%3A%2F%2Fwww.w3.org%2F2000%2Fsvg%27%20width%3D%2724%27%20height%3D%2724%27%20viewBox%3D%270%200%2024%2024%27%3E%3Crect%20width%3D%2724%27%20height%3D%2724%27%20fill-opacity%3D%220%22%2F%3E%3C%2Fsvg%3E" data-orig-src="https://cdn-icons-png.flaticon.com/512/330/330146.png" alt="United kingdom free icon" width="24" height="24" /> <span style="color: #ef4030;"><a style="color: #ef4030;" href="https://sadudelangedata.blob.core.windows.net/files/2022/12/LOCAL-CHARTER-EN-.pdf"><span style="text-decoration: underline; color: #ef4030;">LOCAL CHARTER OF PEACEFUL COMMUNITY LIVING</span></a></span> (PDF, 384KB)</p>
<p><img decoding="async" class="lazyload " src="data:image/svg+xml,%3Csvg%20xmlns%3D%27http%3A%2F%2Fwww.w3.org%2F2000%2Fsvg%27%20width%3D%2723%27%20height%3D%2723%27%20viewBox%3D%270%200%2023%2023%27%3E%3Crect%20width%3D%2723%27%20height%3D%2723%27%20fill-opacity%3D%220%22%2F%3E%3C%2Fsvg%3E" data-orig-src="https://cdn-icons-png.flaticon.com/512/330/330079.png" width="23" height="23" /> <a href="https://sadudelangedata.blob.core.windows.net/files/2022/12/CARTA-LOCAL-PT-.pdf"><span style="text-decoration: underline;"><span style="color: #ef4030; text-decoration: underline;">CARTA LOCAL DA CONVIVÊNCIA</span></span></a> (PDF, 384KB)</p>
<p>&nbsp;</p>
<p><strong>La qualité de vie et le bien vivre-ensemble</strong></p>
<p>La qualité de vie et le bien vivre-ensemble sont des valeurs au coeur de la dynamique dudelangeoise. Chaque génération a sa place et tout le monde est le/la bienvenu·e. Cette charte locale du bien vivre-ensemble a été élaborée afin de soutenir la mise en pratique de ces valeurs, le vivre-ensemble et la compréhension mutuelle. Elle a été élaborée à l’initiative du collège des bourgmestre et échevin·e·s et rédigée par le Service Ensemble Quartiers Dudelange d’Inter-Actions a.s.b.l. et le Service à l’égalité des chances de la Ville de Dudelange.</p>
<p>Le contenu de la charte a été recueilli dans le cadre d’un processus participatif au cours duquel différentes commissions consultatives, les responsables des services communaux et un panel de citoyen·ne·s de Dudelange ont été interrogé·e·s sur le vivre ensemble. La charte rassemble les idées de toutes ces personnes sur l’art et la manière de réussir la cohabitation sur le territoire de notre ville. Chaque personne doit pouvoir se sentir à l’aise dans notre ville et pour cela, chacun·e doit contribuer au vivre-ensemble au sein d’une communauté respectueuse. Ce n’est qu’ensemble que nous pouvons construire la société dans laquelle nous voulons vivre.</p>
<p><span style="text-decoration: underline;">Chaque habitant·e de Dudelange est invité·e à signer cette charte</span>. La signature d’une personne symbolise son engagement à apporter sa contribution à un vivre-ensemble en paix. A l’avenir, la charte sera proposée à la signature dans notre ville lors de différentes manifestations, et notamment celles qui ouvrent un espace de rencontre.</p>
<p><strong>Prochaine date pour la signature de la charte :</strong></p>
<ul>
<li><strong>Samedi 17.5.2025 / 14.00 &#8211; 18.00 / Äishelleg, Vewa, Site Neischmelz au Stand du « hub social »</strong></li>
<li><strong>Samedi 5.7.2025 / 17:00-24:00 &amp; Dimanche 6.7.2025 / 11:00-18:00 / Fête des cultures, Place de l&rsquo;Hôtel de Ville </strong></li>
</ul>
<p>&nbsp;</p>
<p><strong>CHARTE LOCALE DU VIVRE-ENSEMBLE</strong></p>
<p>En tant qu’habitant·e de la Ville de Dudelange, je contribue activement au bien vivre-ensemble.</p>
<p><span style="text-decoration: underline;">RESPECT ET TOLÉRANCE</span></p>
<p>1) Je considère mes semblables comme égaux/égales en droits et en dignité dans toutes leurs différences, indépendamment de leur nationalité, de leur origine, de leur religion, de leur genre, de leur orientation sexuelle et de leur condition physique ou mentale. Je reconnais cette diversité comme une chance.</p>
<p>2) Je m’engage à traiter mes semblables avec bienveillance, respect et politesse car je souhaite être traité·e de la même façon.</p>
<p>3) Je m’engage à rechercher le dialogue en cas de conflit, à donner mon avisen toute honnêteté et à résoudre les difficultés dans le respect mutuel. Le cas échéant, je m’informe pour trouver aide et soutien.</p>
<p>4) Je respecte la vie privée des autres.</p>
<p>5) Je suis conscient·e de ma responsabilité dans l’utilisation des réseaux sociaux et je ne publie que des contenus pour lesquels j’ai eu l’accord et qui ne peuvent pas nuire à autrui.</p>
<p><span style="text-decoration: underline;">COMMUNAUTÉ</span></p>
<p>6) J’apprécie la valeur d’un bon voisinage et je m’engage à offrir mon aide à mes voisin·e·s en cas de besoin.</p>
<p>7) Je m’engage dans la vie de mon quartier et contribue à y maintenir, voire à y améliorer la qualité de vie.</p>
<p>8) Je m’informe sur les événements publics ou les activités associatives à Dudelange et je les reconnais comme une occasion de nouer et d’entretenir des contacts.</p>
<p>9) J’ai de l’égard envers mes semblables.</p>
<p>10) Si je suis témoin de violence, je ne détourne pas le regard, je cherche de l’aide.</p>
<p>11) Si je pense qu’une personne est en danger, j’appelle à l’aide.</p>
<p><span style="text-decoration: underline;">DURABILITÉ</span></p>
<p>12) J’essaie de faire un maximum de trajets à pied, à vélo ou en transports publics.</p>
<p>13) Pour mes achats et mes prestations, je soutiens le plus possible les entreprises et les commerces locaux.</p>
<p>14)  Je m’informe sur l’offre de services et d’institutions locales et j’y fais appel lorsque je souhaite utiliser leurs services.</p>
<p>15) Je m’engage à prendre soin de la nature et de l’environnement, à les préserver et à les protéger activement. J’évite le plus possible la production de déchets, je les trie et j’utilise les ressources de la manière la plus économe possible en énergie.</p>
<p>16) Je m’efforce de favoriser la biodiversité dans les plantations de mon jardin et de mon balcon.</p>
<p><span style="text-decoration: underline;">ESPACE PUBLIC ET PRIVÉ</span></p>
<p>17) Je suis co-responsable de la préservation des infrastructures communales. J’entretiens mon terrain, mon logement et mes biens de manière à ce qu’ils soient propres et sûrs pour tout le monde.</p>
<p>18) J’utilise les structures publiques pour ce qu’elles ont été conçues, je les laisse propres et j’apprécie le travail de toutes les personnes qui entretiennent ces infrastructures. Si j’ai des questions ou des remarques à émettre, je m’adresse directement au service compétent.</p>
<p>19) Je me renseigne sur les lois et les réglementations locales en vigueur (p. ex. bruit, déchets, détention d’animaux, circulation et constructions) et je les respecte.</p>

<p>LOKAL CHARTA FIR D&rsquo;ZESUMMELIEWEN (PDF, 408KB) LOKALE CHARTA FÜR DAS [&hellip;]</p>
