{"id":19250,"date":"2023-01-05T10:41:08","date_gmt":"2023-01-05T09:41:08","guid":{"rendered":"https:\/\/www.dudelange.lu\/?page_id=19250"},"modified":"2025-02-27T15:26:52","modified_gmt":"2025-02-27T14:26:52","slug":"apercu-des-aides-financieres-communales-et-etatiques","status":"publish","type":"page","link":"https:\/\/www.dudelange.lu\/index.php\/demarches-administratives\/apercu-des-aides-financieres-communales-et-etatiques\/","title":{"rendered":"Aides financi\u00e8res communales et \u00e9tatiques"},"content":{"rendered":"<p><span style=\"color: #ef4030;\"><img decoding=\"async\" class=\"lazyload alignnone wp-image-21903\" src=\"https:\/\/sadudelangedata.blob.core.windows.net\/files\/2023\/09\/FR.png\" data-orig-src=\"https:\/\/sadudelangedata.blob.core.windows.net\/files\/2023\/09\/FR.png\" alt=\"\" width=\"23\" height=\"23\" srcset=\"data:image\/svg+xml,%3Csvg%20xmlns%3D%27http%3A%2F%2Fwww.w3.org%2F2000%2Fsvg%27%20width%3D%2723%27%20height%3D%2723%27%20viewBox%3D%270%200%2023%2023%27%3E%3Crect%20width%3D%2723%27%20height%3D%2723%27%20fill-opacity%3D%220%22%2F%3E%3C%2Fsvg%3E\" data-srcset=\"https:\/\/sadudelangedata.blob.core.windows.net\/files\/2023\/09\/FR-66x66.png 66w, https:\/\/sadudelangedata.blob.core.windows.net\/files\/2023\/09\/FR.png 128w\" data-sizes=\"auto\" data-orig-sizes=\"(max-width: 23px) 100vw, 23px\" \/> <\/span><a style=\"color: #ef4030; text-decoration: underline;\" href=\"https:\/\/sadudelangedata.blob.core.windows.net\/files\/2022\/11\/Brochure-aides-financieres-WEB.pdf\" target=\"_blank\" rel=\"noopener\">Brochure &#8211; Aper\u00e7u des aides financi\u00e8res communales et \u00e9tatiques (PDF, 941KB)<\/a><br \/>\n<span style=\"text-decoration: underline;\"><span style=\"color: #ef4030; text-decoration: underline;\"><img decoding=\"async\" class=\"lazyload \" src=\"data:image\/svg+xml,%3Csvg%20xmlns%3D%27http%3A%2F%2Fwww.w3.org%2F2000%2Fsvg%27%20width%3D%2724%27%20height%3D%2724%27%20viewBox%3D%270%200%2024%2024%27%3E%3Crect%20width%3D%2724%27%20height%3D%2724%27%20fill-opacity%3D%220%22%2F%3E%3C%2Fsvg%3E\" data-orig-src=\"https:\/\/cdn-icons-png.flaticon.com\/512\/329\/329985.png\" alt=\"Germany free icon\" width=\"24\" height=\"24\" \/><\/span><\/span><span style=\"color: #ef4030;\">\u00a0<\/span><span style=\"color: #ef4030;\"> <a href=\"https:\/\/sadudelangedata.blob.core.windows.net\/files\/2022\/11\/Brochure-aides-financieres-WEB.pdf\" target=\"_blank\" rel=\"noopener\"><span style=\"text-decoration: underline;\"><span style=\"color: #ef4030; text-decoration: underline;\">\u00dcberblick \u00fcber die kommunalen und staatlichen Beihilfen (PDF, 941KB)<\/span><\/span><\/a><\/span><br \/>\n<img decoding=\"async\" class=\"lazyload \" src=\"data:image\/svg+xml,%3Csvg%20xmlns%3D%27http%3A%2F%2Fwww.w3.org%2F2000%2Fsvg%27%20width%3D%2724%27%20height%3D%2724%27%20viewBox%3D%270%200%2024%2024%27%3E%3Crect%20width%3D%2724%27%20height%3D%2724%27%20fill-opacity%3D%220%22%2F%3E%3C%2Fsvg%3E\" data-orig-src=\"https:\/\/cdn-icons-png.flaticon.com\/512\/330\/330146.png\" alt=\"United kingdom free icon\" width=\"24\" height=\"24\" \/> \u00a0<span style=\"text-decoration: underline;\"><span style=\"color: #ef4030; text-decoration: underline;\"><a style=\"color: #ef4030; text-decoration: underline;\" href=\"https:\/\/sadudelangedata.blob.core.windows.net\/files\/2023\/01\/OVERVIEW-OF-COMMUNAL-AND-STATE-SUBSIDIES.pdf\" target=\"_blank\" rel=\"noopener\">Overview of communal and state subsidies (PDF, 99KB)<\/a><\/span><\/span><strong><br \/>\n<\/strong><strong><img decoding=\"async\" class=\"lazyload \" src=\"data:image\/svg+xml,%3Csvg%20xmlns%3D%27http%3A%2F%2Fwww.w3.org%2F2000%2Fsvg%27%20width%3D%2723%27%20height%3D%2723%27%20viewBox%3D%270%200%2023%2023%27%3E%3Crect%20width%3D%2723%27%20height%3D%2723%27%20fill-opacity%3D%220%22%2F%3E%3C%2Fsvg%3E\" data-orig-src=\"https:\/\/cdn-icons-png.flaticon.com\/512\/330\/330079.png\" width=\"23\" height=\"23\" \/><\/strong><span style=\"color: #ef4030;\">\u00a0 <\/span><span style=\"text-decoration: underline; color: #ef4030;\"><a style=\"color: #ef4030; text-decoration: underline;\" href=\"https:\/\/sadudelangedata.blob.core.windows.net\/files\/2023\/01\/Visao-geral-dos-apoios-financeiros-municipais-e-estatais.pdf\" target=\"_blank\" rel=\"noopener\">Vis\u00e3o geral dos apoios financeiros municipais e estatais (PDF, 1000KB)<\/a><\/span><\/p>\n<p><strong><br \/>\nSUBVENTIONS COMMUNALES<\/strong><\/p>\n<p>La Ville de Dudelange accorde une aide financi\u00e8re suppl\u00e9mentaire \u00e0 l\u2019aide \u00e9tatique.<br \/>\n1. Effectuez d\u2019abord votre demande de subvention aupr\u00e8s des services de l\u2019\u00c9tat (<span style=\"color: #ef4030;\"><a style=\"color: #ef4030;\" href=\"http:\/\/www.guichet.lu\"><span style=\"text-decoration: underline;\">www.guichet.lu<\/span><\/a><\/span>).<br \/>\n2. Introduisez votre demande aupr\u00e8s du Service \u00e9cologique de la Ville de Dudelange muni de votre dossier mentionnant l\u2019aide re\u00e7ue par l\u2019\u00c9tat.<\/p>\n<p><span style=\"color: #ef4030;\">Formulaire de demande de subventions <a style=\"color: #ef4030;\" href=\"https:\/\/sadudelangedata.blob.core.windows.net\/files\/2025\/02\/Formulaire-de-demande-relatif-au-reglement-communal-subvention-Klima-Bonus-appareils-electromenagers.pdf\" target=\"_blank\" rel=\"noopener\">&gt; ici &lt;<\/a><\/span><\/p>\n<p>PLUS D\u2019INFOS<br \/>\nService \u00e9cologique<br \/>\nMaison Verte, 25 rue Jean Jaur\u00e8s, L-3490 Dudelange<br \/>\nT 516121 -263\/-264, <a href=\"mailto:ecologie@dudelange.lu\">ecologie@dudelange.lu<\/a><\/p>\n<p><strong><br \/>\nCONSTRUCTION ET R\u00c9NOVATION<\/strong><\/p>\n<p>ASSAINISSEMENT \u00c9NERG\u00c9TIQUE DURABLE<br \/>\nLa Ville de Dudelange accorde une aide financi\u00e8re suppl\u00e9mentaire<br \/>\nde 20% de l\u2019aide financi\u00e8re \u00e9tatique pour : Conseil en \u00e9nergie<br \/>\nde 25% de l\u2019aide financi\u00e8re \u00e9tatique pour l\u2019isolation de :<br \/>\n\u2022 Mur ext\u00e9rieur (isolation ext\u00e9rieure)<br \/>\n\u2022 Mur int\u00e9rieur (isolation int\u00e9rieure)<br \/>\n\u2022 Mur contre sol ou zone non chauff\u00e9e<br \/>\n\u2022 Toiture inclin\u00e9e ou plate<br \/>\n\u2022 Dalle sup\u00e9rieure contre zone non chauff\u00e9e<br \/>\n\u2022 Dalle inf\u00e9rieure contre zone non chauff\u00e9e<br \/>\n\u2022 Fen\u00eatres et portes (vitrage et cadre) sauf porte d\u2019entr\u00e9e<br \/>\n\u2022 Ventilation m\u00e9canique contr\u00f4l\u00e9e<\/p>\n<p>INSTALLATIONS TECHNIQUES VALORISANT LES SOURCES D\u2019\u00c9NERGIES RENOUVELABLES<br \/>\nLa Ville de Dudelange accorde une aide financi\u00e8re suppl\u00e9mentaire<br \/>\nde 10% de l\u2019aide financi\u00e8re \u00e9tatique pour : Construction d\u2019un logement durable<br \/>\nde 25% de l\u2019aide financi\u00e8re \u00e9tatique pour :<br \/>\n\u2022 Installation solaire thermique (eau chaude sanitaire)<br \/>\n\u2022 Installation solaire thermique avec appoint de chauffage<br \/>\n\u2022 Installation solaire photovolta\u00efque<br \/>\n\u2022 Installation solaire (collecteur hybride)<br \/>\n\u2022 Pompe \u00e0 chaleur g\u00e9othermique<br \/>\n\u2022 Pompe \u00e0 chaleur air-eau<br \/>\n\u2022 Chaudi\u00e8re \u00e0 granul\u00e9s ou plaquettes de bois<br \/>\n\u2022 Chaudi\u00e8re \u00e0 b\u00fbches de bois<br \/>\n\u2022 Po\u00eale \u00e0 granul\u00e9s de bois<\/p>\n<p>\u00c9NERGIE SOLAIRE<br \/>\nEstimez votre potentiel \u00e9nerg\u00e9tique solaire <span style=\"text-decoration: underline;\"><a href=\"https:\/\/www.dudelange.lu\/index.php\/cadastre-solaire\"><span style=\"color: #ef4030; text-decoration: underline;\">&gt; ici &lt;<\/span><\/a><\/span><\/p>\n<p>CONSEIL DE BASE EN \u00c9NERGIE NEUTRE ET GRATUIT<br \/>\nAvant d\u2019entamer votre projet de r\u00e9novation \u00e9nerg\u00e9tique, vous devez obligatoirement faire effectuer un concept \u00e9nerg\u00e9tique pour pouvoir b\u00e9n\u00e9ficier des aides communales et \u00e9tatiques. La Klima-Agence vous apporte pour cela toutes les informations utiles. Le conseiller Klima-Agence peut \u00e9galement r\u00e9aliser une appr\u00e9ciation de l\u2019isolation thermique de votre logement. Les communes membres du Syndicat intercommunal STEP ensemble avec Klima-Agence vous proposent ce conseil de base personnalis\u00e9 en \u00e9nergie, neutre et gratuit. Le conseiller Klima-Agence analyse e.a. votre installation de chauffage, examine votre consommation d\u2019\u00e9nergie thermique et \u00e9lectrique et apporte des suggestions sur la mani\u00e8re d\u2019optimiser votre situation \u00e9nerg\u00e9tique et de mettre en oeuvre une utilisation d\u2019\u00e9nergies renouvelables. Pour prendre rendez-vous avec un conseiller de Klima-Agence, t\u00e9l\u00e9phonez au 8002 1190.\u00a0Plus d&rsquo;infos: <span style=\"text-decoration: underline;\"><a href=\"http:\/\/www.klima-agence.lu\">www.klima-agence.lu<\/a><\/span><\/p>\n<p><strong><br \/>\nAPPAREILS M\u00c9NAGERS<\/strong><\/p>\n<p>REMPLACEMENT D\u2019UN APPAREIL MENAGER<br \/>\nLa Ville de Dudelange accorde une aide financi\u00e8re suppl\u00e9mentaire de 15% du prix d\u2019acquisition :<br \/>\n\u2022 R\u00e9frig\u00e9rateur (classe \u00e9nerg\u00e9tique A-C)<br \/>\n\u2022 Cong\u00e9lateur (classe \u00e9nerg\u00e9tique A-C)<br \/>\n\u2022 Lave-linge (classe \u00e9nerg\u00e9tique A-C)<br \/>\n\u2022 S\u00e8che-linge (classe \u00e9nerg\u00e9tique A+++)<\/p>\n<p>REPARATION D\u2019UN APPAREIL MENAGER<br \/>\nSubvention accord\u00e9e par m\u00e9nage, tous les 5 ans, \u00e0 hauteur de 50% du montant des frais de r\u00e9paration, plafonn\u00e9 \u00e0 100 \u20ac pour:<br \/>\nr\u00e9frig\u00e9rateur, cong\u00e9lateur, appareil combin\u00e9 (r\u00e9frig\u00e9rateur\/cong\u00e9lateur), lave-vaisselle, machine \u00e0 laver, s\u00e8che-linge.<\/p>\n<p>PLUS D\u2019INFOS<br \/>\n<span style=\"text-decoration: underline;\"><a href=\"http:\/\/www.guichet.lu\">www.guichet.lu<\/a><\/span> \u2022 <span style=\"text-decoration: underline;\"><a href=\"http:\/\/www.klima-agence.lu\">www.klima-agence.lu<\/a><\/span> \u2022 <span style=\"text-decoration: underline;\"><a href=\"http:\/\/www.enoprimes.lu\">www.enoprimes.lu<\/a><\/span> \u2022 <span style=\"text-decoration: underline;\"><a href=\"http:\/\/www.zesumme-spueren.lu\">www.zesumme-spueren.lu <\/a><\/span><\/p>\n<p><strong><br \/>\nMOBILIT\u00c9<\/strong><\/p>\n<p>La Ville de Dudelange accorde une aide financi\u00e8re suppl\u00e9mentaire pour :<\/p>\n<p>\u2022 V\u00e9lo neuf ordinaire ou \u00e0 p\u00e9dalage assist\u00e9 (E-bike): 50% de l\u2019aide financi\u00e8re \u00e9tatique (max 150 \u20ac).<br \/>\n\u2022 Casque de v\u00e9lo neuf en cas d\u2019achat simultan\u00e9 avec un cycle ordinaire ou un cycle \u00e0 p\u00e9dalage assist\u00e9 : 25\u20ac.<br \/>\n\u2022 Voiture neuve (100% \u00e9lectrique): 10% de l\u2019aide financi\u00e8re \u00e9tatique (max 500 \u20ac).<br \/>\n\u2022 V\u00e9hicule l\u00e9ger neuf (100% \u00e9lectrique): 10% de l\u2019aide financi\u00e8re \u00e9tatique (max 100 \u20ac).<br \/>\n\u2022 Borne de charge priv\u00e9e: 25% de l\u2019aide financi\u00e8re \u00e9tatique (max 300 \u20ac \u00e0 412,5 \u20ac).<\/p>\n<p><strong><br \/>\nAIDES SOCIALES<\/strong><\/p>\n<p>ALLOCATION DE VIE CH\u00c8RE ET PRIME \u00c9NERGIE<br \/>\nLes m\u00e9nages \u00e0 revenu modeste peuvent, sous certaines conditions, demander une allocation de vie ch\u00e8re aupr\u00e8s du<br \/>\nFonds National de Solidarit\u00e9 (FNS)<br \/>\n8-10 rue de la Fonderie L-1531 Luxembourg<br \/>\nT 49 10 81 1<\/p>\n<p>SUBVENTIONS COMMUNALES<br \/>\nAllocation compensatoire pour taxes communales allou\u00e9e en fonction de l\u2019allocation de vie ch\u00e8re re\u00e7ue de l\u2019\u00c9tat : 50% (\u00e0 partir de 2023) de l\u2019aide financi\u00e8re \u00e9tatique (au lieu de 45%).<br \/>\n<em>***NOUVEAU***<\/em><br \/>\nPrime \u00e9nergie : 25% de l\u2019aide financi\u00e8re \u00e9tatique (valable \u00e0 partir de 2023).<br \/>\nMaison sociale de la Ville de Dudelange<br \/>\n27 rue du Commerce L-3450 Dudelange<br \/>\nT 51 61 21 -724<\/p>\n<p>SUBVENTION DE LOYER<br \/>\nUne subvention, sur demande et sous certaines conditions, pour aider les m\u00e9nages \u00e0 faible revenu \u00e0 acc\u00e9der \u00e0 la location d\u2019un logement d\u00e9cent.<br \/>\nService des aides au logement du minist\u00e8re du Logement<br \/>\n11 rue de Hollerich L-1741 Luxembourg<br \/>\nT 8002 1010<\/p>\n<p>D\u2019autres aides existent pour soutenir les m\u00e9nages. Plus d\u2019infos :<br \/>\n\u2022 Maison sociale de la Ville de Dudelange &#8211; T 51 61 21 -724<br \/>\n\u2022 Services de l\u2019\u00c9tat: <span style=\"text-decoration: underline;\"><a href=\"http:\/\/www.guichet.lu\">www.guichet.lu<\/a><\/span><\/p>\n<p>&#8211; &#8211; &#8211;<\/p>\n<p>DOCUMENTS \u00c0 T\u00c9L\u00c9CHARGER:<\/p>\n<ul>\n<li><span style=\"text-decoration: underline;\"><span style=\"color: #ef4030; text-decoration: underline;\"><a style=\"color: #ef4030; text-decoration: underline;\" href=\"https:\/\/sadudelangedata.blob.core.windows.net\/files\/2022\/09\/Formulaire-de-demande-promotion-de-lutilisation-rationnelle-de-lenergie-sept-2022.pdf\" target=\"_blank\" rel=\"noopener\">Demande de subventions (PDF, 224KB)<\/a><\/span><\/span><\/li>\n<li><span style=\"text-decoration: underline;\"><span style=\"color: #ef4030; text-decoration: underline;\"><a style=\"color: #ef4030; text-decoration: underline;\" href=\"https:\/\/sadudelangedata.blob.core.windows.net\/files\/2022\/11\/Brochure-aides-financieres-WEB.pdf\" target=\"_blank\" rel=\"noopener\">[FR] Brochure &#8211; Aper\u00e7u des aides financi\u00e8res communales et \u00e9tatiques (PDF, 941KB)<\/a><\/span><\/span><\/li>\n<\/ul>\n","protected":false},"excerpt":{"rendered":"<p>Brochure &#8211; Aper\u00e7u des aides financi\u00e8res communales et \u00e9tatiques (PDF, [&hellip;]<\/p>\n","protected":false},"author":8,"featured_media":0,"parent":2127,"menu_order":0,"comment_status":"closed","ping_status":"closed","template":"","meta":{"footnotes":""},"class_list":["post-19250","page","type-page","status-publish","hentry"],"publishpress_future_action":{"enabled":false,"date":"2026-04-22 20:42:54","action":"change-status","newStatus":"draft","terms":[],"taxonomy":"","extraData":[]},"publishpress_future_workflow_manual_trigger":{"enabledWorkflows":[]},"_links":{"self":[{"href":"https:\/\/www.dudelange.lu\/index.php\/wp-json\/wp\/v2\/pages\/19250","targetHints":{"allow":["GET"]}}],"collection":[{"href":"https:\/\/www.dudelange.lu\/index.php\/wp-json\/wp\/v2\/pages"}],"about":[{"href":"https:\/\/www.dudelange.lu\/index.php\/wp-json\/wp\/v2\/types\/page"}],"author":[{"embeddable":true,"href":"https:\/\/www.dudelange.lu\/index.php\/wp-json\/wp\/v2\/users\/8"}],"replies":[{"embeddable":true,"href":"https:\/\/www.dudelange.lu\/index.php\/wp-json\/wp\/v2\/comments?post=19250"}],"version-history":[{"count":23,"href":"https:\/\/www.dudelange.lu\/index.php\/wp-json\/wp\/v2\/pages\/19250\/revisions"}],"predecessor-version":[{"id":26897,"href":"https:\/\/www.dudelange.lu\/index.php\/wp-json\/wp\/v2\/pages\/19250\/revisions\/26897"}],"up":[{"embeddable":true,"href":"https:\/\/www.dudelange.lu\/index.php\/wp-json\/wp\/v2\/pages\/2127"}],"wp:attachment":[{"href":"https:\/\/www.dudelange.lu\/index.php\/wp-json\/wp\/v2\/media?parent=19250"}],"curies":[{"name":"wp","href":"https:\/\/api.w.org\/{rel}","templated":true}]}}