{"id":1945,"date":"2021-08-19T14:27:24","date_gmt":"2021-08-19T13:27:24","guid":{"rendered":"http:\/\/app-dudelange-dev.azurewebsites.net\/?page_id=1945"},"modified":"2024-02-02T17:10:12","modified_gmt":"2024-02-02T16:10:12","slug":"bourgmestre","status":"publish","type":"page","link":"https:\/\/www.dudelange.lu\/index.php\/bourgmestre\/","title":{"rendered":"Bourgmestre"},"content":{"rendered":"<div class=\"fusion-fullwidth fullwidth-box fusion-builder-row-1 fusion-flex-container nonhundred-percent-fullwidth non-hundred-percent-height-scrolling\" style=\"background-color: rgba(255,255,255,0);background-position: center center;background-repeat: no-repeat;border-width: 0px 0px 0px 0px;border-color:#e2e2e2;border-style:solid;\" ><div class=\"fusion-builder-row fusion-row fusion-flex-align-items-flex-start\" style=\"max-width:1424.8px;margin-left: calc(-4% \/ 2 );margin-right: calc(-4% \/ 2 );\"><div class=\"fusion-layout-column fusion_builder_column fusion-builder-column-0 fusion_builder_column_1_1 1_1 fusion-flex-column\"><div class=\"fusion-column-wrapper fusion-flex-justify-content-space-between fusion-content-layout-row fusion-flex-align-items-center\" style=\"background-position:left top;background-repeat:no-repeat;-webkit-background-size:cover;-moz-background-size:cover;-o-background-size:cover;background-size:cover;padding: 0px 0px 0px 0px;\"><div class=\"fusion-builder-row fusion-builder-row-inner fusion-row fusion-flex-align-items-flex-start\" style=\"width:104% !important;max-width:104% !important;margin-left: calc(-4% \/ 2 );margin-right: calc(-4% \/ 2 );\"><div class=\"fusion-layout-column fusion_builder_column_inner fusion-builder-nested-column-0 fusion_builder_column_inner_1_3 1_3 fusion-flex-column fusion-flex-align-self-stretch\"><div class=\"fusion-column-wrapper fusion-column-has-shadow fusion-flex-justify-content-flex-start fusion-content-layout-column\" style=\"background-position:left top;background-repeat:no-repeat;-webkit-background-size:cover;-moz-background-size:cover;-o-background-size:cover;background-size:cover;background-color:#da4632;box-shadow:2px 2px 4px 0px rgba(0,0,0,0.2);;padding: 56px 20px 0px 20px;\"><div class=\"fusion-text fusion-text-1\" style=\"text-align:center;font-size:49px;color:#ffffff;\"><p><strong>1977<\/strong><\/p>\n<\/div><div class=\"fusion-text fusion-text-2\" style=\"text-align:center;line-height:24px;color:#ffffff;margin-top:30px;\"><p>Naissance<\/p>\n<\/div><\/div><style type=\"text\/css\">.fusion-body .fusion-builder-nested-column-0{width:33.333333333333% !important;margin-top : 0px;margin-bottom : 20px;}.fusion-builder-nested-column-0 > .fusion-column-wrapper {padding-top : 56px !important;padding-right : 20px !important;margin-right : 5.76%;padding-bottom : 0px !important;padding-left : 20px !important;margin-left : 5.76%;}@media only screen and (max-width:1024px) {.fusion-body .fusion-builder-nested-column-0{width:33.333333333333% !important;order : 0;}.fusion-builder-nested-column-0 > .fusion-column-wrapper {margin-right : 5.76%;margin-left : 5.76%;}}@media only screen and (max-width:640px) {.fusion-body .fusion-builder-nested-column-0{width:100% !important;order : 0;}.fusion-builder-nested-column-0 > .fusion-column-wrapper {margin-right : 1.92%;margin-left : 1.92%;}}<\/style><\/div><div class=\"fusion-layout-column fusion_builder_column_inner fusion-builder-nested-column-1 fusion_builder_column_inner_1_3 1_3 fusion-flex-column fusion-flex-align-self-stretch\"><div class=\"fusion-column-wrapper fusion-column-has-shadow fusion-flex-justify-content-flex-start fusion-content-layout-column\" style=\"background-position:left top;background-repeat:no-repeat;-webkit-background-size:cover;-moz-background-size:cover;-o-background-size:cover;background-size:cover;background-color:#da4632;box-shadow:2px 2px 4px 0px rgba(0,0,0,0.2);;padding: 56px 20px 0px 20px;\"><div class=\"fusion-text fusion-text-3\" style=\"text-align:center;font-size:49px;color:#ffffff;\"><p><strong>2014<\/strong><\/p>\n<\/div><div class=\"fusion-text fusion-text-4\" style=\"text-align:center;line-height:24px;color:#ffffff;margin-top:30px;\"><p>Bourgmestre de la Ville de Dudelange<\/p>\n<\/div><\/div><style type=\"text\/css\">.fusion-body .fusion-builder-nested-column-1{width:33.333333333333% !important;margin-top : 0px;margin-bottom : 20px;}.fusion-builder-nested-column-1 > .fusion-column-wrapper {padding-top : 56px !important;padding-right : 20px !important;margin-right : 5.76%;padding-bottom : 0px !important;padding-left : 20px !important;margin-left : 5.76%;}@media only screen and (max-width:1024px) {.fusion-body .fusion-builder-nested-column-1{width:33.333333333333% !important;order : 0;}.fusion-builder-nested-column-1 > .fusion-column-wrapper {margin-right : 5.76%;margin-left : 5.76%;}}@media only screen and (max-width:640px) {.fusion-body .fusion-builder-nested-column-1{width:100% !important;order : 0;}.fusion-builder-nested-column-1 > .fusion-column-wrapper {margin-right : 1.92%;margin-left : 1.92%;}}<\/style><\/div><div class=\"fusion-layout-column fusion_builder_column_inner fusion-builder-nested-column-2 fusion_builder_column_inner_1_3 1_3 fusion-flex-column fusion-flex-align-self-stretch\"><div class=\"fusion-column-wrapper fusion-column-has-shadow fusion-flex-justify-content-flex-start fusion-content-layout-column\" style=\"background-position:left top;background-repeat:no-repeat;-webkit-background-size:cover;-moz-background-size:cover;-o-background-size:cover;background-size:cover;background-color:#da4632;box-shadow:2px 2px 4px 0px rgba(0,0,0,0.2);;padding: 56px 20px 0px 20px;\"><div class=\"fusion-text fusion-text-5\" style=\"text-align:center;font-size:49px;color:#ffffff;\"><p><strong>2018<\/strong><\/p>\n<\/div><div class=\"fusion-text fusion-text-6\" style=\"text-align:center;line-height:24px;color:#ffffff;margin-top:30px;\"><p>D\u00e9put\u00e9-maire<\/p>\n<\/div><\/div><style type=\"text\/css\">.fusion-body .fusion-builder-nested-column-2{width:33.333333333333% !important;margin-top : 0px;margin-bottom : 20px;}.fusion-builder-nested-column-2 > .fusion-column-wrapper {padding-top : 56px !important;padding-right : 20px !important;margin-right : 5.76%;padding-bottom : 0px !important;padding-left : 20px !important;margin-left : 5.76%;}@media only screen and (max-width:1024px) {.fusion-body .fusion-builder-nested-column-2{width:33.333333333333% !important;order : 0;}.fusion-builder-nested-column-2 > .fusion-column-wrapper {margin-right : 5.76%;margin-left : 5.76%;}}@media only screen and (max-width:640px) {.fusion-body .fusion-builder-nested-column-2{width:100% !important;order : 0;}.fusion-builder-nested-column-2 > .fusion-column-wrapper {margin-right : 1.92%;margin-left : 1.92%;}}<\/style><\/div><\/div><\/div><style type=\"text\/css\">.fusion-body .fusion-builder-column-0{width:100% !important;margin-top : 0px;margin-bottom : 38px;}.fusion-builder-column-0 > .fusion-column-wrapper {padding-top : 0px !important;padding-right : 0px !important;margin-right : 1.92%;padding-bottom : 0px !important;padding-left : 0px !important;margin-left : 1.92%;}@media only screen and (max-width:1024px) {.fusion-body .fusion-builder-column-0{width:100% !important;order : 0;}.fusion-builder-column-0 > .fusion-column-wrapper {margin-right : 1.92%;margin-left : 1.92%;}}@media only screen and (max-width:640px) {.fusion-body .fusion-builder-column-0{width:100% !important;order : 0;}.fusion-builder-column-0 > .fusion-column-wrapper {margin-right : 1.92%;margin-left : 1.92%;}}<\/style><\/div><div class=\"fusion-layout-column fusion_builder_column fusion-builder-column-1 fusion_builder_column_1_1 1_1 fusion-flex-column\"><div class=\"fusion-column-wrapper fusion-flex-justify-content-flex-start fusion-content-layout-column\" style=\"background-position:left top;background-repeat:no-repeat;-webkit-background-size:cover;-moz-background-size:cover;-o-background-size:cover;background-size:cover;padding: 0px 0px 0px 0px;\"><div class=\"fusion-text fusion-text-7\"><p>N\u00e9 en 1977, Dan Biancalana vit \u00e0 Dudelange depuis son enfance. Ses \u00e9tudes universitaires l\u2019ont men\u00e9 en Belgique et en Italie, avant qu\u2019il n\u2019occupe un poste de criminologue aupr\u00e8s du Service Central d\u2019Assistance Sociale (Parquet G\u00e9n\u00e9ral) du Luxembourg. Mais son ancrage dans sa ville de Dudelange est rest\u00e9 inchang\u00e9.\u200b<\/p>\n<p>Ses premiers pas politiques, Dan Biancalana les a connus en 1994 en adh\u00e9rant aux Jeunesses socialistes \u00e0 Dudelange.<\/p>\n<p>Auparavant, il s\u2019\u00e9tait d\u00e9j\u00e0 engag\u00e9 dans un projet d\u2019aide au d\u00e9veloppement dans le lyc\u00e9e qu\u2019il fr\u00e9quentait. Il a milit\u00e9 au sein de cercles d\u2019\u00e9tudiants universitaires de mouvance de\u200b gauche. Dan Biancalana est titulaire d\u2019un graduat d\u2019assistant social, d\u2019une licence et d\u2019un DEA en criminologie. \u200bAnim\u00e9 par l\u2019esprit europ\u00e9en, il a particip\u00e9 en 2001 au programme Erasmus. De retour \u00e0 Dudelange en 2002, il a poursuivi son engagement politique en tant que pr\u00e9sident des Jeunesses socialistes de Dudelange. Peu apr\u00e8s, il est devenu secr\u00e9taire national des Jeunesses socialistes.<\/p>\n<p>Il a commenc\u00e9 \u00e0 travailler comme criminologue en 2003. Son activit\u00e9 consistait \u00e0 diriger pendant plusieurs ann\u00e9es le service de probation, service en charge des peines et mesures alternatives \u00e0 l\u2019incarc\u00e9ration. Son travail l\u2019a \u00e9galement amen\u00e9 \u00e0 suivre et \u00e0 d\u00e9battre des questions de justice p\u00e9nale au niveau national et europ\u00e9en au sein de diff\u00e9rents organismes. En 2004, avec une poign\u00e9e de coll\u00e8gues, il a cr\u00e9\u00e9 l\u2019Association Luxembourgeoise de Criminologie (ALC) qu\u2019il pr\u00e9side depuis.\u200b<\/p>\n<p>Depuis 2005 il est pr\u00e9sident de \u00ab Diddeleng H\u00eblleft \u00bb, association soutenant des projets dans les pays en voie de d\u00e9veloppement.\u200b<\/p>\n<p>En octobre 2005, \u00e0 l\u2019issue des \u00e9lections communales, \u00e0 l\u2019\u00e2ge de 27 ans, il acc\u00e8de \u00e0 la fonction de 3e \u00e9chevin. Il s\u2019engage alors dans les th\u00e8mes de la jeunesse, de l\u2019int\u00e9gration et de la s\u00e9curit\u00e9 publique. Les \u00e9lections communales de 2011 lui permettent de devenir 1er \u00e9chevin. Il s\u2019oriente alors \u00e9galement vers les questions de mobilit\u00e9. Il devient bourgmestre de Dudelange en d\u00e9cembre 2014.<\/p>\n<p>En octobre 2018, \u00e0 l&rsquo;issue des \u00e9lections l\u00e9gislatives, il devient d\u00e9put\u00e9.<\/p>\n<p>Il a \u00e9t\u00e9 pr\u00e9sident du LSAP Dudelange de 2012 \u00e0 2016. Depuis mars 2021, il co-pr\u00e9side le LSAP au niveau national.<\/p>\n<p class=\"article-introduction\">En 2021, Dan Biancalana a \u00e9t\u00e9 d\u00e9sign\u00e9 rapporteur du projet de loi concernant le budget de l\u2019\u00c9tat pour l\u2019exercice 2022 par les membres de la commission des finances et du budget de la Chambre des d\u00e9put\u00e9s.<\/p>\n<\/div><\/div><style type=\"text\/css\">.fusion-body .fusion-builder-column-1{width:100% !important;margin-top : 0px;margin-bottom : 20px;}.fusion-builder-column-1 > .fusion-column-wrapper {padding-top : 0px !important;padding-right : 0px !important;margin-right : 1.92%;padding-bottom : 0px !important;padding-left : 0px !important;margin-left : 1.92%;}@media only screen and (max-width:1024px) {.fusion-body .fusion-builder-column-1{width:100% !important;order : 0;}.fusion-builder-column-1 > .fusion-column-wrapper {margin-right : 1.92%;margin-left : 1.92%;}}@media only screen and (max-width:640px) {.fusion-body .fusion-builder-column-1{width:100% !important;order : 0;}.fusion-builder-column-1 > .fusion-column-wrapper {margin-right : 1.92%;margin-left : 1.92%;}}<\/style><\/div><\/div><style type=\"text\/css\">.fusion-body .fusion-flex-container.fusion-builder-row-1{ padding-top : 0px;margin-top : 0px;padding-right : 0px;padding-bottom : 0px;margin-bottom : 0px;padding-left : 0px;}<\/style><\/div>\n","protected":false},"excerpt":{"rendered":"","protected":false},"author":1,"featured_media":13927,"parent":0,"menu_order":0,"comment_status":"closed","ping_status":"closed","template":"","meta":{"footnotes":""},"class_list":["post-1945","page","type-page","status-publish","has-post-thumbnail","hentry"],"publishpress_future_action":{"enabled":false,"date":"2026-05-08 19:30:26","action":"change-status","newStatus":"draft","terms":[],"taxonomy":"","extraData":[]},"publishpress_future_workflow_manual_trigger":{"enabledWorkflows":[]},"_links":{"self":[{"href":"https:\/\/www.dudelange.lu\/index.php\/wp-json\/wp\/v2\/pages\/1945","targetHints":{"allow":["GET"]}}],"collection":[{"href":"https:\/\/www.dudelange.lu\/index.php\/wp-json\/wp\/v2\/pages"}],"about":[{"href":"https:\/\/www.dudelange.lu\/index.php\/wp-json\/wp\/v2\/types\/page"}],"author":[{"embeddable":true,"href":"https:\/\/www.dudelange.lu\/index.php\/wp-json\/wp\/v2\/users\/1"}],"replies":[{"embeddable":true,"href":"https:\/\/www.dudelange.lu\/index.php\/wp-json\/wp\/v2\/comments?post=1945"}],"version-history":[{"count":7,"href":"https:\/\/www.dudelange.lu\/index.php\/wp-json\/wp\/v2\/pages\/1945\/revisions"}],"predecessor-version":[{"id":23307,"href":"https:\/\/www.dudelange.lu\/index.php\/wp-json\/wp\/v2\/pages\/1945\/revisions\/23307"}],"wp:featuredmedia":[{"embeddable":true,"href":"https:\/\/www.dudelange.lu\/index.php\/wp-json\/wp\/v2\/media\/13927"}],"wp:attachment":[{"href":"https:\/\/www.dudelange.lu\/index.php\/wp-json\/wp\/v2\/media?parent=1945"}],"curies":[{"name":"wp","href":"https:\/\/api.w.org\/{rel}","templated":true}]}}

<div class="fusion-fullwidth fullwidth-box fusion-builder-row-1 fusion-flex-container nonhundred-percent-fullwidth non-hundred-percent-height-scrolling" style="background-color: rgba(255,255,255,0);background-position: center center;background-repeat: no-repeat;border-width: 0px 0px 0px 0px;border-color:#e2e2e2;border-style:solid;" ><div class="fusion-builder-row fusion-row fusion-flex-align-items-flex-start" style="max-width:1424.8px;margin-left: calc(-4% / 2 );margin-right: calc(-4% / 2 );"><div class="fusion-layout-column fusion_builder_column fusion-builder-column-0 fusion_builder_column_1_1 1_1 fusion-flex-column"><div class="fusion-column-wrapper fusion-flex-justify-content-space-between fusion-content-layout-row fusion-flex-align-items-center" style="background-position:left top;background-repeat:no-repeat;-webkit-background-size:cover;-moz-background-size:cover;-o-background-size:cover;background-size:cover;padding: 0px 0px 0px 0px;"><div class="fusion-builder-row fusion-builder-row-inner fusion-row fusion-flex-align-items-flex-start" style="width:104% !important;max-width:104% !important;margin-left: calc(-4% / 2 );margin-right: calc(-4% / 2 );"><div class="fusion-layout-column fusion_builder_column_inner fusion-builder-nested-column-0 fusion_builder_column_inner_1_3 1_3 fusion-flex-column fusion-flex-align-self-stretch"><div class="fusion-column-wrapper fusion-column-has-shadow fusion-flex-justify-content-flex-start fusion-content-layout-column" style="background-position:left top;background-repeat:no-repeat;-webkit-background-size:cover;-moz-background-size:cover;-o-background-size:cover;background-size:cover;background-color:#da4632;box-shadow:2px 2px 4px 0px rgba(0,0,0,0.2);;padding: 56px 20px 0px 20px;"><div class="fusion-text fusion-text-1" style="text-align:center;font-size:49px;color:#ffffff;"><p><strong>1977</strong></p>
</div><div class="fusion-text fusion-text-2" style="text-align:center;line-height:24px;color:#ffffff;margin-top:30px;"><p>Naissance</p>
</div></div><style type="text/css">.fusion-body .fusion-builder-nested-column-0{width:33.333333333333% !important;margin-top : 0px;margin-bottom : 20px;}.fusion-builder-nested-column-0 > .fusion-column-wrapper {padding-top : 56px !important;padding-right : 20px !important;margin-right : 5.76%;padding-bottom : 0px !important;padding-left : 20px !important;margin-left : 5.76%;}@media only screen and (max-width:1024px) {.fusion-body .fusion-builder-nested-column-0{width:33.333333333333% !important;order : 0;}.fusion-builder-nested-column-0 > .fusion-column-wrapper {margin-right : 5.76%;margin-left : 5.76%;}}@media only screen and (max-width:640px) {.fusion-body .fusion-builder-nested-column-0{width:100% !important;order : 0;}.fusion-builder-nested-column-0 > .fusion-column-wrapper {margin-right : 1.92%;margin-left : 1.92%;}}</style></div><div class="fusion-layout-column fusion_builder_column_inner fusion-builder-nested-column-1 fusion_builder_column_inner_1_3 1_3 fusion-flex-column fusion-flex-align-self-stretch"><div class="fusion-column-wrapper fusion-column-has-shadow fusion-flex-justify-content-flex-start fusion-content-layout-column" style="background-position:left top;background-repeat:no-repeat;-webkit-background-size:cover;-moz-background-size:cover;-o-background-size:cover;background-size:cover;background-color:#da4632;box-shadow:2px 2px 4px 0px rgba(0,0,0,0.2);;padding: 56px 20px 0px 20px;"><div class="fusion-text fusion-text-3" style="text-align:center;font-size:49px;color:#ffffff;"><p><strong>2014</strong></p>
</div><div class="fusion-text fusion-text-4" style="text-align:center;line-height:24px;color:#ffffff;margin-top:30px;"><p>Bourgmestre de la Ville de Dudelange</p>
</div></div><style type="text/css">.fusion-body .fusion-builder-nested-column-1{width:33.333333333333% !important;margin-top : 0px;margin-bottom : 20px;}.fusion-builder-nested-column-1 > .fusion-column-wrapper {padding-top : 56px !important;padding-right : 20px !important;margin-right : 5.76%;padding-bottom : 0px !important;padding-left : 20px !important;margin-left : 5.76%;}@media only screen and (max-width:1024px) {.fusion-body .fusion-builder-nested-column-1{width:33.333333333333% !important;order : 0;}.fusion-builder-nested-column-1 > .fusion-column-wrapper {margin-right : 5.76%;margin-left : 5.76%;}}@media only screen and (max-width:640px) {.fusion-body .fusion-builder-nested-column-1{width:100% !important;order : 0;}.fusion-builder-nested-column-1 > .fusion-column-wrapper {margin-right : 1.92%;margin-left : 1.92%;}}</style></div><div class="fusion-layout-column fusion_builder_column_inner fusion-builder-nested-column-2 fusion_builder_column_inner_1_3 1_3 fusion-flex-column fusion-flex-align-self-stretch"><div class="fusion-column-wrapper fusion-column-has-shadow fusion-flex-justify-content-flex-start fusion-content-layout-column" style="background-position:left top;background-repeat:no-repeat;-webkit-background-size:cover;-moz-background-size:cover;-o-background-size:cover;background-size:cover;background-color:#da4632;box-shadow:2px 2px 4px 0px rgba(0,0,0,0.2);;padding: 56px 20px 0px 20px;"><div class="fusion-text fusion-text-5" style="text-align:center;font-size:49px;color:#ffffff;"><p><strong>2018</strong></p>
</div><div class="fusion-text fusion-text-6" style="text-align:center;line-height:24px;color:#ffffff;margin-top:30px;"><p>Député-maire</p>
</div></div><style type="text/css">.fusion-body .fusion-builder-nested-column-2{width:33.333333333333% !important;margin-top : 0px;margin-bottom : 20px;}.fusion-builder-nested-column-2 > .fusion-column-wrapper {padding-top : 56px !important;padding-right : 20px !important;margin-right : 5.76%;padding-bottom : 0px !important;padding-left : 20px !important;margin-left : 5.76%;}@media only screen and (max-width:1024px) {.fusion-body .fusion-builder-nested-column-2{width:33.333333333333% !important;order : 0;}.fusion-builder-nested-column-2 > .fusion-column-wrapper {margin-right : 5.76%;margin-left : 5.76%;}}@media only screen and (max-width:640px) {.fusion-body .fusion-builder-nested-column-2{width:100% !important;order : 0;}.fusion-builder-nested-column-2 > .fusion-column-wrapper {margin-right : 1.92%;margin-left : 1.92%;}}</style></div></div></div><style type="text/css">.fusion-body .fusion-builder-column-0{width:100% !important;margin-top : 0px;margin-bottom : 38px;}.fusion-builder-column-0 > .fusion-column-wrapper {padding-top : 0px !important;padding-right : 0px !important;margin-right : 1.92%;padding-bottom : 0px !important;padding-left : 0px !important;margin-left : 1.92%;}@media only screen and (max-width:1024px) {.fusion-body .fusion-builder-column-0{width:100% !important;order : 0;}.fusion-builder-column-0 > .fusion-column-wrapper {margin-right : 1.92%;margin-left : 1.92%;}}@media only screen and (max-width:640px) {.fusion-body .fusion-builder-column-0{width:100% !important;order : 0;}.fusion-builder-column-0 > .fusion-column-wrapper {margin-right : 1.92%;margin-left : 1.92%;}}</style></div><div class="fusion-layout-column fusion_builder_column fusion-builder-column-1 fusion_builder_column_1_1 1_1 fusion-flex-column"><div class="fusion-column-wrapper fusion-flex-justify-content-flex-start fusion-content-layout-column" style="background-position:left top;background-repeat:no-repeat;-webkit-background-size:cover;-moz-background-size:cover;-o-background-size:cover;background-size:cover;padding: 0px 0px 0px 0px;"><div class="fusion-text fusion-text-7"><p>Né en 1977, Dan Biancalana vit à Dudelange depuis son enfance. Ses études universitaires l’ont mené en Belgique et en Italie, avant qu’il n’occupe un poste de criminologue auprès du Service Central d’Assistance Sociale (Parquet Général) du Luxembourg. Mais son ancrage dans sa ville de Dudelange est resté inchangé.​</p>
<p>Ses premiers pas politiques, Dan Biancalana les a connus en 1994 en adhérant aux Jeunesses socialistes à Dudelange.</p>
<p>Auparavant, il s’était déjà engagé dans un projet d’aide au développement dans le lycée qu’il fréquentait. Il a milité au sein de cercles d’étudiants universitaires de mouvance de​ gauche. Dan Biancalana est titulaire d’un graduat d’assistant social, d’une licence et d’un DEA en criminologie. ​Animé par l’esprit européen, il a participé en 2001 au programme Erasmus. De retour à Dudelange en 2002, il a poursuivi son engagement politique en tant que président des Jeunesses socialistes de Dudelange. Peu après, il est devenu secrétaire national des Jeunesses socialistes.</p>
<p>Il a commencé à travailler comme criminologue en 2003. Son activité consistait à diriger pendant plusieurs années le service de probation, service en charge des peines et mesures alternatives à l’incarcération. Son travail l’a également amené à suivre et à débattre des questions de justice pénale au niveau national et européen au sein de différents organismes. En 2004, avec une poignée de collègues, il a créé l’Association Luxembourgeoise de Criminologie (ALC) qu’il préside depuis.​</p>
<p>Depuis 2005 il est président de « Diddeleng Hëlleft », association soutenant des projets dans les pays en voie de développement.​</p>
<p>En octobre 2005, à l’issue des élections communales, à l’âge de 27 ans, il accède à la fonction de 3e échevin. Il s’engage alors dans les thèmes de la jeunesse, de l’intégration et de la sécurité publique. Les élections communales de 2011 lui permettent de devenir 1er échevin. Il s’oriente alors également vers les questions de mobilité. Il devient bourgmestre de Dudelange en décembre 2014.</p>
<p>En octobre 2018, à l&rsquo;issue des élections législatives, il devient député.</p>
<p>Il a été président du LSAP Dudelange de 2012 à 2016. Depuis mars 2021, il co-préside le LSAP au niveau national.</p>
<p class="article-introduction">En 2021, Dan Biancalana a été désigné rapporteur du projet de loi concernant le budget de l’État pour l’exercice 2022 par les membres de la commission des finances et du budget de la Chambre des députés.</p>
</div></div><style type="text/css">.fusion-body .fusion-builder-column-1{width:100% !important;margin-top : 0px;margin-bottom : 20px;}.fusion-builder-column-1 > .fusion-column-wrapper {padding-top : 0px !important;padding-right : 0px !important;margin-right : 1.92%;padding-bottom : 0px !important;padding-left : 0px !important;margin-left : 1.92%;}@media only screen and (max-width:1024px) {.fusion-body .fusion-builder-column-1{width:100% !important;order : 0;}.fusion-builder-column-1 > .fusion-column-wrapper {margin-right : 1.92%;margin-left : 1.92%;}}@media only screen and (max-width:640px) {.fusion-body .fusion-builder-column-1{width:100% !important;order : 0;}.fusion-builder-column-1 > .fusion-column-wrapper {margin-right : 1.92%;margin-left : 1.92%;}}</style></div></div><style type="text/css">.fusion-body .fusion-flex-container.fusion-builder-row-1{ padding-top : 0px;margin-top : 0px;padding-right : 0px;padding-bottom : 0px;margin-bottom : 0px;padding-left : 0px;}</style></div>
