{"id":20467,"date":"2023-05-04T11:15:16","date_gmt":"2023-05-04T09:15:16","guid":{"rendered":"https:\/\/www.dudelange.lu\/?page_id=20467"},"modified":"2024-12-24T09:20:49","modified_gmt":"2024-12-24T08:20:49","slug":"allocations","status":"publish","type":"page","link":"https:\/\/www.dudelange.lu\/index.php\/demarches-administratives\/allocations\/","title":{"rendered":"Allocations"},"content":{"rendered":"<p><strong>ALLOCATION DE VIE CH\u00c8RE ET ALLOCATION COMPENSATOIRE POUR TAXES COMMUNALES\u00a0<\/strong><\/p>\n<p>Il est port\u00e9 \u00e0 la connaissance des int\u00e9ress\u00e9\u00b7es que le minist\u00e8re de la Famille, de l\u2019Int\u00e9gration et \u00e0 la Grande R\u00e9gion (Fonds National de Solidarit\u00e9) ainsi que la Ville de Dudelange accordent une allocation de vie ch\u00e8re et une allocation compensatoire pour taxes communales. Tout\u00b7e demandeur\u00b7se ayant d\u00e9j\u00e0 re\u00e7u un formulaire pr\u00e9-rempli de l\u2019allocation de vie ch\u00e8re de la part du Fonds National de Solidarit\u00e9 est pri\u00e9\u00b7e de le compl\u00e9ter, le signer et le renvoyer au Fonds National de Solidarit\u00e9.<\/p>\n<p>Les personnes n\u2019ayant pas re\u00e7u le formulaire pr\u00e9cit\u00e9 et souhaitant aussi b\u00e9n\u00e9ficier de ces allocations sont pri\u00e9es de suivre la proc\u00e9dure suivante :<\/p>\n<p>1) Demandez le formulaire \u00ab Demande en obtention d\u2019une allocation de vie ch\u00e8re \u00bb \u00e0 l\u2019<strong>Office des citoyens<\/strong>\u00a0(H\u00f4tel de Ville \u2013 bureau 4)<\/p>\n<p>2) Envoyez le formulaire rempli et sign\u00e9 au Fonds National de Solidarit\u00e9. Si le Fonds National de Solidarit\u00e9 vous r\u00e9pond affirmativement, la Ville de Dudelange vous accorde:<\/p>\n<ul>\n<li>une allocation suppl\u00e9mentaire (50% de l\u2019allocation allou\u00e9e par le Fonds National de Solidarit\u00e9),<\/li>\n<li>une allocation suppl\u00e9mentaire pour la prime \u00e9nergie (25% de l\u2019allocation allou\u00e9e par le Fonds National de Solidarit\u00e9),<\/li>\n<li>une prime \u00e0 chaque \u00e9l\u00e8ve fr\u00e9quentant un \u00e9tablissement scolaire post-primaire.<\/li>\n<\/ul>\n<p>3) Toutefois, pour b\u00e9n\u00e9ficier des ces allocations, vous devez vous rendre \u00e0 la <strong>Maison Sociale<\/strong> (27, rue du Commerce) avec :<\/p>\n<ul>\n<li>la r\u00e9ponse officielle du Fonds National de Solidarit\u00e9,<\/li>\n<li>un certificat de scolarit\u00e9 r\u00e9cent \u00e9tabli au nom de l\u2019\u00e9l\u00e8ve concern\u00e9.<\/li>\n<\/ul>\n<p><strong>Nouveau<\/strong>\u00a0: la demande peut \u00eatre d\u00e9pos\u00e9e \u00e0 tout moment dans la bo\u00eete aux lettres de la Maison Sociale comme indiqu\u00e9 sur le\u00a0<strong>formulaire ci-dessous<\/strong>\u00a0\u00e0 t\u00e9l\u00e9charger et \u00e0 compl\u00e9ter d\u00fbment muni de toutes les pi\u00e8ces requises et sous pli:<\/p>\n<ul>\n<li><img decoding=\"async\" class=\"lazyload \" src=\"data:image\/svg+xml,%3Csvg%20xmlns%3D%27http%3A%2F%2Fwww.w3.org%2F2000%2Fsvg%27%20width%3D%2722%27%20height%3D%2722%27%20viewBox%3D%270%200%2022%2022%27%3E%3Crect%20width%3D%2722%27%20height%3D%2722%27%20fill-opacity%3D%220%22%2F%3E%3C%2Fsvg%3E\" data-orig-src=\"https:\/\/cdn-icons-png.flaticon.com\/512\/329\/329980.png\" width=\"22\" height=\"22\" \/> <a href=\"https:\/\/sadudelangedata.blob.core.windows.net\/files\/2024\/03\/Demande-dallocation-FR.pdf\"><span style=\"text-decoration: underline;\"><span style=\"color: #ef4030; text-decoration: underline;\">Demande d\u2019allocation<\/span><\/span><\/a>\u00a0(PDF, 217 KB)<\/li>\n<li><img decoding=\"async\" class=\"lazyload \" src=\"data:image\/svg+xml,%3Csvg%20xmlns%3D%27http%3A%2F%2Fwww.w3.org%2F2000%2Fsvg%27%20width%3D%2722%27%20height%3D%2722%27%20viewBox%3D%270%200%2022%2022%27%3E%3Crect%20width%3D%2722%27%20height%3D%2722%27%20fill-opacity%3D%220%22%2F%3E%3C%2Fsvg%3E\" data-orig-src=\"https:\/\/cdn-icons-png.flaticon.com\/512\/329\/329985.png\" alt=\"Germany free icon\" width=\"22\" height=\"22\" \/> <span style=\"text-decoration: underline;\"><span style=\"color: #ef4030;\"><a style=\"color: #ef4030; text-decoration: underline;\" href=\"https:\/\/sadudelangedata.blob.core.windows.net\/files\/2024\/03\/Demande-dallocation-DE.pdf\">Antrag auf Beihilfe<\/a><\/span><\/span>\u00a0(PDF, 215 KB)<\/li>\n<li><img decoding=\"async\" class=\"lazyload \" src=\"data:image\/svg+xml,%3Csvg%20xmlns%3D%27http%3A%2F%2Fwww.w3.org%2F2000%2Fsvg%27%20width%3D%2722%27%20height%3D%2722%27%20viewBox%3D%270%200%2022%2022%27%3E%3Crect%20width%3D%2722%27%20height%3D%2722%27%20fill-opacity%3D%220%22%2F%3E%3C%2Fsvg%3E\" data-orig-src=\"https:\/\/cdn-icons-png.flaticon.com\/512\/330\/330079.png\" width=\"22\" height=\"22\" \/> <a href=\"https:\/\/sadudelangedata.blob.core.windows.net\/files\/2024\/03\/Demande-dallocation-PT.pdf\"><span style=\"text-decoration: underline;\"><span style=\"color: #ef4030; text-decoration: underline;\">Pedido de subsidio<\/span><\/span><\/a>\u00a0(PDF, 218 KB)<\/li>\n<\/ul>\n<p>\u2013<\/p>\n<p><strong>TEUERUNGSZULAGE UND AUSGLEICHSZULAGE F\u00dcR GEMEINDEABGABEN\u00a0<\/strong><\/p>\n<p>Hiermit m\u00f6chten wir die betroffenen Personen dar\u00fcber informieren, dass das Ministerium f\u00fcr Familie, Integration und Grossregion (Nationaler Solidarit\u00e4tsfonds) und die Stadt D\u00fcdelingen eine Teuerungszulage und eine Ausgleichszulage f\u00fcr Gemeindeabgaben gew\u00e4hren. Die Antragsteller welche einen vorgedruckten Antragsformular f\u00fcr die Teuerungszulage vom Nationalen Solidarit\u00e4tsfonds zugestellt bekamen sind gebeten diesen zu vervollst\u00e4ndigen, unterschreiben und an den Nationalen Solidarit\u00e4tsfonds zur\u00fcck zu schicken.<\/p>\n<p>Alle anderen Personen welche nicht im Besitz dieses oben erw\u00e4hnten Antrages sind und auch in den Genuss dieser Zulagen kommen m\u00f6chten sollen folgendes tun:<\/p>\n<p>1) Das Formular \u201eAntrag auf Erhalt einer Teuerungszulage\u201c ist im\u00a0<strong>B\u00fcrgeramt<\/strong>\u00a0(Rathaus \u2013 B\u00fcro 4) erh\u00e4ltlich.<\/p>\n<p>2) \u00dcbermitteln Sie das ausgef\u00fcllte Formular\u00a0an den Solidarit\u00e4tsfonds. Sollte der Solidarit\u00e4tsfonds Ihren Antrag genehmigen, gew\u00e4hrt die Stadt D\u00fcdelingen Ihnen:<\/p>\n<ul>\n<li>Eine Sonderzulage (50% der seitens des Solidarit\u00e4tsfonds erteilten Zulage)<\/li>\n<li>Eine Sonderzulage f\u00fcr Energiekosten (25% der seitens des Solidarit\u00e4tsfonds erteilten Zulage)<\/li>\n<li>Eine Beihilfe f\u00fcr jeden Sch\u00fcler, welcher eine Sekundarschule besucht<\/li>\n<\/ul>\n<p>3) F\u00fcr die Sonderzulage und die Beihilfe kommen Sie bitte mit den nachstehenden Unterlagen ins\u00a0<strong>Sozialhaus<\/strong>\u00a0D\u00fcdelingen (27 rue du Commerce):<\/p>\n<ul>\n<li>Der offizielle Bescheid des Solidarit\u00e4tsfonds<\/li>\n<li>Gegebenfalls eine k\u00fcrzlich ausgestellte Schulbescheinigung des betreffenden Sch\u00fclers.<\/li>\n<\/ul>\n<p><strong>Neu:<\/strong>\u00a0Wie auf dem unten stehenden\u00a0<strong>Formular zum Herunterladen<\/strong> angegeben, kann der ausgef\u00fcllte Antrag, versehen mit allen erforderlichen Unterlagen, jederzeit im Briefkasten des Sozialamtes in einem Umschlag hinterlegt werden:<\/p>\n<ul>\n<li><img decoding=\"async\" class=\"lazyload \" src=\"data:image\/svg+xml,%3Csvg%20xmlns%3D%27http%3A%2F%2Fwww.w3.org%2F2000%2Fsvg%27%20width%3D%2722%27%20height%3D%2722%27%20viewBox%3D%270%200%2022%2022%27%3E%3Crect%20width%3D%2722%27%20height%3D%2722%27%20fill-opacity%3D%220%22%2F%3E%3C%2Fsvg%3E\" data-orig-src=\"https:\/\/cdn-icons-png.flaticon.com\/512\/329\/329985.png\" alt=\"Germany free icon\" width=\"22\" height=\"22\" \/> <span style=\"text-decoration: underline;\"><span style=\"color: #ef4030;\"><a style=\"color: #ef4030; text-decoration: underline;\" href=\"https:\/\/sadudelangedata.blob.core.windows.net\/files\/2024\/03\/Demande-dallocation-DE.pdf\">Antrag auf Beihilfe<\/a><\/span><\/span>\u00a0(PDF, 215 KB)<\/li>\n<li><img decoding=\"async\" class=\"lazyload \" src=\"data:image\/svg+xml,%3Csvg%20xmlns%3D%27http%3A%2F%2Fwww.w3.org%2F2000%2Fsvg%27%20width%3D%2722%27%20height%3D%2722%27%20viewBox%3D%270%200%2022%2022%27%3E%3Crect%20width%3D%2722%27%20height%3D%2722%27%20fill-opacity%3D%220%22%2F%3E%3C%2Fsvg%3E\" data-orig-src=\"https:\/\/cdn-icons-png.flaticon.com\/512\/329\/329980.png\" width=\"22\" height=\"22\" \/> <a href=\"https:\/\/sadudelangedata.blob.core.windows.net\/files\/2024\/03\/Demande-dallocation-FR.pdf\"><span style=\"text-decoration: underline;\"><span style=\"color: #ef4030; text-decoration: underline;\">Demande d\u2019allocation<\/span><\/span><\/a>\u00a0(PDF, 217 KB)<\/li>\n<li><img decoding=\"async\" class=\"lazyload \" src=\"data:image\/svg+xml,%3Csvg%20xmlns%3D%27http%3A%2F%2Fwww.w3.org%2F2000%2Fsvg%27%20width%3D%2722%27%20height%3D%2722%27%20viewBox%3D%270%200%2022%2022%27%3E%3Crect%20width%3D%2722%27%20height%3D%2722%27%20fill-opacity%3D%220%22%2F%3E%3C%2Fsvg%3E\" data-orig-src=\"https:\/\/cdn-icons-png.flaticon.com\/512\/330\/330079.png\" width=\"22\" height=\"22\" \/> <a href=\"https:\/\/sadudelangedata.blob.core.windows.net\/files\/2024\/03\/Demande-dallocation-PT.pdf\"><span style=\"text-decoration: underline;\"><span style=\"color: #ef4030; text-decoration: underline;\">Pedido de subsidio<\/span><\/span><\/a>\u00a0(PDF, 218 KB)<\/li>\n<\/ul>\n<p>\u2013<\/p>\n<p><strong>INFOS<\/strong><\/p>\n<p>Maison sociale<br \/>\n27 rue du Commerce, L-3450 Dudelange<br \/>\nT 516121-724 \/\u00a0<a title=\"Office.social@dudelange.lu\" href=\"mailto:office.social@dudelange.lu\">office.social@dudelange.lu<\/a><\/p>\n","protected":false},"excerpt":{"rendered":"<p>ALLOCATION DE VIE CH\u00c8RE ET ALLOCATION COMPENSATOIRE POUR TAXES COMMUNALES\u00a0 [&hellip;]<\/p>\n","protected":false},"author":8,"featured_media":0,"parent":2127,"menu_order":0,"comment_status":"closed","ping_status":"closed","template":"","meta":{"footnotes":""},"class_list":["post-20467","page","type-page","status-publish","hentry"],"publishpress_future_action":{"enabled":false,"date":"2026-05-07 10:17:50","action":"change-status","newStatus":"draft","terms":[],"taxonomy":"","extraData":[]},"publishpress_future_workflow_manual_trigger":{"enabledWorkflows":[]},"_links":{"self":[{"href":"https:\/\/www.dudelange.lu\/index.php\/wp-json\/wp\/v2\/pages\/20467","targetHints":{"allow":["GET"]}}],"collection":[{"href":"https:\/\/www.dudelange.lu\/index.php\/wp-json\/wp\/v2\/pages"}],"about":[{"href":"https:\/\/www.dudelange.lu\/index.php\/wp-json\/wp\/v2\/types\/page"}],"author":[{"embeddable":true,"href":"https:\/\/www.dudelange.lu\/index.php\/wp-json\/wp\/v2\/users\/8"}],"replies":[{"embeddable":true,"href":"https:\/\/www.dudelange.lu\/index.php\/wp-json\/wp\/v2\/comments?post=20467"}],"version-history":[{"count":12,"href":"https:\/\/www.dudelange.lu\/index.php\/wp-json\/wp\/v2\/pages\/20467\/revisions"}],"predecessor-version":[{"id":26342,"href":"https:\/\/www.dudelange.lu\/index.php\/wp-json\/wp\/v2\/pages\/20467\/revisions\/26342"}],"up":[{"embeddable":true,"href":"https:\/\/www.dudelange.lu\/index.php\/wp-json\/wp\/v2\/pages\/2127"}],"wp:attachment":[{"href":"https:\/\/www.dudelange.lu\/index.php\/wp-json\/wp\/v2\/media?parent=20467"}],"curies":[{"name":"wp","href":"https:\/\/api.w.org\/{rel}","templated":true}]}}

<p><strong>ALLOCATION DE VIE CHÈRE ET ALLOCATION COMPENSATOIRE POUR TAXES COMMUNALES </strong></p>
<p>Il est porté à la connaissance des intéressé·es que le ministère de la Famille, de l’Intégration et à la Grande Région (Fonds National de Solidarité) ainsi que la Ville de Dudelange accordent une allocation de vie chère et une allocation compensatoire pour taxes communales. Tout·e demandeur·se ayant déjà reçu un formulaire pré-rempli de l’allocation de vie chère de la part du Fonds National de Solidarité est prié·e de le compléter, le signer et le renvoyer au Fonds National de Solidarité.</p>
<p>Les personnes n’ayant pas reçu le formulaire précité et souhaitant aussi bénéficier de ces allocations sont priées de suivre la procédure suivante :</p>
<p>1) Demandez le formulaire « Demande en obtention d’une allocation de vie chère » à l’<strong>Office des citoyens</strong> (Hôtel de Ville – bureau 4)</p>
<p>2) Envoyez le formulaire rempli et signé au Fonds National de Solidarité. Si le Fonds National de Solidarité vous répond affirmativement, la Ville de Dudelange vous accorde:</p>
<ul>
<li>une allocation supplémentaire (50% de l’allocation allouée par le Fonds National de Solidarité),</li>
<li>une allocation supplémentaire pour la prime énergie (25% de l’allocation allouée par le Fonds National de Solidarité),</li>
<li>une prime à chaque élève fréquentant un établissement scolaire post-primaire.</li>
</ul>
<p>3) Toutefois, pour bénéficier des ces allocations, vous devez vous rendre à la <strong>Maison Sociale</strong> (27, rue du Commerce) avec :</p>
<ul>
<li>la réponse officielle du Fonds National de Solidarité,</li>
<li>un certificat de scolarité récent établi au nom de l’élève concerné.</li>
</ul>
<p><strong>Nouveau</strong> : la demande peut être déposée à tout moment dans la boîte aux lettres de la Maison Sociale comme indiqué sur le <strong>formulaire ci-dessous</strong> à télécharger et à compléter dûment muni de toutes les pièces requises et sous pli:</p>
<ul>
<li><img decoding="async" class="lazyload " src="data:image/svg+xml,%3Csvg%20xmlns%3D%27http%3A%2F%2Fwww.w3.org%2F2000%2Fsvg%27%20width%3D%2722%27%20height%3D%2722%27%20viewBox%3D%270%200%2022%2022%27%3E%3Crect%20width%3D%2722%27%20height%3D%2722%27%20fill-opacity%3D%220%22%2F%3E%3C%2Fsvg%3E" data-orig-src="https://cdn-icons-png.flaticon.com/512/329/329980.png" width="22" height="22" /> <a href="https://sadudelangedata.blob.core.windows.net/files/2024/03/Demande-dallocation-FR.pdf"><span style="text-decoration: underline;"><span style="color: #ef4030; text-decoration: underline;">Demande d’allocation</span></span></a> (PDF, 217 KB)</li>
<li><img decoding="async" class="lazyload " src="data:image/svg+xml,%3Csvg%20xmlns%3D%27http%3A%2F%2Fwww.w3.org%2F2000%2Fsvg%27%20width%3D%2722%27%20height%3D%2722%27%20viewBox%3D%270%200%2022%2022%27%3E%3Crect%20width%3D%2722%27%20height%3D%2722%27%20fill-opacity%3D%220%22%2F%3E%3C%2Fsvg%3E" data-orig-src="https://cdn-icons-png.flaticon.com/512/329/329985.png" alt="Germany free icon" width="22" height="22" /> <span style="text-decoration: underline;"><span style="color: #ef4030;"><a style="color: #ef4030; text-decoration: underline;" href="https://sadudelangedata.blob.core.windows.net/files/2024/03/Demande-dallocation-DE.pdf">Antrag auf Beihilfe</a></span></span> (PDF, 215 KB)</li>
<li><img decoding="async" class="lazyload " src="data:image/svg+xml,%3Csvg%20xmlns%3D%27http%3A%2F%2Fwww.w3.org%2F2000%2Fsvg%27%20width%3D%2722%27%20height%3D%2722%27%20viewBox%3D%270%200%2022%2022%27%3E%3Crect%20width%3D%2722%27%20height%3D%2722%27%20fill-opacity%3D%220%22%2F%3E%3C%2Fsvg%3E" data-orig-src="https://cdn-icons-png.flaticon.com/512/330/330079.png" width="22" height="22" /> <a href="https://sadudelangedata.blob.core.windows.net/files/2024/03/Demande-dallocation-PT.pdf"><span style="text-decoration: underline;"><span style="color: #ef4030; text-decoration: underline;">Pedido de subsidio</span></span></a> (PDF, 218 KB)</li>
</ul>
<p>–</p>
<p><strong>TEUERUNGSZULAGE UND AUSGLEICHSZULAGE FÜR GEMEINDEABGABEN </strong></p>
<p>Hiermit möchten wir die betroffenen Personen darüber informieren, dass das Ministerium für Familie, Integration und Grossregion (Nationaler Solidaritätsfonds) und die Stadt Düdelingen eine Teuerungszulage und eine Ausgleichszulage für Gemeindeabgaben gewähren. Die Antragsteller welche einen vorgedruckten Antragsformular für die Teuerungszulage vom Nationalen Solidaritätsfonds zugestellt bekamen sind gebeten diesen zu vervollständigen, unterschreiben und an den Nationalen Solidaritätsfonds zurück zu schicken.</p>
<p>Alle anderen Personen welche nicht im Besitz dieses oben erwähnten Antrages sind und auch in den Genuss dieser Zulagen kommen möchten sollen folgendes tun:</p>
<p>1) Das Formular „Antrag auf Erhalt einer Teuerungszulage“ ist im <strong>Bürgeramt</strong> (Rathaus – Büro 4) erhältlich.</p>
<p>2) Übermitteln Sie das ausgefüllte Formular an den Solidaritätsfonds. Sollte der Solidaritätsfonds Ihren Antrag genehmigen, gewährt die Stadt Düdelingen Ihnen:</p>
<ul>
<li>Eine Sonderzulage (50% der seitens des Solidaritätsfonds erteilten Zulage)</li>
<li>Eine Sonderzulage für Energiekosten (25% der seitens des Solidaritätsfonds erteilten Zulage)</li>
<li>Eine Beihilfe für jeden Schüler, welcher eine Sekundarschule besucht</li>
</ul>
<p>3) Für die Sonderzulage und die Beihilfe kommen Sie bitte mit den nachstehenden Unterlagen ins <strong>Sozialhaus</strong> Düdelingen (27 rue du Commerce):</p>
<ul>
<li>Der offizielle Bescheid des Solidaritätsfonds</li>
<li>Gegebenfalls eine kürzlich ausgestellte Schulbescheinigung des betreffenden Schülers.</li>
</ul>
<p><strong>Neu:</strong> Wie auf dem unten stehenden <strong>Formular zum Herunterladen</strong> angegeben, kann der ausgefüllte Antrag, versehen mit allen erforderlichen Unterlagen, jederzeit im Briefkasten des Sozialamtes in einem Umschlag hinterlegt werden:</p>
<ul>
<li><img decoding="async" class="lazyload " src="data:image/svg+xml,%3Csvg%20xmlns%3D%27http%3A%2F%2Fwww.w3.org%2F2000%2Fsvg%27%20width%3D%2722%27%20height%3D%2722%27%20viewBox%3D%270%200%2022%2022%27%3E%3Crect%20width%3D%2722%27%20height%3D%2722%27%20fill-opacity%3D%220%22%2F%3E%3C%2Fsvg%3E" data-orig-src="https://cdn-icons-png.flaticon.com/512/329/329985.png" alt="Germany free icon" width="22" height="22" /> <span style="text-decoration: underline;"><span style="color: #ef4030;"><a style="color: #ef4030; text-decoration: underline;" href="https://sadudelangedata.blob.core.windows.net/files/2024/03/Demande-dallocation-DE.pdf">Antrag auf Beihilfe</a></span></span> (PDF, 215 KB)</li>
<li><img decoding="async" class="lazyload " src="data:image/svg+xml,%3Csvg%20xmlns%3D%27http%3A%2F%2Fwww.w3.org%2F2000%2Fsvg%27%20width%3D%2722%27%20height%3D%2722%27%20viewBox%3D%270%200%2022%2022%27%3E%3Crect%20width%3D%2722%27%20height%3D%2722%27%20fill-opacity%3D%220%22%2F%3E%3C%2Fsvg%3E" data-orig-src="https://cdn-icons-png.flaticon.com/512/329/329980.png" width="22" height="22" /> <a href="https://sadudelangedata.blob.core.windows.net/files/2024/03/Demande-dallocation-FR.pdf"><span style="text-decoration: underline;"><span style="color: #ef4030; text-decoration: underline;">Demande d’allocation</span></span></a> (PDF, 217 KB)</li>
<li><img decoding="async" class="lazyload " src="data:image/svg+xml,%3Csvg%20xmlns%3D%27http%3A%2F%2Fwww.w3.org%2F2000%2Fsvg%27%20width%3D%2722%27%20height%3D%2722%27%20viewBox%3D%270%200%2022%2022%27%3E%3Crect%20width%3D%2722%27%20height%3D%2722%27%20fill-opacity%3D%220%22%2F%3E%3C%2Fsvg%3E" data-orig-src="https://cdn-icons-png.flaticon.com/512/330/330079.png" width="22" height="22" /> <a href="https://sadudelangedata.blob.core.windows.net/files/2024/03/Demande-dallocation-PT.pdf"><span style="text-decoration: underline;"><span style="color: #ef4030; text-decoration: underline;">Pedido de subsidio</span></span></a> (PDF, 218 KB)</li>
</ul>
<p>–</p>
<p><strong>INFOS</strong></p>
<p>Maison sociale<br />
27 rue du Commerce, L-3450 Dudelange<br />
T 516121-724 / <a title="Office.social@dudelange.lu" href="mailto:office.social@dudelange.lu">office.social@dudelange.lu</a></p>

<p>ALLOCATION DE VIE CHÈRE ET ALLOCATION COMPENSATOIRE POUR TAXES COMMUNALES  [&hellip;]</p>
