{"id":2061,"date":"2021-08-20T10:52:57","date_gmt":"2021-08-20T09:52:57","guid":{"rendered":"http:\/\/app-dudelange-dev.azurewebsites.net\/?page_id=2061"},"modified":"2024-07-19T15:47:37","modified_gmt":"2024-07-19T13:47:37","slug":"boulodrome","status":"publish","type":"page","link":"https:\/\/www.dudelange.lu\/index.php\/infrastructures-sportives\/boulodrome\/","title":{"rendered":"P\u00e9tanque"},"content":{"rendered":"<p><strong>P\u00e9tanque au parc Emile Mayrisch<\/strong><br \/>\n<em>Rue Dominique Lang<\/em><\/p>\n<p>Venez profiter des 2 terrains de p\u00e9tanque en plein c\u0153ur du parc Emile Mayrisch. Les boules de p\u00e9tanque sont disponibles \u00e0 la buvette du parc.<\/p>\n<p>&nbsp;<\/p>\n<p><strong>P\u00e9tanque au quartier Lenkeschl\u00e9i<br \/>\n<\/strong><em>Place C\u00e9cile Biever-Wagner<\/em><\/p>\n<p>&nbsp;<\/p>\n<p><strong>Boulodrome<br \/>\n<\/strong><em>Rue Reiteschkopp ( situ\u00e9 \u00e0 c\u00f4t\u00e9 du Stade A. Barozzi)<\/em><\/p>\n<p>USBP Dudelange, T 51 13 63\u200b<\/p>\n<p>&#8211;<\/p>\n<ul>\n<li><a href=\"https:\/\/sadudelangedata.blob.core.windows.net\/files\/2024\/07\/Regles-de-Petanque.pdf\" target=\"_blank\" rel=\"noopener\"><span style=\"text-decoration: underline;\"><span style=\"color: #ef4030; text-decoration: underline;\">R\u00e8gles de P\u00e9tanque<\/span><\/span><\/a> (PDF, 175 KB)<\/li>\n<li><a href=\"https:\/\/sadudelangedata.blob.core.windows.net\/files\/2024\/07\/Petanque-Regeln.pdf\" target=\"_blank\" rel=\"noopener\"><span style=\"text-decoration: underline;\"><span style=\"color: #ef4030; text-decoration: underline;\">Petanque Regeln<\/span><\/span><\/a> (PDF, 129 KB)<\/li>\n<\/ul>\n<h3><\/h3>\n","protected":false},"excerpt":{"rendered":"<p>P\u00e9tanque au parc Emile Mayrisch Rue Dominique Lang Venez profiter [&hellip;]<\/p>\n","protected":false},"author":1,"featured_media":4921,"parent":2067,"menu_order":0,"comment_status":"closed","ping_status":"closed","template":"","meta":{"footnotes":""},"class_list":["post-2061","page","type-page","status-publish","has-post-thumbnail","hentry"],"publishpress_future_action":{"enabled":false,"date":"2026-04-23 01:06:42","action":"change-status","newStatus":"draft","terms":[],"taxonomy":"","extraData":[]},"publishpress_future_workflow_manual_trigger":{"enabledWorkflows":[]},"_links":{"self":[{"href":"https:\/\/www.dudelange.lu\/index.php\/wp-json\/wp\/v2\/pages\/2061","targetHints":{"allow":["GET"]}}],"collection":[{"href":"https:\/\/www.dudelange.lu\/index.php\/wp-json\/wp\/v2\/pages"}],"about":[{"href":"https:\/\/www.dudelange.lu\/index.php\/wp-json\/wp\/v2\/types\/page"}],"author":[{"embeddable":true,"href":"https:\/\/www.dudelange.lu\/index.php\/wp-json\/wp\/v2\/users\/1"}],"replies":[{"embeddable":true,"href":"https:\/\/www.dudelange.lu\/index.php\/wp-json\/wp\/v2\/comments?post=2061"}],"version-history":[{"count":10,"href":"https:\/\/www.dudelange.lu\/index.php\/wp-json\/wp\/v2\/pages\/2061\/revisions"}],"predecessor-version":[{"id":24869,"href":"https:\/\/www.dudelange.lu\/index.php\/wp-json\/wp\/v2\/pages\/2061\/revisions\/24869"}],"up":[{"embeddable":true,"href":"https:\/\/www.dudelange.lu\/index.php\/wp-json\/wp\/v2\/pages\/2067"}],"wp:featuredmedia":[{"embeddable":true,"href":"https:\/\/www.dudelange.lu\/index.php\/wp-json\/wp\/v2\/media\/4921"}],"wp:attachment":[{"href":"https:\/\/www.dudelange.lu\/index.php\/wp-json\/wp\/v2\/media?parent=2061"}],"curies":[{"name":"wp","href":"https:\/\/api.w.org\/{rel}","templated":true}]}}