{"id":2352,"date":"2021-08-24T13:25:31","date_gmt":"2021-08-24T12:25:31","guid":{"rendered":"http:\/\/app-dudelange-dev.azurewebsites.net\/?page_id=2352"},"modified":"2023-05-25T16:04:18","modified_gmt":"2023-05-25T14:04:18","slug":"villes-jumelees","status":"publish","type":"page","link":"https:\/\/www.dudelange.lu\/index.php\/villes-jumelees\/","title":{"rendered":"Villes jumel\u00e9es"},"content":{"rendered":"<p>Un jumelage est une relation \u00e9tablie entre deux villes ou communes de pays diff\u00e9rents. C\u2019est un engagement \u00e0 long terme qui se concr\u00e9tise notamment par des \u00e9changes socio-culturels. Ils incarnent les grandes valeurs, l\u2019amiti\u00e9 et la compr\u00e9hension entre les peuples. L\u2019engagement solennel du jumelage est la base des liens \u00e9troits et suivis qui se tissent entre les populations locales de pays diff\u00e9rents. Ils se concr\u00e9tisent par les rencontres et les \u00e9changes dans les domaines tels que la culture, le sport, la jeunesse, la vie associative, la vie \u00e9conomique et le d\u00e9veloppement durable.<\/p>\n<p>La Ville de Dudelange est jumel\u00e9e avec la commune fran\u00e7aise de Manom et la ville allemande de Lauenburg\/Elbe depuis 1958, ainsi qu&rsquo;avec la commune polonaise de Lebork depuis 2003. Dudelange, Lauenburg, Manom et Lebork sont jumel\u00e9es entre elles. Des jumelages bilat\u00e9raux existent entre Dudelange, la ville italienne de Feltre, la ville d\u2019Arganil au Portugal et la commune de Berane, situ\u00e9e au nord-est du Mont\u00e9n\u00e9gro.<\/p>\n<p>&nbsp;<\/p>\n<p><strong>Manom\u00a0<\/strong><\/p>\n<p>Situ\u00e9e au Nord-Est de la France en r\u00e9gion lorraine, la commune de Manom se trouve dans le d\u00e9partement de la Moselle. Implant\u00e9e dans ce qu\u2019on appelle le \u00ab pays des trois fronti\u00e8res \u00bb, la commune compte environ 2700 habitants. Manom abrite parmi les plus beaux ch\u00e2teaux lorrains du 18e si\u00e8cle : le ch\u00e2teau et jardin de la Grange. Reconstruit en 1714, il est toujours habit\u00e9 par les descendants du marquis de Fouquet. Le jardin de la Grange dit \u00ab Prairiales \u00bb est un jardin contemporain r\u00e9alis\u00e9 dans l\u2019esprit du jardin qui existait \u00e0 cet endroit au 18e si\u00e8cle.<br \/>\n<span style=\"text-decoration: underline;\"><span style=\"color: #d53d27;\"><a style=\"color: #d53d27; text-decoration: underline;\" href=\"http:\/\/www.mairiedemanom.fr\/\" target=\"_blank\" rel=\"noopener\">www.mairiedemanom.fr<\/a><\/span><\/span><\/p>\n<p>&nbsp;<\/p>\n<p><strong>Lauenburg\/Elbe<\/strong><\/p>\n<p>Situ\u00e9e au Nord de l\u2019Allemagne, non loin de Hambourg, la ville de Lauenburg\/Elbe compte 12.000 habitants environ, au sud du Schleswig-Holstein. C\u2019est au bord de la rivi\u00e8re de l\u2019Elbe que Lauenburg, marqu\u00e9e par la navigation depuis qu\u2019elle existe, d\u00e9ploie les charmes de sa vieille ville pittoresque. Maisons \u00e0 colombage, vieilles demeures seigneuriales, le vieux ch\u00e2teau et sa tour, le mus\u00e9e nautique, forment le d\u00e9cor urbain attrayant. Une visite \u00e0 la maison des artistes, une promenade sur le bateau \u00e0 roues historique s\u2019imposent autant que la relaxation dans les nombreux caf\u00e9s et restaurants typiques de la ville.<br \/>\n<span style=\"text-decoration: underline;\"><span style=\"color: #d53d27;\"><a style=\"color: #d53d27; text-decoration: underline;\" href=\"http:\/\/www.lauenburg.de\/\" target=\"_blank\" rel=\"noopener\">www.lauenburg.de<\/a><\/span><\/span><\/p>\n<p>&nbsp;<\/p>\n<p><strong>Lebork<\/strong><\/p>\n<p>Situ\u00e9e en Vo\u00efvodie de Pomeranie, en Pologne, \u00e0 30 km de la mer baltique, au bord de la rivi\u00e8re de Leba, \u00e0 80 km de Gdansk, la ville de Lebork est vieille de plus de 800 ans. Les remparts, le ch\u00e2teau des chevaliers teutoniques et l\u2019\u00e9glise gothique construits au 14e si\u00e8cle dominent l\u2019ancienne cit\u00e9. Lebork compte aujourd\u2019hui pr\u00e8s de 36.000 habitants. Des zones de r\u00e9cr\u00e9ation et de larges espaces verts offrent un cadre relaxant pour les nombreuses institutions culturelles comme le mus\u00e9e historique et arch\u00e9ologique, des attractions typiques comme le march\u00e9 m\u00e9di\u00e9val, et les manifestations publiques dont e.a. la kermesse de Saint-Jacques.<br \/>\n<span style=\"text-decoration: underline;\"><span style=\"color: #d53d27;\"><a style=\"color: #d53d27; text-decoration: underline;\" href=\"http:\/\/www.lebork.pl\/\" target=\"_blank\" rel=\"noopener\">www.lebork.pl<\/a><\/span><\/span><\/p>\n<p>&nbsp;<\/p>\n<p><strong>Feltre<\/strong><\/p>\n<p>La ville italienne de Feltre est situ\u00e9e dans la province de Belluno et la r\u00e9gion de V\u00e9n\u00e9tie. Elle compte plus de 20.000 habitants. Blottie dans une vall\u00e9e verdoyante, Feltre est une ville riche d\u2019histoire. Ses origines remontent \u00e0 l\u2019\u00e9poque romaine, et elle conserve dans sa structure urbaine, domin\u00e9e par son ch\u00e2teau et entour\u00e9e de ses remparts, tout le charme du Moyen Age, enrichi des arcades de la Renaissance. De nombreuses manifestations artistiques et culturelles dont les plus prestigieuses sont la foire artisanale en juin\/juillet et en ao\u00fbt le Palio des quartiers avec le d\u00e9fil\u00e9 en costumes historiques, qui se d\u00e9roulent dans cette cit\u00e9 m\u00e9di\u00e9vale. Feltre est appel\u00e9e la \u201dpetite perle de la V\u00e9n\u00e9tie\u201d pour ses monuments et les b\u00e2timents anciens. Feltre se situe aussi non loin du Parc National des Dolomites.<br \/>\n<span style=\"text-decoration: underline;\"><span style=\"color: #d53d27;\"><a style=\"color: #d53d27; text-decoration: underline;\" href=\"http:\/\/www.comune.feltre.bl.it\/web\/feltre\" target=\"_blank\" rel=\"noopener\">www.feltre.it<\/a><\/span><\/span><\/p>\n<p>&nbsp;<\/p>\n<p><strong>Arganil<\/strong><\/p>\n<p>La ville d\u2019Arganil, situ\u00e9e dans le district de Coimbra, au Nord du Portugal, comptant plus de 12.000 habitants dans sa commune, est le si\u00e8ge du comt\u00e9. Ses origines remontent \u00e0 un pass\u00e9 antique et lointain, et m\u00eame aux premiers stades de l\u2019histoire humaine. Situ\u00e9e dans une r\u00e9gion montagneuse d&rsquo;une grande beaut\u00e9, b\u00e9n\u00e9ficiant d\u2019une riche v\u00e9g\u00e9tation, elle pr\u00e9serve des traces d&rsquo;occupation romaine depuis les temps anciens, comme le camp militaire romain de la Cano Lomba, et des vestiges de peuples primitifs comme la n\u00e9cropole des moulins de la p\u00e9riode chalcolithique. La ville poss\u00e8de un pittoresque centre historique et des monuments tels que la chapelle de Saint-Pierre, l&rsquo;Eglise de la Mis\u00e9ricorde, la Chapelle de l&rsquo;Agonie du Seigneur. Autour de la ville de Arganil se trouvent de charmants petits villages de montagne. Sa riche et dynamique vie culturelle culmine dans le r\u00e9put\u00e9 Arganil Rock festival.<br \/>\n<span style=\"color: #d53d27;\"><span style=\"text-decoration: underline;\"><a style=\"color: #d53d27; text-decoration: underline;\" href=\"http:\/\/www.cm-arganil.pt\/\" target=\"_blank\" rel=\"noopener\">www.cm-arganil.pt<\/a><\/span><cite><\/cite><\/span><\/p>\n<p>&nbsp;<\/p>\n<p><strong>Berane\u00a0<\/strong><\/p>\n<p>La commune de Berane se situe au nord-est du Mont\u00e9n\u00e9gro. Les for\u00eats sont la ressource naturelle la plus significative de la municipalit\u00e9 de Berane qui compte 35 000 habitants. Le terrain semi-montagneux domine; les massifs montagneux, gr\u00e2ce \u00e0 leur beaut\u00e9 naturelle, \u00e0 la richesse de leurs for\u00eats, de leurs p\u00e2turages et des nombreux cours d\u2019eau ainsi que de la diversit\u00e9 des caract\u00e9ristiques climatiques, repr\u00e9sentent un potentiel touristique exceptionnel. Les nombreuses vall\u00e9es ont fa\u00e7onn\u00e9 le relief montagneux de paysages multiples et particuli\u00e8rement attrayants. La vall\u00e9e du Lim et de ses affluents assure l\u2019accessibilit\u00e9 et constitue un lien de communication avec les lieux proches et plus \u00e9loign\u00e9s, ce qui est d\u2019une importance capitale pour le d\u00e9veloppement de Berane et de la r\u00e9gion qui l\u2019entoure.<br \/>\n<span style=\"text-decoration: underline;\"><span style=\"color: #d53d27;\"><a style=\"color: #d53d27; text-decoration: underline;\" href=\"http:\/\/berane.me\/\" target=\"_blank\" rel=\"noopener\">www.berane.me<\/a><\/span><\/span><\/p>\n","protected":false},"excerpt":{"rendered":"<p>Un jumelage est une relation \u00e9tablie entre deux villes ou [&hellip;]<\/p>\n","protected":false},"author":2,"featured_media":2365,"parent":0,"menu_order":0,"comment_status":"closed","ping_status":"closed","template":"","meta":{"footnotes":""},"class_list":["post-2352","page","type-page","status-publish","has-post-thumbnail","hentry"],"publishpress_future_action":{"enabled":false,"date":"2026-05-04 16:19:46","action":"change-status","newStatus":"draft","terms":[],"taxonomy":"","extraData":[]},"publishpress_future_workflow_manual_trigger":{"enabledWorkflows":[]},"_links":{"self":[{"href":"https:\/\/www.dudelange.lu\/index.php\/wp-json\/wp\/v2\/pages\/2352","targetHints":{"allow":["GET"]}}],"collection":[{"href":"https:\/\/www.dudelange.lu\/index.php\/wp-json\/wp\/v2\/pages"}],"about":[{"href":"https:\/\/www.dudelange.lu\/index.php\/wp-json\/wp\/v2\/types\/page"}],"author":[{"embeddable":true,"href":"https:\/\/www.dudelange.lu\/index.php\/wp-json\/wp\/v2\/users\/2"}],"replies":[{"embeddable":true,"href":"https:\/\/www.dudelange.lu\/index.php\/wp-json\/wp\/v2\/comments?post=2352"}],"version-history":[{"count":4,"href":"https:\/\/www.dudelange.lu\/index.php\/wp-json\/wp\/v2\/pages\/2352\/revisions"}],"predecessor-version":[{"id":20698,"href":"https:\/\/www.dudelange.lu\/index.php\/wp-json\/wp\/v2\/pages\/2352\/revisions\/20698"}],"wp:featuredmedia":[{"embeddable":true,"href":"https:\/\/www.dudelange.lu\/index.php\/wp-json\/wp\/v2\/media\/2365"}],"wp:attachment":[{"href":"https:\/\/www.dudelange.lu\/index.php\/wp-json\/wp\/v2\/media?parent=2352"}],"curies":[{"name":"wp","href":"https:\/\/api.w.org\/{rel}","templated":true}]}}

Villes jumelées

<p>Un jumelage est une relation établie entre deux villes ou communes de pays différents. C’est un engagement à long terme qui se concrétise notamment par des échanges socio-culturels. Ils incarnent les grandes valeurs, l’amitié et la compréhension entre les peuples. L’engagement solennel du jumelage est la base des liens étroits et suivis qui se tissent entre les populations locales de pays différents. Ils se concrétisent par les rencontres et les échanges dans les domaines tels que la culture, le sport, la jeunesse, la vie associative, la vie économique et le développement durable.</p>
<p>La Ville de Dudelange est jumelée avec la commune française de Manom et la ville allemande de Lauenburg/Elbe depuis 1958, ainsi qu&rsquo;avec la commune polonaise de Lebork depuis 2003. Dudelange, Lauenburg, Manom et Lebork sont jumelées entre elles. Des jumelages bilatéraux existent entre Dudelange, la ville italienne de Feltre, la ville d’Arganil au Portugal et la commune de Berane, située au nord-est du Monténégro.</p>
<p>&nbsp;</p>
<p><strong>Manom </strong></p>
<p>Située au Nord-Est de la France en région lorraine, la commune de Manom se trouve dans le département de la Moselle. Implantée dans ce qu’on appelle le « pays des trois frontières », la commune compte environ 2700 habitants. Manom abrite parmi les plus beaux châteaux lorrains du 18e siècle : le château et jardin de la Grange. Reconstruit en 1714, il est toujours habité par les descendants du marquis de Fouquet. Le jardin de la Grange dit « Prairiales » est un jardin contemporain réalisé dans l’esprit du jardin qui existait à cet endroit au 18e siècle.<br />
<span style="text-decoration: underline;"><span style="color: #d53d27;"><a style="color: #d53d27; text-decoration: underline;" href="http://www.mairiedemanom.fr/" target="_blank" rel="noopener">www.mairiedemanom.fr</a></span></span></p>
<p>&nbsp;</p>
<p><strong>Lauenburg/Elbe</strong></p>
<p>Située au Nord de l’Allemagne, non loin de Hambourg, la ville de Lauenburg/Elbe compte 12.000 habitants environ, au sud du Schleswig-Holstein. C’est au bord de la rivière de l’Elbe que Lauenburg, marquée par la navigation depuis qu’elle existe, déploie les charmes de sa vieille ville pittoresque. Maisons à colombage, vieilles demeures seigneuriales, le vieux château et sa tour, le musée nautique, forment le décor urbain attrayant. Une visite à la maison des artistes, une promenade sur le bateau à roues historique s’imposent autant que la relaxation dans les nombreux cafés et restaurants typiques de la ville.<br />
<span style="text-decoration: underline;"><span style="color: #d53d27;"><a style="color: #d53d27; text-decoration: underline;" href="http://www.lauenburg.de/" target="_blank" rel="noopener">www.lauenburg.de</a></span></span></p>
<p>&nbsp;</p>
<p><strong>Lebork</strong></p>
<p>Située en Voïvodie de Pomeranie, en Pologne, à 30 km de la mer baltique, au bord de la rivière de Leba, à 80 km de Gdansk, la ville de Lebork est vieille de plus de 800 ans. Les remparts, le château des chevaliers teutoniques et l’église gothique construits au 14e siècle dominent l’ancienne cité. Lebork compte aujourd’hui près de 36.000 habitants. Des zones de récréation et de larges espaces verts offrent un cadre relaxant pour les nombreuses institutions culturelles comme le musée historique et archéologique, des attractions typiques comme le marché médiéval, et les manifestations publiques dont e.a. la kermesse de Saint-Jacques.<br />
<span style="text-decoration: underline;"><span style="color: #d53d27;"><a style="color: #d53d27; text-decoration: underline;" href="http://www.lebork.pl/" target="_blank" rel="noopener">www.lebork.pl</a></span></span></p>
<p>&nbsp;</p>
<p><strong>Feltre</strong></p>
<p>La ville italienne de Feltre est située dans la province de Belluno et la région de Vénétie. Elle compte plus de 20.000 habitants. Blottie dans une vallée verdoyante, Feltre est une ville riche d’histoire. Ses origines remontent à l’époque romaine, et elle conserve dans sa structure urbaine, dominée par son château et entourée de ses remparts, tout le charme du Moyen Age, enrichi des arcades de la Renaissance. De nombreuses manifestations artistiques et culturelles dont les plus prestigieuses sont la foire artisanale en juin/juillet et en août le Palio des quartiers avec le défilé en costumes historiques, qui se déroulent dans cette cité médiévale. Feltre est appelée la ”petite perle de la Vénétie” pour ses monuments et les bâtiments anciens. Feltre se situe aussi non loin du Parc National des Dolomites.<br />
<span style="text-decoration: underline;"><span style="color: #d53d27;"><a style="color: #d53d27; text-decoration: underline;" href="http://www.comune.feltre.bl.it/web/feltre" target="_blank" rel="noopener">www.feltre.it</a></span></span></p>
<p>&nbsp;</p>
<p><strong>Arganil</strong></p>
<p>La ville d’Arganil, située dans le district de Coimbra, au Nord du Portugal, comptant plus de 12.000 habitants dans sa commune, est le siège du comté. Ses origines remontent à un passé antique et lointain, et même aux premiers stades de l’histoire humaine. Située dans une région montagneuse d&rsquo;une grande beauté, bénéficiant d’une riche végétation, elle préserve des traces d&rsquo;occupation romaine depuis les temps anciens, comme le camp militaire romain de la Cano Lomba, et des vestiges de peuples primitifs comme la nécropole des moulins de la période chalcolithique. La ville possède un pittoresque centre historique et des monuments tels que la chapelle de Saint-Pierre, l&rsquo;Eglise de la Miséricorde, la Chapelle de l&rsquo;Agonie du Seigneur. Autour de la ville de Arganil se trouvent de charmants petits villages de montagne. Sa riche et dynamique vie culturelle culmine dans le réputé Arganil Rock festival.<br />
<span style="color: #d53d27;"><span style="text-decoration: underline;"><a style="color: #d53d27; text-decoration: underline;" href="http://www.cm-arganil.pt/" target="_blank" rel="noopener">www.cm-arganil.pt</a></span><cite></cite></span></p>
<p>&nbsp;</p>
<p><strong>Berane </strong></p>
<p>La commune de Berane se situe au nord-est du Monténégro. Les forêts sont la ressource naturelle la plus significative de la municipalité de Berane qui compte 35 000 habitants. Le terrain semi-montagneux domine; les massifs montagneux, grâce à leur beauté naturelle, à la richesse de leurs forêts, de leurs pâturages et des nombreux cours d’eau ainsi que de la diversité des caractéristiques climatiques, représentent un potentiel touristique exceptionnel. Les nombreuses vallées ont façonné le relief montagneux de paysages multiples et particulièrement attrayants. La vallée du Lim et de ses affluents assure l’accessibilité et constitue un lien de communication avec les lieux proches et plus éloignés, ce qui est d’une importance capitale pour le développement de Berane et de la région qui l’entoure.<br />
<span style="text-decoration: underline;"><span style="color: #d53d27;"><a style="color: #d53d27; text-decoration: underline;" href="http://berane.me/" target="_blank" rel="noopener">www.berane.me</a></span></span></p>

<p>Un jumelage est une relation établie entre deux villes ou [&hellip;]</p>
