{"id":23766,"date":"2024-04-16T07:00:40","date_gmt":"2024-04-16T05:00:40","guid":{"rendered":"https:\/\/www.dudelange.lu\/?page_id=23766"},"modified":"2025-05-08T16:40:16","modified_gmt":"2025-05-08T14:40:16","slug":"jugendsummer-2024","status":"publish","type":"page","link":"https:\/\/www.dudelange.lu\/index.php\/jugendsummer-2024\/","title":{"rendered":"Jugendsummer"},"content":{"rendered":"<p>La Ville de Dudelange et la Commission des jeunes, en collaboration avec la Maison des jeunes de Dudelange, organisent la 20\u00e8me \u00e9dition du \u00ab Jugendsummer \u00bb.<\/p>\n<p>Au programme : 25 activit\u00e9s<strong> du 28 juillet au 22 ao\u00fbt 2025<\/strong>\u00a0pour nos jeunes \u00e2g\u00e9\u00b7es de 12 \u00e0 21 ans. On vous attend nombreux\u00b7ses !<\/p>\n<p><strong>Inscription <span style=\"color: #3e3e3e;\">du 2 juin au 4 juillet<\/span><\/strong> uniquement \u00e0 la Maison des jeunes (2 rue du Parc, L-3542 Dudelange) : lundi, mercredi, jeudi et vendredi 11:00-19:00, mardi 14:00-19:00. Paiement en cash ou via Payconiq.<\/p>\n<p>Documents \u00e0 t\u00e9l\u00e9charger:<\/p>\n<ul>\n<li><span style=\"text-decoration: underline;\"><span style=\"color: #ef4030; text-decoration: underline;\"><a style=\"color: #ef4030; text-decoration: underline;\" href=\"https:\/\/sadudelangedata.blob.core.windows.net\/files\/2025\/05\/Jugendsummer2025.pdf\">Brochure (activit\u00e9s) \/ Brosch\u00fcre (Aktivit\u00e4ten)<\/a><\/span><\/span><\/li>\n<li><span style=\"text-decoration: underline;\"><span style=\"color: #ef4030; text-decoration: underline;\"><a style=\"color: #ef4030; text-decoration: underline;\" href=\"https:\/\/sadudelangedata.blob.core.windows.net\/files\/2025\/05\/Formulaire-dinscription-FR.pdf\">Formulaire d&rsquo;inscription (FR)<\/a>\u00a0<\/span><\/span><\/li>\n<li><span style=\"text-decoration: underline;\"><span style=\"color: #ef4030; text-decoration: underline;\"><a style=\"color: #ef4030; text-decoration: underline;\" href=\"https:\/\/sadudelangedata.blob.core.windows.net\/files\/2025\/05\/Anmeldeformular-DE.pdf\">Anmeldeformular (DE)<\/a><\/span><\/span><\/li>\n<li><span style=\"text-decoration: underline;\"><span style=\"color: #ef4030; text-decoration: underline;\"><a style=\"color: #ef4030; text-decoration: underline;\" href=\"https:\/\/sadudelangedata.blob.core.windows.net\/files\/2025\/05\/Jugendsummer2025-infos.pdf\">Infos importantes \/ Wichtige Infos\u00a0<\/a><\/span><\/span><\/li>\n<\/ul>\n<p>&nbsp;<\/p>\n<p><strong>INFOS<\/strong><br \/>\nMaison des jeunes Dudelange<br \/>\nT\u00e9l. 516121-6616<br \/>\n<span style=\"text-decoration: underline;\"><a href=\"mailto:jugendhaus@dudelange.lu\">jugendhaus@dudelange.lu<\/a><\/span><\/p>\n","protected":false},"excerpt":{"rendered":"<p>La Ville de Dudelange et la Commission des jeunes, en [&hellip;]<\/p>\n","protected":false},"author":8,"featured_media":16909,"parent":0,"menu_order":0,"comment_status":"closed","ping_status":"closed","template":"","meta":{"footnotes":""},"class_list":["post-23766","page","type-page","status-publish","has-post-thumbnail","hentry"],"publishpress_future_action":{"enabled":false,"date":"2026-05-07 00:05:54","action":"change-status","newStatus":"draft","terms":[],"taxonomy":"","extraData":[]},"publishpress_future_workflow_manual_trigger":{"enabledWorkflows":[]},"_links":{"self":[{"href":"https:\/\/www.dudelange.lu\/index.php\/wp-json\/wp\/v2\/pages\/23766","targetHints":{"allow":["GET"]}}],"collection":[{"href":"https:\/\/www.dudelange.lu\/index.php\/wp-json\/wp\/v2\/pages"}],"about":[{"href":"https:\/\/www.dudelange.lu\/index.php\/wp-json\/wp\/v2\/types\/page"}],"author":[{"embeddable":true,"href":"https:\/\/www.dudelange.lu\/index.php\/wp-json\/wp\/v2\/users\/8"}],"replies":[{"embeddable":true,"href":"https:\/\/www.dudelange.lu\/index.php\/wp-json\/wp\/v2\/comments?post=23766"}],"version-history":[{"count":4,"href":"https:\/\/www.dudelange.lu\/index.php\/wp-json\/wp\/v2\/pages\/23766\/revisions"}],"predecessor-version":[{"id":27617,"href":"https:\/\/www.dudelange.lu\/index.php\/wp-json\/wp\/v2\/pages\/23766\/revisions\/27617"}],"wp:featuredmedia":[{"embeddable":true,"href":"https:\/\/www.dudelange.lu\/index.php\/wp-json\/wp\/v2\/media\/16909"}],"wp:attachment":[{"href":"https:\/\/www.dudelange.lu\/index.php\/wp-json\/wp\/v2\/media?parent=23766"}],"curies":[{"name":"wp","href":"https:\/\/api.w.org\/{rel}","templated":true}]}}

<p>La Ville de Dudelange et la Commission des jeunes, en collaboration avec la Maison des jeunes de Dudelange, organisent la 20ème édition du « Jugendsummer ».</p>
<p>Au programme : 25 activités<strong> du 28 juillet au 22 août 2025</strong> pour nos jeunes âgé·es de 12 à 21 ans. On vous attend nombreux·ses !</p>
<p><strong>Inscription <span style="color: #3e3e3e;">du 2 juin au 4 juillet</span></strong> uniquement à la Maison des jeunes (2 rue du Parc, L-3542 Dudelange) : lundi, mercredi, jeudi et vendredi 11:00-19:00, mardi 14:00-19:00. Paiement en cash ou via Payconiq.</p>
<p>Documents à télécharger:</p>
<ul>
<li><span style="text-decoration: underline;"><span style="color: #ef4030; text-decoration: underline;"><a style="color: #ef4030; text-decoration: underline;" href="https://sadudelangedata.blob.core.windows.net/files/2025/05/Jugendsummer2025.pdf">Brochure (activités) / Broschüre (Aktivitäten)</a></span></span></li>
<li><span style="text-decoration: underline;"><span style="color: #ef4030; text-decoration: underline;"><a style="color: #ef4030; text-decoration: underline;" href="https://sadudelangedata.blob.core.windows.net/files/2025/05/Formulaire-dinscription-FR.pdf">Formulaire d&rsquo;inscription (FR)</a> </span></span></li>
<li><span style="text-decoration: underline;"><span style="color: #ef4030; text-decoration: underline;"><a style="color: #ef4030; text-decoration: underline;" href="https://sadudelangedata.blob.core.windows.net/files/2025/05/Anmeldeformular-DE.pdf">Anmeldeformular (DE)</a></span></span></li>
<li><span style="text-decoration: underline;"><span style="color: #ef4030; text-decoration: underline;"><a style="color: #ef4030; text-decoration: underline;" href="https://sadudelangedata.blob.core.windows.net/files/2025/05/Jugendsummer2025-infos.pdf">Infos importantes / Wichtige Infos </a></span></span></li>
</ul>
<p>&nbsp;</p>
<p><strong>INFOS</strong><br />
Maison des jeunes Dudelange<br />
Tél. 516121-6616<br />
<span style="text-decoration: underline;"><a href="mailto:jugendhaus@dudelange.lu">jugendhaus@dudelange.lu</a></span></p>
