{"id":23957,"date":"2024-04-22T17:54:01","date_gmt":"2024-04-22T15:54:01","guid":{"rendered":"https:\/\/www.dudelange.lu\/?page_id=23957"},"modified":"2024-04-22T18:09:53","modified_gmt":"2024-04-22T16:09:53","slug":"le-systeme-politique-au-luxembourg","status":"publish","type":"page","link":"https:\/\/www.dudelange.lu\/index.php\/le-systeme-politique-au-luxembourg\/","title":{"rendered":"Le syst\u00e8me politique au Luxembourg"},"content":{"rendered":"<p><span style=\"text-decoration: underline;\"><strong>LE SYST\u00c8ME POLITIQUE AU LUXEMBOURG<\/strong><\/span><\/p>\n<p>L\u2019\u00c9tat luxembourgeois est une d\u00e9mocratie repr\u00e9sentative sous la forme d\u2019une monarchie constitutionnelle.<\/p>\n<p><strong>Qu\u2019est-ce qu\u2019une d\u00e9mocratie repr\u00e9sentative ?<\/strong><br \/>\nLe peuple \u00e9lit directement ses repr\u00e9sentants, les d\u00e9put\u00e9s, r\u00e9unis \u00e0 la chambre des D\u00e9put\u00e9s. Il s\u2019agit donc du suffrage universel direct.<\/p>\n<p><strong>Qu\u2019est-ce qu\u2019une monarchie constitutionnelle ?<\/strong><br \/>\nIl s\u2019agit d\u2019un type de r\u00e9gime politique qui reconna\u00eet un monarque \u00e9lu ou h\u00e9r\u00e9ditaire \u2013 comme dans le cas du Luxembourg &#8211; comme chef de l&rsquo;\u00c9tat, mais o\u00f9 une constitution limite ses pouvoirs.<\/p>\n<p><strong>Les diff\u00e9rents pouvoirs<\/strong><br \/>\nDans une d\u00e9mocratie, les pouvoirs sont distincts est ind\u00e9pendants.<\/p>\n<ul>\n<li>Le pouvoir ex\u00e9cutif\u00a0: le Grand-Duc est le chef de l\u2019\u00c9tat.\u00a0Le pouvoir du Grand-Duc est limit\u00e9 par la constitution. Le chef de l\u2019\u00c9tat ne peut agir sans l\u2019aval du gouvernement. En pratique, le gouvernement (ministres et secr\u00e9taires d\u2019Etat) exerce le pouvoir ex\u00e9cutif. Il est en charge des affaires courantes de l\u2019\u00c9tat et du pays.<\/li>\n<li>Le pouvoir l\u00e9gislatif : la Chambre des D\u00e9put\u00e9s (= le Parlement ; 60 d\u00e9put\u00e9s) &gt; \u00e9lection \u00e0 la proportionnelle tous les 5 ans. Vote les lois.<\/li>\n<li>Le pouvoir judiciaire : le pouvoir judiciaire appartient aux cours et tribunaux et sont ind\u00e9pendants dans l\u2019exercice de leurs fonctions.<\/li>\n<\/ul>\n<p>&nbsp;<\/p>\n<p><strong><span style=\"text-decoration: underline;\">LES \u00c9LECTIONS<\/span><\/strong><br \/>\nLes \u00e9lections au Luxembourg se font sur la base d\u2019un seul tour de vote, \u00e0 bulletin secret.\u00a0A la fin du vote, si aucun parti n\u2019a obtenu la majorit\u00e9 absolue pour former un gouvernement, les diff\u00e9rents partis se r\u00e9unissent pour n\u00e9gocier. Ils forment alors un\u00a0gouvernement ou un conseil communal de coalition.\u00a0Un programme sera d\u00e9fini en commun et les postes seront r\u00e9partis entre les diff\u00e9rents partis politiques.<\/p>\n<p><strong>Les partis politiques<\/strong><br \/>\nD\u2019apr\u00e8s la constitution, \u00ab les partis politiques concourent \u00e0 la formation de la volont\u00e9 populaire et \u00e0 l&rsquo;expression du suffrage universel. Ils expriment le pluralisme d\u00e9mocratique. \u00bb\u00a0Le Luxembourg dispose d\u2019un certain nombre de partis politiques repr\u00e9sentatifs des grands courants de pens\u00e9e et dont la plupart sont pr\u00e9sents \u00e0 la Chambre des D\u00e9put\u00e9s.\u00a0Dans les d\u00e9mocraties europ\u00e9ennes, il est rare qu\u2019un seul parti politique d\u00e9tienne la majorit\u00e9 absolue au parlement. Il se constitue alors une coalition (alliance entre deux ou trois partis), destin\u00e9e \u00e0 former un gouvernement. C\u2019est le cas du Luxembourg depuis les ann\u00e9es 1930.<\/p>\n<p><strong>Plus d&rsquo;infos:<\/strong><\/p>\n<ul>\n<li><span style=\"text-decoration: underline;\"><span style=\"color: #ef4030; text-decoration: underline;\"><a style=\"color: #ef4030; text-decoration: underline;\" href=\"https:\/\/www.dudelange.lu\/index.php\/les-elections-communales\/\" target=\"_blank\" rel=\"noopener\">Les \u00e9lections communales<\/a><\/span><\/span> <span style=\"color: #ef4030;\"><img decoding=\"async\" class=\"lazyload \" src=\"data:image\/svg+xml,%3Csvg%20xmlns%3D%27http%3A%2F%2Fwww.w3.org%2F2000%2Fsvg%27%20width%3D%2723%27%20height%3D%2723%27%20viewBox%3D%270%200%2023%2023%27%3E%3Crect%20width%3D%2723%27%20height%3D%2723%27%20fill-opacity%3D%220%22%2F%3E%3C%2Fsvg%3E\" data-orig-src=\"https:\/\/cdn-icons-png.flaticon.com\/512\/329\/329980.png\" width=\"23\" height=\"23\" \/> <img decoding=\"async\" class=\"lazyload \" src=\"data:image\/svg+xml,%3Csvg%20xmlns%3D%27http%3A%2F%2Fwww.w3.org%2F2000%2Fsvg%27%20width%3D%2723%27%20height%3D%2723%27%20viewBox%3D%270%200%2023%2023%27%3E%3Crect%20width%3D%2723%27%20height%3D%2723%27%20fill-opacity%3D%220%22%2F%3E%3C%2Fsvg%3E\" data-orig-src=\"https:\/\/cdn-icons-png.flaticon.com\/512\/329\/329985.png\" alt=\"Germany free icon\" width=\"23\" height=\"23\" \/>\u00a0<\/span><span style=\"color: #ef4030;\"><img decoding=\"async\" class=\"lazyload \" src=\"data:image\/svg+xml,%3Csvg%20xmlns%3D%27http%3A%2F%2Fwww.w3.org%2F2000%2Fsvg%27%20width%3D%2723%27%20height%3D%2723%27%20viewBox%3D%270%200%2023%2023%27%3E%3Crect%20width%3D%2723%27%20height%3D%2723%27%20fill-opacity%3D%220%22%2F%3E%3C%2Fsvg%3E\" data-orig-src=\"https:\/\/cdn-icons-png.flaticon.com\/512\/330\/330146.png\" alt=\"United kingdom free icon\" width=\"23\" height=\"23\" \/> <img decoding=\"async\" class=\"lazyload \" src=\"data:image\/svg+xml,%3Csvg%20xmlns%3D%27http%3A%2F%2Fwww.w3.org%2F2000%2Fsvg%27%20width%3D%2723%27%20height%3D%2723%27%20viewBox%3D%270%200%2023%2023%27%3E%3Crect%20width%3D%2723%27%20height%3D%2723%27%20fill-opacity%3D%220%22%2F%3E%3C%2Fsvg%3E\" data-orig-src=\"https:\/\/cdn-icons-png.flaticon.com\/512\/330\/330079.png\" width=\"23\" height=\"23\" \/><\/span><\/li>\n<li><span style=\"text-decoration: underline;\"><span style=\"color: #ef4030; text-decoration: underline;\"><a style=\"color: #ef4030; text-decoration: underline;\" href=\"https:\/\/www.dudelange.lu\/index.php\/les-elections-legislatives\/\" target=\"_blank\" rel=\"noopener\">Les \u00e9lections l\u00e9gislatives<\/a><\/span><\/span> <img decoding=\"async\" class=\"lazyload \" src=\"data:image\/svg+xml,%3Csvg%20xmlns%3D%27http%3A%2F%2Fwww.w3.org%2F2000%2Fsvg%27%20width%3D%2723%27%20height%3D%2723%27%20viewBox%3D%270%200%2023%2023%27%3E%3Crect%20width%3D%2723%27%20height%3D%2723%27%20fill-opacity%3D%220%22%2F%3E%3C%2Fsvg%3E\" data-orig-src=\"https:\/\/cdn-icons-png.flaticon.com\/512\/329\/329980.png\" width=\"23\" height=\"23\" \/> <img decoding=\"async\" class=\"lazyload \" src=\"data:image\/svg+xml,%3Csvg%20xmlns%3D%27http%3A%2F%2Fwww.w3.org%2F2000%2Fsvg%27%20width%3D%2723%27%20height%3D%2723%27%20viewBox%3D%270%200%2023%2023%27%3E%3Crect%20width%3D%2723%27%20height%3D%2723%27%20fill-opacity%3D%220%22%2F%3E%3C%2Fsvg%3E\" data-orig-src=\"https:\/\/cdn-icons-png.flaticon.com\/512\/329\/329985.png\" alt=\"Germany free icon\" width=\"23\" height=\"23\" \/><\/li>\n<li><span style=\"text-decoration: underline; color: #ef4030;\"><a style=\"color: #ef4030; text-decoration: underline;\" href=\"https:\/\/www.dudelange.lu\/index.php\/les-elections-europeennes\/\" target=\"_blank\" rel=\"noopener\">Les \u00e9lections europ\u00e9ennes<\/a><\/span> <img decoding=\"async\" class=\"lazyload \" src=\"data:image\/svg+xml,%3Csvg%20xmlns%3D%27http%3A%2F%2Fwww.w3.org%2F2000%2Fsvg%27%20width%3D%2723%27%20height%3D%2723%27%20viewBox%3D%270%200%2023%2023%27%3E%3Crect%20width%3D%2723%27%20height%3D%2723%27%20fill-opacity%3D%220%22%2F%3E%3C%2Fsvg%3E\" data-orig-src=\"https:\/\/cdn-icons-png.flaticon.com\/512\/329\/329980.png\" width=\"23\" height=\"23\" \/> <img decoding=\"async\" class=\"lazyload \" src=\"data:image\/svg+xml,%3Csvg%20xmlns%3D%27http%3A%2F%2Fwww.w3.org%2F2000%2Fsvg%27%20width%3D%2723%27%20height%3D%2723%27%20viewBox%3D%270%200%2023%2023%27%3E%3Crect%20width%3D%2723%27%20height%3D%2723%27%20fill-opacity%3D%220%22%2F%3E%3C%2Fsvg%3E\" data-orig-src=\"https:\/\/cdn-icons-png.flaticon.com\/512\/329\/329985.png\" alt=\"Germany free icon\" width=\"23\" height=\"23\" \/>\u00a0<img decoding=\"async\" class=\"lazyload \" src=\"data:image\/svg+xml,%3Csvg%20xmlns%3D%27http%3A%2F%2Fwww.w3.org%2F2000%2Fsvg%27%20width%3D%2723%27%20height%3D%2723%27%20viewBox%3D%270%200%2023%2023%27%3E%3Crect%20width%3D%2723%27%20height%3D%2723%27%20fill-opacity%3D%220%22%2F%3E%3C%2Fsvg%3E\" data-orig-src=\"https:\/\/cdn-icons-png.flaticon.com\/512\/330\/330146.png\" alt=\"United kingdom free icon\" width=\"23\" height=\"23\" \/>\u00a0<img decoding=\"async\" class=\"lazyload \" src=\"data:image\/svg+xml,%3Csvg%20xmlns%3D%27http%3A%2F%2Fwww.w3.org%2F2000%2Fsvg%27%20width%3D%2723%27%20height%3D%2723%27%20viewBox%3D%270%200%2023%2023%27%3E%3Crect%20width%3D%2723%27%20height%3D%2723%27%20fill-opacity%3D%220%22%2F%3E%3C%2Fsvg%3E\" data-orig-src=\"https:\/\/cdn-icons-png.flaticon.com\/512\/330\/330079.png\" width=\"23\" height=\"23\" \/><\/li>\n<\/ul>\n<p>&nbsp;<\/p>\n<p><strong>Comment voter correctement? &#8211; Wie w\u00e4hle ich richtig?<\/strong><\/p>\n<div style=\"width: 1370px;\" class=\"wp-video\"><video class=\"wp-video-shortcode\" id=\"video-23957-1\" width=\"1370\" height=\"771\" preload=\"metadata\" controls=\"controls\"><source type=\"video\/mp4\" src=\"https:\/\/sadudelangedata.blob.core.windows.net\/files\/2023\/01\/Commission-dIntegration-Ville-de-Dudelange-HD.mp4?_=1\" \/><a href=\"https:\/\/sadudelangedata.blob.core.windows.net\/files\/2023\/01\/Commission-dIntegration-Ville-de-Dudelange-HD.mp4\">https:\/\/sadudelangedata.blob.core.windows.net\/files\/2023\/01\/Commission-dIntegration-Ville-de-Dudelange-HD.mp4<\/a><\/video><\/div>\n","protected":false},"excerpt":{"rendered":"<p>LE SYST\u00c8ME POLITIQUE AU LUXEMBOURG L\u2019\u00c9tat luxembourgeois est une d\u00e9mocratie [&hellip;]<\/p>\n","protected":false},"author":8,"featured_media":19683,"parent":0,"menu_order":0,"comment_status":"closed","ping_status":"closed","template":"","meta":{"footnotes":""},"class_list":["post-23957","page","type-page","status-publish","has-post-thumbnail","hentry"],"publishpress_future_action":{"enabled":false,"date":"2026-05-10 06:07:17","action":"change-status","newStatus":"draft","terms":[],"taxonomy":"","extraData":[]},"publishpress_future_workflow_manual_trigger":{"enabledWorkflows":[]},"_links":{"self":[{"href":"https:\/\/www.dudelange.lu\/index.php\/wp-json\/wp\/v2\/pages\/23957","targetHints":{"allow":["GET"]}}],"collection":[{"href":"https:\/\/www.dudelange.lu\/index.php\/wp-json\/wp\/v2\/pages"}],"about":[{"href":"https:\/\/www.dudelange.lu\/index.php\/wp-json\/wp\/v2\/types\/page"}],"author":[{"embeddable":true,"href":"https:\/\/www.dudelange.lu\/index.php\/wp-json\/wp\/v2\/users\/8"}],"replies":[{"embeddable":true,"href":"https:\/\/www.dudelange.lu\/index.php\/wp-json\/wp\/v2\/comments?post=23957"}],"version-history":[{"count":3,"href":"https:\/\/www.dudelange.lu\/index.php\/wp-json\/wp\/v2\/pages\/23957\/revisions"}],"predecessor-version":[{"id":23980,"href":"https:\/\/www.dudelange.lu\/index.php\/wp-json\/wp\/v2\/pages\/23957\/revisions\/23980"}],"wp:featuredmedia":[{"embeddable":true,"href":"https:\/\/www.dudelange.lu\/index.php\/wp-json\/wp\/v2\/media\/19683"}],"wp:attachment":[{"href":"https:\/\/www.dudelange.lu\/index.php\/wp-json\/wp\/v2\/media?parent=23957"}],"curies":[{"name":"wp","href":"https:\/\/api.w.org\/{rel}","templated":true}]}}